{"id":2269,"date":"2016-06-13T06:27:02","date_gmt":"2016-06-13T06:27:02","guid":{"rendered":"http:\/\/avvdelicias.org\/?page_id=2269"},"modified":"2016-06-13T06:27:02","modified_gmt":"2016-06-13T06:27:02","slug":"el-jardin-vertical-se-reivindica-como-equipamiento-cultural","status":"publish","type":"page","link":"https:\/\/avvdelicias.org\/?page_id=2269","title":{"rendered":"El Jard\u00edn Vertical se reivindica como equipamiento cultural"},"content":{"rendered":"<p>El Jard\u00edn Vertical de Delicias <i>renaci\u00f3<\/i> el pasado mes de mayo gracias a unas jornadas sobre el pintor El Bosco organizadas por la Asociaci\u00f3n de Vecinos <i>Manuel Viola<\/i>.\u00a0 Las Jornadas arrancaron el 17 de mayo con una conferencia del profesor Ferm\u00edn Ledesma en la sede de la Asociaci\u00f3n. Aunque el acto m\u00e1s espectacular tuvo lugar al d\u00eda siguiente. El Jard\u00edn Vertical fue escenario de una exposici\u00f3n de cuadros sobre El Bosco pintados por alumnos de la Universidad Popular de Zaragoza. Las obras de arte se basaron, precisamente, en el cuadro <i>El Jard\u00edn de las Delicias<\/i>, de El Bosco.<\/p>\n<p>&nbsp;<\/p>\n<div id=\"attachment_2271\" style=\"width: 235px\" class=\"wp-caption alignnone\"><a href=\"http:\/\/avvdelicias.org\/wp-content\/uploads\/2016\/06\/P5180152-1.jpg\"><img aria-describedby=\"caption-attachment-2271\" decoding=\"async\" loading=\"lazy\" class=\"size-medium wp-image-2271\" src=\"http:\/\/avvdelicias.org\/wp-content\/uploads\/2016\/06\/P5180152-1-225x300.jpg\" alt=\"OLYMPUS DIGITAL CAMERA\" width=\"225\" height=\"300\" srcset=\"https:\/\/avvdelicias.org\/wp-content\/uploads\/2016\/06\/P5180152-1-225x300.jpg 225w, https:\/\/avvdelicias.org\/wp-content\/uploads\/2016\/06\/P5180152-1-768x1024.jpg 768w, https:\/\/avvdelicias.org\/wp-content\/uploads\/2016\/06\/P5180152-1-1080x1440.jpg 1080w\" sizes=\"(max-width: 225px) 100vw, 225px\" \/><\/a><p id=\"caption-attachment-2271\" class=\"wp-caption-text\">OLYMPUS DIGITAL CAMERA<\/p><\/div>\n<p>Tambi\u00e9n hubo un espect\u00e1culo de danza y m\u00fasica realizado por la Asociaci\u00f3n Profesional Aragonesa de Danzaterapia, y la Escuela de Danza Integral, en colaboraci\u00f3n con otros artistas y m\u00fasicos. El espect\u00e1culo, dise\u00f1ado especialmente para el jard\u00edn vertical de las Delicias, form\u00f3 parte de un v\u00eddeo-danza para el festival Ecozine.<\/p>\n<div id=\"attachment_2272\" style=\"width: 310px\" class=\"wp-caption alignnone\"><a href=\"http:\/\/avvdelicias.org\/wp-content\/uploads\/2016\/06\/P5180067.jpg\"><img aria-describedby=\"caption-attachment-2272\" decoding=\"async\" loading=\"lazy\" class=\"size-medium wp-image-2272\" src=\"http:\/\/avvdelicias.org\/wp-content\/uploads\/2016\/06\/P5180067-300x225.jpg\" alt=\"OLYMPUS DIGITAL CAMERA\" width=\"300\" height=\"225\" srcset=\"https:\/\/avvdelicias.org\/wp-content\/uploads\/2016\/06\/P5180067-300x225.jpg 300w, https:\/\/avvdelicias.org\/wp-content\/uploads\/2016\/06\/P5180067-768x576.jpg 768w, https:\/\/avvdelicias.org\/wp-content\/uploads\/2016\/06\/P5180067-1024x768.jpg 1024w, https:\/\/avvdelicias.org\/wp-content\/uploads\/2016\/06\/P5180067-510x382.jpg 510w, https:\/\/avvdelicias.org\/wp-content\/uploads\/2016\/06\/P5180067-1080x810.jpg 1080w\" sizes=\"(max-width: 300px) 100vw, 300px\" \/><\/a><p id=\"caption-attachment-2272\" class=\"wp-caption-text\">OLYMPUS DIGITAL CAMERA<\/p><\/div>\n<p>A lo largo de dos d\u00edas, gracias a esta\u00a0 iniciativa, que cont\u00f3 con la asistencia de numerosos vecinos, el Jard\u00edn Vertical\u00a0 sali\u00f3 del letargo al que ha sido sometido por el Ayuntamiento desde que fue inaugurado en las ya lejanas fechas de la Expo<\/p>\n<div id=\"attachment_2273\" style=\"width: 310px\" class=\"wp-caption alignnone\"><a href=\"http:\/\/avvdelicias.org\/wp-content\/uploads\/2016\/06\/P5180122.jpg\"><img aria-describedby=\"caption-attachment-2273\" decoding=\"async\" loading=\"lazy\" class=\"size-medium wp-image-2273\" src=\"http:\/\/avvdelicias.org\/wp-content\/uploads\/2016\/06\/P5180122-300x225.jpg\" alt=\"OLYMPUS DIGITAL CAMERA\" width=\"300\" height=\"225\" srcset=\"https:\/\/avvdelicias.org\/wp-content\/uploads\/2016\/06\/P5180122-300x225.jpg 300w, https:\/\/avvdelicias.org\/wp-content\/uploads\/2016\/06\/P5180122-768x576.jpg 768w, https:\/\/avvdelicias.org\/wp-content\/uploads\/2016\/06\/P5180122-1024x768.jpg 1024w, https:\/\/avvdelicias.org\/wp-content\/uploads\/2016\/06\/P5180122-510x382.jpg 510w, https:\/\/avvdelicias.org\/wp-content\/uploads\/2016\/06\/P5180122-1080x810.jpg 1080w\" sizes=\"(max-width: 300px) 100vw, 300px\" \/><\/a><p id=\"caption-attachment-2273\" class=\"wp-caption-text\">OLYMPUS DIGITAL CAMERA<\/p><\/div>\n<p>.<\/p>\n<p>Estas jornadas, adem\u00e1s de servir para recordar el V Centenario de la muerte de El Bosco, lograron\u00a0dar vida a cada rinc\u00f3n de este equipamiento emblem\u00e1tico del barrio. Una infraestructura que tiene innumerables posibilidades de uso como espacio cultural para Delicias, pero que hoy en d\u00eda sufre el m\u00e1s absoluto abandono municipal. Por falta de mantenimiento y de seguridad, permanece cerrada al p\u00fablico.<\/p>\n<div id=\"attachment_2274\" style=\"width: 310px\" class=\"wp-caption alignnone\"><a href=\"http:\/\/avvdelicias.org\/wp-content\/uploads\/2016\/06\/P5180146.jpg\"><img aria-describedby=\"caption-attachment-2274\" decoding=\"async\" loading=\"lazy\" class=\"size-medium wp-image-2274\" src=\"http:\/\/avvdelicias.org\/wp-content\/uploads\/2016\/06\/P5180146-300x225.jpg\" alt=\"OLYMPUS DIGITAL CAMERA\" width=\"300\" height=\"225\" srcset=\"https:\/\/avvdelicias.org\/wp-content\/uploads\/2016\/06\/P5180146-300x225.jpg 300w, https:\/\/avvdelicias.org\/wp-content\/uploads\/2016\/06\/P5180146-768x576.jpg 768w, https:\/\/avvdelicias.org\/wp-content\/uploads\/2016\/06\/P5180146-1024x768.jpg 1024w, https:\/\/avvdelicias.org\/wp-content\/uploads\/2016\/06\/P5180146-510x382.jpg 510w, https:\/\/avvdelicias.org\/wp-content\/uploads\/2016\/06\/P5180146-1080x810.jpg 1080w\" sizes=\"(max-width: 300px) 100vw, 300px\" \/><\/a><p id=\"caption-attachment-2274\" class=\"wp-caption-text\">OLYMPUS DIGITAL CAMERA<\/p><\/div>\n<div id=\"attachment_2275\" style=\"width: 310px\" class=\"wp-caption alignnone\"><a href=\"http:\/\/avvdelicias.org\/wp-content\/uploads\/2016\/06\/P5180151.jpg\"><img aria-describedby=\"caption-attachment-2275\" decoding=\"async\" loading=\"lazy\" class=\"size-medium wp-image-2275\" src=\"http:\/\/avvdelicias.org\/wp-content\/uploads\/2016\/06\/P5180151-300x225.jpg\" alt=\"OLYMPUS DIGITAL CAMERA\" width=\"300\" height=\"225\" srcset=\"https:\/\/avvdelicias.org\/wp-content\/uploads\/2016\/06\/P5180151-300x225.jpg 300w, https:\/\/avvdelicias.org\/wp-content\/uploads\/2016\/06\/P5180151-768x576.jpg 768w, https:\/\/avvdelicias.org\/wp-content\/uploads\/2016\/06\/P5180151-1024x768.jpg 1024w, https:\/\/avvdelicias.org\/wp-content\/uploads\/2016\/06\/P5180151-510x382.jpg 510w, https:\/\/avvdelicias.org\/wp-content\/uploads\/2016\/06\/P5180151-1080x810.jpg 1080w\" sizes=\"(max-width: 300px) 100vw, 300px\" \/><\/a><p id=\"caption-attachment-2275\" class=\"wp-caption-text\">OLYMPUS DIGITAL CAMERA<\/p><\/div>\n<p>&nbsp;<\/p>\n","protected":false},"excerpt":{"rendered":"<p>El Jard\u00edn Vertical de Delicias renaci\u00f3 el pasado mes de mayo gracias a unas jornadas sobre el pintor El Bosco organizadas por la Asociaci\u00f3n de Vecinos Manuel Viola.\u00a0 Las Jornadas arrancaron el 17 de mayo con una conferencia del profesor Ferm\u00edn Ledesma en la sede de la Asociaci\u00f3n. Aunque el acto m\u00e1s espectacular tuvo lugar [&hellip;]<\/p>\n","protected":false},"author":3,"featured_media":2271,"parent":0,"menu_order":0,"comment_status":"closed","ping_status":"closed","template":"","meta":{"_et_pb_use_builder":"","_et_pb_old_content":"","_et_gb_content_width":""},"_links":{"self":[{"href":"https:\/\/avvdelicias.org\/index.php?rest_route=\/wp\/v2\/pages\/2269"}],"collection":[{"href":"https:\/\/avvdelicias.org\/index.php?rest_route=\/wp\/v2\/pages"}],"about":[{"href":"https:\/\/avvdelicias.org\/index.php?rest_route=\/wp\/v2\/types\/page"}],"author":[{"embeddable":true,"href":"https:\/\/avvdelicias.org\/index.php?rest_route=\/wp\/v2\/users\/3"}],"replies":[{"embeddable":true,"href":"https:\/\/avvdelicias.org\/index.php?rest_route=%2Fwp%2Fv2%2Fcomments&post=2269"}],"version-history":[{"count":1,"href":"https:\/\/avvdelicias.org\/index.php?rest_route=\/wp\/v2\/pages\/2269\/revisions"}],"predecessor-version":[{"id":2276,"href":"https:\/\/avvdelicias.org\/index.php?rest_route=\/wp\/v2\/pages\/2269\/revisions\/2276"}],"wp:featuredmedia":[{"embeddable":true,"href":"https:\/\/avvdelicias.org\/index.php?rest_route=\/wp\/v2\/media\/2271"}],"wp:attachment":[{"href":"https:\/\/avvdelicias.org\/index.php?rest_route=%2Fwp%2Fv2%2Fmedia&parent=2269"}],"curies":[{"name":"wp","href":"https:\/\/api.w.org\/{rel}","templated":true}]}}

El Jardín Vertical se reivindica como equipamiento cultural

<p>El Jardín Vertical de Delicias <i>renació</i> el pasado mes de mayo gracias a unas jornadas sobre el pintor El Bosco organizadas por la Asociación de Vecinos <i>Manuel Viola</i>.  Las Jornadas arrancaron el 17 de mayo con una conferencia del profesor Fermín Ledesma en la sede de la Asociación. Aunque el acto más espectacular tuvo lugar al día siguiente. El Jardín Vertical fue escenario de una exposición de cuadros sobre El Bosco pintados por alumnos de la Universidad Popular de Zaragoza. Las obras de arte se basaron, precisamente, en el cuadro <i>El Jardín de las Delicias</i>, de El Bosco.</p>
<p>&nbsp;</p>
<div id="attachment_2271" style="width: 235px" class="wp-caption alignnone"><a href="http://avvdelicias.org/wp-content/uploads/2016/06/P5180152-1.jpg"><img aria-describedby="caption-attachment-2271" decoding="async" loading="lazy" class="size-medium wp-image-2271" src="http://avvdelicias.org/wp-content/uploads/2016/06/P5180152-1-225x300.jpg" alt="OLYMPUS DIGITAL CAMERA" width="225" height="300" srcset="https://avvdelicias.org/wp-content/uploads/2016/06/P5180152-1-225x300.jpg 225w, https://avvdelicias.org/wp-content/uploads/2016/06/P5180152-1-768x1024.jpg 768w, https://avvdelicias.org/wp-content/uploads/2016/06/P5180152-1-1080x1440.jpg 1080w" sizes="(max-width: 225px) 100vw, 225px" /></a><p id="caption-attachment-2271" class="wp-caption-text">OLYMPUS DIGITAL CAMERA</p></div>
<p>También hubo un espectáculo de danza y música realizado por la Asociación Profesional Aragonesa de Danzaterapia, y la Escuela de Danza Integral, en colaboración con otros artistas y músicos. El espectáculo, diseñado especialmente para el jardín vertical de las Delicias, formó parte de un vídeo-danza para el festival Ecozine.</p>
<div id="attachment_2272" style="width: 310px" class="wp-caption alignnone"><a href="http://avvdelicias.org/wp-content/uploads/2016/06/P5180067.jpg"><img aria-describedby="caption-attachment-2272" decoding="async" loading="lazy" class="size-medium wp-image-2272" src="http://avvdelicias.org/wp-content/uploads/2016/06/P5180067-300x225.jpg" alt="OLYMPUS DIGITAL CAMERA" width="300" height="225" srcset="https://avvdelicias.org/wp-content/uploads/2016/06/P5180067-300x225.jpg 300w, https://avvdelicias.org/wp-content/uploads/2016/06/P5180067-768x576.jpg 768w, https://avvdelicias.org/wp-content/uploads/2016/06/P5180067-1024x768.jpg 1024w, https://avvdelicias.org/wp-content/uploads/2016/06/P5180067-510x382.jpg 510w, https://avvdelicias.org/wp-content/uploads/2016/06/P5180067-1080x810.jpg 1080w" sizes="(max-width: 300px) 100vw, 300px" /></a><p id="caption-attachment-2272" class="wp-caption-text">OLYMPUS DIGITAL CAMERA</p></div>
<p>A lo largo de dos días, gracias a esta  iniciativa, que contó con la asistencia de numerosos vecinos, el Jardín Vertical  salió del letargo al que ha sido sometido por el Ayuntamiento desde que fue inaugurado en las ya lejanas fechas de la Expo</p>
<div id="attachment_2273" style="width: 310px" class="wp-caption alignnone"><a href="http://avvdelicias.org/wp-content/uploads/2016/06/P5180122.jpg"><img aria-describedby="caption-attachment-2273" decoding="async" loading="lazy" class="size-medium wp-image-2273" src="http://avvdelicias.org/wp-content/uploads/2016/06/P5180122-300x225.jpg" alt="OLYMPUS DIGITAL CAMERA" width="300" height="225" srcset="https://avvdelicias.org/wp-content/uploads/2016/06/P5180122-300x225.jpg 300w, https://avvdelicias.org/wp-content/uploads/2016/06/P5180122-768x576.jpg 768w, https://avvdelicias.org/wp-content/uploads/2016/06/P5180122-1024x768.jpg 1024w, https://avvdelicias.org/wp-content/uploads/2016/06/P5180122-510x382.jpg 510w, https://avvdelicias.org/wp-content/uploads/2016/06/P5180122-1080x810.jpg 1080w" sizes="(max-width: 300px) 100vw, 300px" /></a><p id="caption-attachment-2273" class="wp-caption-text">OLYMPUS DIGITAL CAMERA</p></div>
<p>.</p>
<p>Estas jornadas, además de servir para recordar el V Centenario de la muerte de El Bosco, lograron dar vida a cada rincón de este equipamiento emblemático del barrio. Una infraestructura que tiene innumerables posibilidades de uso como espacio cultural para Delicias, pero que hoy en día sufre el más absoluto abandono municipal. Por falta de mantenimiento y de seguridad, permanece cerrada al público.</p>
<div id="attachment_2274" style="width: 310px" class="wp-caption alignnone"><a href="http://avvdelicias.org/wp-content/uploads/2016/06/P5180146.jpg"><img aria-describedby="caption-attachment-2274" decoding="async" loading="lazy" class="size-medium wp-image-2274" src="http://avvdelicias.org/wp-content/uploads/2016/06/P5180146-300x225.jpg" alt="OLYMPUS DIGITAL CAMERA" width="300" height="225" srcset="https://avvdelicias.org/wp-content/uploads/2016/06/P5180146-300x225.jpg 300w, https://avvdelicias.org/wp-content/uploads/2016/06/P5180146-768x576.jpg 768w, https://avvdelicias.org/wp-content/uploads/2016/06/P5180146-1024x768.jpg 1024w, https://avvdelicias.org/wp-content/uploads/2016/06/P5180146-510x382.jpg 510w, https://avvdelicias.org/wp-content/uploads/2016/06/P5180146-1080x810.jpg 1080w" sizes="(max-width: 300px) 100vw, 300px" /></a><p id="caption-attachment-2274" class="wp-caption-text">OLYMPUS DIGITAL CAMERA</p></div>
<div id="attachment_2275" style="width: 310px" class="wp-caption alignnone"><a href="http://avvdelicias.org/wp-content/uploads/2016/06/P5180151.jpg"><img aria-describedby="caption-attachment-2275" decoding="async" loading="lazy" class="size-medium wp-image-2275" src="http://avvdelicias.org/wp-content/uploads/2016/06/P5180151-300x225.jpg" alt="OLYMPUS DIGITAL CAMERA" width="300" height="225" srcset="https://avvdelicias.org/wp-content/uploads/2016/06/P5180151-300x225.jpg 300w, https://avvdelicias.org/wp-content/uploads/2016/06/P5180151-768x576.jpg 768w, https://avvdelicias.org/wp-content/uploads/2016/06/P5180151-1024x768.jpg 1024w, https://avvdelicias.org/wp-content/uploads/2016/06/P5180151-510x382.jpg 510w, https://avvdelicias.org/wp-content/uploads/2016/06/P5180151-1080x810.jpg 1080w" sizes="(max-width: 300px) 100vw, 300px" /></a><p id="caption-attachment-2275" class="wp-caption-text">OLYMPUS DIGITAL CAMERA</p></div>
<p>&nbsp;</p>

<p>El Jardín Vertical de Delicias renació el pasado mes de mayo gracias a unas jornadas sobre el pintor El Bosco organizadas por la Asociación de Vecinos Manuel Viola.  Las Jornadas arrancaron el 17 de mayo con una conferencia del profesor Fermín Ledesma en la sede de la Asociación. Aunque el acto más espectacular tuvo lugar [&hellip;]</p>
