{"id":3149,"date":"2018-12-18T13:56:46","date_gmt":"2018-12-18T13:56:46","guid":{"rendered":"http:\/\/avvdelicias.org\/?page_id=3149"},"modified":"2025-02-21T11:57:18","modified_gmt":"2025-02-21T11:57:18","slug":"aqui","status":"publish","type":"page","link":"https:\/\/avvdelicias.org\/?page_id=3149","title":{"rendered":"aqu\u00ed"},"content":{"rendered":"<p>[et_pb_section fb_built=\u00bb1&#8243; admin_label=\u00bbsection\u00bb _builder_version=\u00bb3.22&#8243;][et_pb_row admin_label=\u00bbrow\u00bb _builder_version=\u00bb3.25&#8243; background_size=\u00bbinitial\u00bb background_position=\u00bbtop_left\u00bb background_repeat=\u00bbrepeat\u00bb][et_pb_column type=\u00bb4_4&#8243; _builder_version=\u00bb3.25&#8243; custom_padding=\u00bb|||\u00bb custom_padding__hover=\u00bb|||\u00bb][et_pb_text admin_label=\u00bbText\u00bb _builder_version=\u00bb3.27.4&#8243; background_size=\u00bbinitial\u00bb background_position=\u00bbtop_left\u00bb background_repeat=\u00bbrepeat\u00bb]<\/p>\n<p><strong>Informaci\u00f3n adicional y detallada sobre el uso de sus datos de car\u00e1cter personal<\/strong><\/p>\n<ol>\n<li><strong> RESPONSABLES DE TRATAMIENTO<\/strong><\/li>\n<\/ol>\n<p><em>\u00bfQui\u00e9nes es el responsable del tratamiento?<\/em><\/p>\n<p>El responsable de tratamiento es la ASOCIACI\u00d3N VECINAL DELICIAS \u201cMANUEL VIOLA\u201d. (con CIF G50369404 y direcci\u00f3n postal en C\/ DELICIAS N\u00ba 44 &#8211; 50017 ZARAGOZA).<\/p>\n<p><em>\u00a0<\/em><\/p>\n<ol start=\"2\">\n<li><strong> FINALIDAD DEL TRATAMIENTO Y LEGITIMACI\u00d3N<\/strong><\/li>\n<\/ol>\n<p><em>\u00bfCu\u00e1l es la finalidad del tratamiento de datos?<\/em><\/p>\n<p>En la ASOCIACI\u00d3N VECINAL DELICIAS \u201cMANUEL VIOLA\u201d tratamos los datos recabados por este formulario para la gesti\u00f3n de las consultas realizadas y atender sus posibles solicitudes.<\/p>\n<p>El interesado ser\u00e1 el \u00fanico responsable a causa de la cumplimentaci\u00f3n de los formularios con datos falsos, inexactos, incompletos o no actualizados.<\/p>\n<p><em>\u00bfCu\u00e1l es la base de legitimaci\u00f3n del tratamiento?<\/em><\/p>\n<p>El tratamiento de sus datos est\u00e1 basado en su consentimiento, que otorga al facilitar los datos que se solicitan, rellenando y enviando el presente formulario y al marcar la casilla aceptando este aviso de privacidad.<\/p>\n<p><em>\u00bfSer\u00e1 necesario que nos facilite todos sus datos? \u00bfQu\u00e9 suceder\u00e1 si no nos los facilita?<\/em><\/p>\n<p>S\u00ed, ser\u00e1 necesario que nos facilite todos los datos personales solicitados en el formulario. En caso que no nos facilite los datos solicitados, no podremos atender debidamente su solicitud.<\/p>\n<p><em>\u00bfRealizaremos decisiones individualizadas automatizadas y\/o elaboraci\u00f3n de perfiles, que produzcan efectos jur\u00eddicos o le afecten significativamente de modo similar?<\/em><\/p>\n<p>No.<\/p>\n<p><em>\u00bfDurante cu\u00e1nto tiempo trataremos sus datos?<\/em><\/p>\n<p>Los datos personales proporcionados se conservar\u00e1n mientras no solicite su supresi\u00f3n o cancelaci\u00f3n y siempre que resulten adecuados, pertinentes y limitados a lo necesario para los fines para los que sean tratados.<\/p>\n<ol start=\"3\">\n<li><strong> DESTINATARIOS DE CESIONES:<\/strong><\/li>\n<\/ol>\n<p><em>\u00bfCederemos sus datos a otras empresas?<\/em><\/p>\n<p>No se ceder\u00e1n datos a terceros.<\/p>\n<ol start=\"4\">\n<li><strong> DESTINATARIOS DE TRANSFERENCIAS INTERNACIONALES:<\/strong><\/li>\n<\/ol>\n<p><em>\u00bfSus datos de car\u00e1cter personal ser\u00e1n transferidos a terceros pa\u00edses u organizaciones internacionales?<\/em><\/p>\n<p>No se realizan transferencias internacionales.<\/p>\n<p><strong>\u00a0<\/strong><\/p>\n<p><strong>\u00a0<\/strong><\/p>\n<p><strong><br \/> <\/strong><\/p>\n<p><strong>\u00a0<\/strong><\/p>\n<ol start=\"5\">\n<li><strong> DERECHOS DEL INTERESADO:<\/strong><\/li>\n<\/ol>\n<p><em>\u00bfQu\u00e9 derechos le amparan en relaci\u00f3n al tratamiento de sus datos?<\/em><\/p>\n<p>Cualquier interesado tiene derecho a obtener confirmaci\u00f3n sobre si en la ASOCIACI\u00d3N VECINAL DE DELICIAS \u201cMANUEL VIOLA\u201d estamos tratando datos personales que les conciernen, o no.<\/p>\n<p>Asimismo, tal y como prev\u00e9 el Reglamento General de Protecci\u00f3n de Datos, le informamos que usted tiene los siguientes derechos:<\/p>\n<ul>\n<li><u>Acceder a sus datos<\/u><br \/> tiene derecho a acceder a sus datos para conocer qu\u00e9 datos personales estamos tratando que le conciernen.<\/li>\n<li><u>Solicitar la rectificaci\u00f3n o supresi\u00f3n de sus datos<\/u><br \/> En determinadas circunstancias, Ud. tiene derecho a rectificar aquellos datos personales inexactos que le conciernen que sean objeto de tratamiento por nuestra parte o, incluso, a solicitarnos su supresi\u00f3n cuando, entre otros motivos, los datos ya no fueran necesarios para los fines que fueron recogidos.<\/li>\n<li><u>Solicitar la limitaci\u00f3n del tratamiento de sus datos<\/u><br \/> En determinadas circunstancias, Ud. tendr\u00e1 derecho a solicitarnos la limitaci\u00f3n del tratamiento de sus datos, en cuyo caso le informamos que \u00fanicamente los conservaremos para el ejercicio o defensa de reclamaciones tal y como prev\u00e9 el Reglamento General de Protecci\u00f3n de Datos.<\/li>\n<li><u>A la portabilidad de sus datos<\/u><br \/> En determinadas circunstancias, Ud. tendr\u00e1 derecho a recibir los datos personales que le incumban, y que nos haya facilitado, en un formato estructurado, de uso com\u00fan y lectura mec\u00e1nica, y a transmitirlos a otro responsable del tratamiento.<\/li>\n<li><u>Oponerse al tratamiento de sus datos<\/u><br \/> En determinadas circunstancias y por motivos relacionados con su situaci\u00f3n particular, Ud. tendr\u00e1 derecho a oponerse al tratamiento de sus datos en cuyo caso, dejar\u00edamos de tratarlos salvo que por motivos leg\u00edtimos imperiosos, o el ejercicio o la defensa de posibles reclamaciones.<\/li>\n<\/ul>\n<p><em>\u00bfCu\u00e1ndo responderemos a su solicitud?<\/em><\/p>\n<p>Responderemos a sus peticiones a la mayor brevedad posible y, en todo caso, en el plazo de un mes desde la recepci\u00f3n de su solicitud. Dicho plazo podr\u00e1 prorrogarse otros dos meses en caso necesario, teniendo en cuenta la complejidad y el n\u00famero de solicitudes. El responsable informar\u00e1 al interesado de la pr\u00f3rroga dentro del primer mes desde la solicitud.<\/p>\n<p><em>\u00bfUsted tiene derecho a retirar su consentimiento?<\/em><\/p>\n<p>El interesado tiene derecho a retirar el consentimiento en cualquier momento, sin que ello afecte a la licitud del tratamiento basado en el consentimiento previo a su retirada.<\/p>\n<p><em>\u00bfD\u00f3nde debe dirigirse para el ejercicio sus derechos?<\/em><\/p>\n<p>Para el ejercicio de los derechos reconocidos, el interesado podr\u00e1 ponerse en contacto a trav\u00e9s de la siguiente direcci\u00f3n de correo electr\u00f3nico: <a href=\"mailto:avvdelicias@avvdelicias.org\">avvdelicias@avvdelicias.org<\/a> o dirigiendo un escrito a la ASOCIACI\u00d3N VECINAL DELICIAS \u201cMANUEL VIOLA\u201d a la direcci\u00f3n indicada en el apartado primero sobre responsables de tratamiento.<\/p>\n<p><em>\u00a0<\/em><\/p>\n<p><em>\u00bfUsted tiene derecho a reclamar?<\/em><\/p>\n<p>S\u00ed. Usted, especialmente cuando no haya obtenido satisfacci\u00f3n en el ejercicio de sus derechos, tiene derecho a presentar reclamaci\u00f3n ante la autoridad nacional de control, a estos efectos debe dirigirse ante la Agencia Espa\u00f1ola de Protecci\u00f3n de Datos.<\/p>\n<p>&nbsp;<\/p>\n<p>[\/et_pb_text][\/et_pb_column][\/et_pb_row][\/et_pb_section]<\/p>\n","protected":false},"excerpt":{"rendered":"<p>[et_pb_section fb_built=\u00bb1&#8243; admin_label=\u00bbsection\u00bb _builder_version=\u00bb3.22&#8243;][et_pb_row admin_label=\u00bbrow\u00bb _builder_version=\u00bb3.25&#8243; background_size=\u00bbinitial\u00bb background_position=\u00bbtop_left\u00bb background_repeat=\u00bbrepeat\u00bb][et_pb_column type=\u00bb4_4&#8243; _builder_version=\u00bb3.25&#8243; custom_padding=\u00bb|||\u00bb custom_padding__hover=\u00bb|||\u00bb][et_pb_text admin_label=\u00bbText\u00bb _builder_version=\u00bb3.27.4&#8243; background_size=\u00bbinitial\u00bb background_position=\u00bbtop_left\u00bb background_repeat=\u00bbrepeat\u00bb] Informaci\u00f3n adicional y detallada sobre el uso de sus datos de car\u00e1cter personal RESPONSABLES DE TRATAMIENTO \u00bfQui\u00e9nes es el responsable del tratamiento? El responsable de tratamiento es la ASOCIACI\u00d3N VECINAL DELICIAS \u201cMANUEL VIOLA\u201d. (con CIF G50369404 y [&hellip;]<\/p>\n","protected":false},"author":2,"featured_media":0,"parent":0,"menu_order":0,"comment_status":"closed","ping_status":"closed","template":"","meta":{"_et_pb_use_builder":"on","_et_pb_old_content":"<strong>Informaci\u00f3n adicional y detallada sobre el uso de sus datos de car\u00e1cter personal<\/strong>\r\n<ol>\r\n \t<li><strong> RESPONSABLES DE TRATAMIENTO<\/strong><\/li>\r\n<\/ol>\r\n<em>\u00bfQui\u00e9nes es el responsable del tratamiento?<\/em>\r\n\r\nEl responsable de tratamiento es la ASOCIACI\u00d3N DE VECINOS DE DELICIAS \u201cMANUEL VIOLA\u201d. (con CIF G50369404 y direcci\u00f3n postal en C\/ DELICIAS N\u00ba 44 - 50017 ZARAGOZA).\r\n\r\n<em>\u00a0<\/em>\r\n<ol start=\"2\">\r\n \t<li><strong> FINALIDAD DEL TRATAMIENTO Y LEGITIMACI\u00d3N<\/strong><\/li>\r\n<\/ol>\r\n<em>\u00bfCu\u00e1l es la finalidad del tratamiento de datos?<\/em>\r\n\r\nEn la ASOCIACI\u00d3N DE VECINOS DE DELICIAS \u201cMANUEL VIOLA\u201d tratamos los datos recabados por este formulario para la gesti\u00f3n de las consultas realizadas y atender sus posibles solicitudes.\r\n\r\nEl interesado ser\u00e1 el \u00fanico responsable a causa de la cumplimentaci\u00f3n de los formularios con datos falsos, inexactos, incompletos o no actualizados.\r\n\r\n<em>\u00bfCu\u00e1l es la base de legitimaci\u00f3n del tratamiento?<\/em>\r\n\r\nEl tratamiento de sus datos est\u00e1 basado en su consentimiento, que otorga al facilitar los datos que se solicitan, rellenando y enviando el presente formulario y al marcar la casilla aceptando este aviso de privacidad.\r\n\r\n<em>\u00bfSer\u00e1 necesario que nos facilite todos sus datos? \u00bfQu\u00e9 suceder\u00e1 si no nos los facilita?<\/em>\r\n\r\nS\u00ed, ser\u00e1 necesario que nos facilite todos los datos personales solicitados en el formulario. En caso que no nos facilite los datos solicitados, no podremos atender debidamente su solicitud.\r\n\r\n<em>\u00bfRealizaremos decisiones individualizadas automatizadas y\/o elaboraci\u00f3n de perfiles, que produzcan efectos jur\u00eddicos o le afecten significativamente de modo similar?<\/em>\r\n\r\nNo.\r\n\r\n<em>\u00bfDurante cu\u00e1nto tiempo trataremos sus datos?<\/em>\r\n\r\nLos datos personales proporcionados se conservar\u00e1n mientras no solicite su supresi\u00f3n o cancelaci\u00f3n y siempre que resulten adecuados, pertinentes y limitados a lo necesario para los fines para los que sean tratados.\r\n<ol start=\"3\">\r\n \t<li><strong> DESTINATARIOS DE CESIONES:<\/strong><\/li>\r\n<\/ol>\r\n<em>\u00bfCederemos sus datos a otras empresas?<\/em>\r\n\r\nNo se ceder\u00e1n datos a terceros.\r\n<ol start=\"4\">\r\n \t<li><strong> DESTINATARIOS DE TRANSFERENCIAS INTERNACIONALES:<\/strong><\/li>\r\n<\/ol>\r\n<em>\u00bfSus datos de car\u00e1cter personal ser\u00e1n transferidos a terceros pa\u00edses u organizaciones internacionales?<\/em>\r\n\r\nNo se realizan transferencias internacionales.\r\n\r\n<strong>\u00a0<\/strong>\r\n\r\n<strong>\u00a0<\/strong>\r\n\r\n<strong>\r\n<\/strong>\r\n\r\n<strong>\u00a0<\/strong>\r\n<ol start=\"5\">\r\n \t<li><strong> DERECHOS DEL INTERESADO:<\/strong><\/li>\r\n<\/ol>\r\n<em>\u00bfQu\u00e9 derechos le amparan en relaci\u00f3n al tratamiento de sus datos?<\/em>\r\n\r\nCualquier interesado tiene derecho a obtener confirmaci\u00f3n sobre si en la ASOCIACI\u00d3N DE VECINOS DE DELICIAS \u201cMANUEL VIOLA\u201d estamos tratando datos personales que les conciernen, o no.\r\n\r\nAsimismo, tal y como prev\u00e9 el Reglamento General de Protecci\u00f3n de Datos, le informamos que usted tiene los siguientes derechos:\r\n<ul>\r\n \t<li><u>Acceder a sus datos<\/u>\r\ntiene derecho a acceder a sus datos para conocer qu\u00e9 datos personales estamos tratando que le conciernen.<\/li>\r\n \t<li><u>Solicitar la rectificaci\u00f3n o supresi\u00f3n de sus datos<\/u>\r\nEn determinadas circunstancias, Ud. tiene derecho a rectificar aquellos datos personales inexactos que le conciernen que sean objeto de tratamiento por nuestra parte o, incluso, a solicitarnos su supresi\u00f3n cuando, entre otros motivos, los datos ya no fueran necesarios para los fines que fueron recogidos.<\/li>\r\n \t<li><u>Solicitar la limitaci\u00f3n del tratamiento de sus datos<\/u>\r\nEn determinadas circunstancias, Ud. tendr\u00e1 derecho a solicitarnos la limitaci\u00f3n del tratamiento de sus datos, en cuyo caso le informamos que \u00fanicamente los conservaremos para el ejercicio o defensa de reclamaciones tal y como prev\u00e9 el Reglamento General de Protecci\u00f3n de Datos.<\/li>\r\n \t<li><u>A la portabilidad de sus datos<\/u>\r\nEn determinadas circunstancias, Ud. tendr\u00e1 derecho a recibir los datos personales que le incumban, y que nos haya facilitado, en un formato estructurado, de uso com\u00fan y lectura mec\u00e1nica, y a transmitirlos a otro responsable del tratamiento.<\/li>\r\n \t<li><u>Oponerse al tratamiento de sus datos<\/u>\r\nEn determinadas circunstancias y por motivos relacionados con su situaci\u00f3n particular, Ud. tendr\u00e1 derecho a oponerse al tratamiento de sus datos en cuyo caso, dejar\u00edamos de tratarlos salvo que por motivos leg\u00edtimos imperiosos, o el ejercicio o la defensa de posibles reclamaciones.<\/li>\r\n<\/ul>\r\n<em>\u00bfCu\u00e1ndo responderemos a su solicitud?<\/em>\r\n\r\nResponderemos a sus peticiones a la mayor brevedad posible y, en todo caso, en el plazo de un mes desde la recepci\u00f3n de su solicitud. Dicho plazo podr\u00e1 prorrogarse otros dos meses en caso necesario, teniendo en cuenta la complejidad y el n\u00famero de solicitudes. El responsable informar\u00e1 al interesado de la pr\u00f3rroga dentro del primer mes desde la solicitud.\r\n\r\n<em>\u00bfUsted tiene derecho a retirar su consentimiento?<\/em>\r\n\r\nEl interesado tiene derecho a retirar el consentimiento en cualquier momento, sin que ello afecte a la licitud del tratamiento basado en el consentimiento previo a su retirada.\r\n\r\n<em>\u00bfD\u00f3nde debe dirigirse para el ejercicio sus derechos?<\/em>\r\n\r\nPara el ejercicio de los derechos reconocidos, el interesado podr\u00e1 ponerse en contacto a trav\u00e9s de la siguiente direcci\u00f3n de correo electr\u00f3nico: <a href=\"mailto:avvdelicias@avvdelicias.org\">avvdelicias@avvdelicias.org<\/a> o dirigiendo un escrito a la ASOCIACI\u00d3N DE VECINOS DE DELICIAS \u201cMANUEL VIOLA\u201d a la direcci\u00f3n indicada en el apartado primero sobre responsables de tratamiento.\r\n\r\n<em>\u00a0<\/em>\r\n\r\n<em>\u00bfUsted tiene derecho a reclamar?<\/em>\r\n\r\nS\u00ed. Usted, especialmente cuando no haya obtenido satisfacci\u00f3n en el ejercicio de sus derechos, tiene derecho a presentar reclamaci\u00f3n ante la autoridad nacional de control, a estos efectos debe dirigirse ante la Agencia Espa\u00f1ola de Protecci\u00f3n de Datos.\r\n\r\n&nbsp;","_et_gb_content_width":""},"_links":{"self":[{"href":"https:\/\/avvdelicias.org\/index.php?rest_route=\/wp\/v2\/pages\/3149"}],"collection":[{"href":"https:\/\/avvdelicias.org\/index.php?rest_route=\/wp\/v2\/pages"}],"about":[{"href":"https:\/\/avvdelicias.org\/index.php?rest_route=\/wp\/v2\/types\/page"}],"author":[{"embeddable":true,"href":"https:\/\/avvdelicias.org\/index.php?rest_route=\/wp\/v2\/users\/2"}],"replies":[{"embeddable":true,"href":"https:\/\/avvdelicias.org\/index.php?rest_route=%2Fwp%2Fv2%2Fcomments&post=3149"}],"version-history":[{"count":3,"href":"https:\/\/avvdelicias.org\/index.php?rest_route=\/wp\/v2\/pages\/3149\/revisions"}],"predecessor-version":[{"id":6647,"href":"https:\/\/avvdelicias.org\/index.php?rest_route=\/wp\/v2\/pages\/3149\/revisions\/6647"}],"wp:attachment":[{"href":"https:\/\/avvdelicias.org\/index.php?rest_route=%2Fwp%2Fv2%2Fmedia&parent=3149"}],"curies":[{"name":"wp","href":"https:\/\/api.w.org\/{rel}","templated":true}]}}