{"id":2142,"date":"2016-04-05T17:37:40","date_gmt":"2016-04-05T17:37:40","guid":{"rendered":"http:\/\/avvdelicias.org\/?post_type=project&#038;p=2142"},"modified":"2016-04-05T17:37:48","modified_gmt":"2016-04-05T17:37:48","slug":"el-proceso-comunitario-de-delicias-se-presenta-a-los-vecinos","status":"publish","type":"project","link":"https:\/\/avvdelicias.org\/?project=el-proceso-comunitario-de-delicias-se-presenta-a-los-vecinos","title":{"rendered":"El Proceso Comunitario de Delicias se presenta a los vecinos"},"content":{"rendered":"<p>Representantes de las entidades que desarrollan el <strong>Proceso Comunitario de Delicias<\/strong> han presentado esta semana el proyecto participativo a los vecinos del barrio en un acto p\u00fablico celebrado en la Junta de Distrito. El Proceso Comunitario de Delicias pretende conocer y\u00a0 analizar la situaci\u00f3n en que se encuentra el barrio con el objetivo de realizar un diagn\u00f3stico y, posteriormente, conseguir unas propuestas compartidas dirigidas a la articulaci\u00f3n de un <strong>Plan de Barrio<\/strong>. Este Proceso tambi\u00e9n tiene el respaldo de la Junta de Distrito de Delicias.<\/p>\n<p>Seg\u00fan explicaron los representantes de las entidades, la idea del Proceso Comunitario de Delicias surgi\u00f3 a finales de 2012 fruto del inter\u00e9s de la Asociaci\u00f3n de Vecinos \u2018Manuel Viola\u2019 \u00a0y de la Junta de Distrito por conocer la realidad del barrio ante la necesidad de buscar estrategias integrales que dieran respuesta a los cambios actuales. Desde el principio, se unieron a esta iniciativa los Servicios Sociales de base del Ayuntamiento de Zaragoza<strong>. El proceso se inici\u00f3 a modo experimental con la organizaci\u00f3n de un Grupo de Trabajo, cuyo objetivo fue dinamizar el Parque Delicias<\/strong>.<\/p>\n<p>A principios de 2015, se configurar\u00eda el <strong>Equipo Impulso <\/strong>del Proceso Comunitario. \u201cDesde el principio, buscamos que el Proceso fuera participativo y desarrollado por entidades con l\u00edneas de trabajo comunitario. Cont\u00e1bamos con la Fundaci\u00f3n Adunare y C\u00e1ritas, y se fueron incorporando otras que iban llegando como Movimiento contra la Intolerancia, Fundaci\u00f3n Federico Ozanam con el proyecto ICI, Fundaci\u00f3n Cruz Blanca, Ayuda en Acci\u00f3n e Ymca\u201d.<\/p>\n<p>Desde hace tiempo, se ha llegado al convencimiento de que <strong>Delicias, al igual que ocurre en otros barrios de la ciudad, necesita un plan espec\u00edfico<\/strong> en el que se reconozca su situaci\u00f3n actual, necesidades, demandas, potencialidades y fortalezas. Es decir, que se recojan en un documento una serie de estrategias dirigidas a promover\u00a0 las pol\u00edticas p\u00fablicas que necesita el barrio para ponerse al d\u00eda en el logro de mejorar su calidad de vida. \u201cSomos conscientes de que la situaci\u00f3n econ\u00f3mica de las Administraciones es la que es, pero estamos convencidos de que el Plan de Barrio es necesario e incluir\u00e1 medidas a corto, medio y largo plazo. Algunas requerir\u00e1n grandes inversiones y otras, poca financiaci\u00f3n\u201d, avanzaron.<\/p>\n<p>El Proceso Comunitario de Delicias ha superado ya la primera fase, de articulaci\u00f3n y promoci\u00f3n de espacios de encuentro y participaci\u00f3n entre profesionales, entidades, ciudadan\u00eda y Administraci\u00f3n. En la actualidad, se encuentra en la segunda fase, de elaboraci\u00f3n de un diagn\u00f3stico\u00a0 espec\u00edfico de la situaci\u00f3n.<\/p>\n<p><strong>Las entidades implicadas en el Proceso\u00a0 conf\u00edan en tener listo el Plan de Barrio a finales de a\u00f1o <\/strong>con el objetivo de que se convierta en \u201cun instrumento fundamental para lograr unir las necesidades del barrio con las pol\u00edticas p\u00fablicas\u201d.<\/p>\n<p><strong>\u00a0<\/strong>\u201cHemos conseguido nuestro objetivo: que se hable del Proceso\u201d, se\u00f1alaron al t\u00e9rmino de la sesi\u00f3n informativa, a la que asistieron numerosos vecinos.<\/p>\n<p>&nbsp;<\/p>\n<p>&nbsp;<\/p>\n","protected":false},"excerpt":{"rendered":"<p>Representantes de las entidades que desarrollan el Proceso Comunitario de Delicias han presentado esta semana el proyecto participativo a los vecinos del barrio en un acto p\u00fablico celebrado en la Junta de Distrito. El Proceso Comunitario de Delicias pretende conocer y\u00a0 analizar la situaci\u00f3n en que se encuentra el barrio con el objetivo de realizar [&hellip;]<\/p>\n","protected":false},"author":3,"featured_media":2143,"comment_status":"open","ping_status":"closed","template":"","meta":{"_et_pb_use_builder":"","_et_pb_old_content":"","_et_gb_content_width":""},"project_category":[48,60],"project_tag":[],"_links":{"self":[{"href":"https:\/\/avvdelicias.org\/index.php?rest_route=\/wp\/v2\/project\/2142"}],"collection":[{"href":"https:\/\/avvdelicias.org\/index.php?rest_route=\/wp\/v2\/project"}],"about":[{"href":"https:\/\/avvdelicias.org\/index.php?rest_route=\/wp\/v2\/types\/project"}],"author":[{"embeddable":true,"href":"https:\/\/avvdelicias.org\/index.php?rest_route=\/wp\/v2\/users\/3"}],"replies":[{"embeddable":true,"href":"https:\/\/avvdelicias.org\/index.php?rest_route=%2Fwp%2Fv2%2Fcomments&post=2142"}],"version-history":[{"count":3,"href":"https:\/\/avvdelicias.org\/index.php?rest_route=\/wp\/v2\/project\/2142\/revisions"}],"predecessor-version":[{"id":2146,"href":"https:\/\/avvdelicias.org\/index.php?rest_route=\/wp\/v2\/project\/2142\/revisions\/2146"}],"wp:featuredmedia":[{"embeddable":true,"href":"https:\/\/avvdelicias.org\/index.php?rest_route=\/wp\/v2\/media\/2143"}],"wp:attachment":[{"href":"https:\/\/avvdelicias.org\/index.php?rest_route=%2Fwp%2Fv2%2Fmedia&parent=2142"}],"wp:term":[{"taxonomy":"project_category","embeddable":true,"href":"https:\/\/avvdelicias.org\/index.php?rest_route=%2Fwp%2Fv2%2Fproject_category&post=2142"},{"taxonomy":"project_tag","embeddable":true,"href":"https:\/\/avvdelicias.org\/index.php?rest_route=%2Fwp%2Fv2%2Fproject_tag&post=2142"}],"curies":[{"name":"wp","href":"https:\/\/api.w.org\/{rel}","templated":true}]}}

<p>Representantes de las entidades que desarrollan el <strong>Proceso Comunitario de Delicias</strong> han presentado esta semana el proyecto participativo a los vecinos del barrio en un acto público celebrado en la Junta de Distrito. El Proceso Comunitario de Delicias pretende conocer y  analizar la situación en que se encuentra el barrio con el objetivo de realizar un diagnóstico y, posteriormente, conseguir unas propuestas compartidas dirigidas a la articulación de un <strong>Plan de Barrio</strong>. Este Proceso también tiene el respaldo de la Junta de Distrito de Delicias.</p>
<p>Según explicaron los representantes de las entidades, la idea del Proceso Comunitario de Delicias surgió a finales de 2012 fruto del interés de la Asociación de Vecinos ‘Manuel Viola’  y de la Junta de Distrito por conocer la realidad del barrio ante la necesidad de buscar estrategias integrales que dieran respuesta a los cambios actuales. Desde el principio, se unieron a esta iniciativa los Servicios Sociales de base del Ayuntamiento de Zaragoza<strong>. El proceso se inició a modo experimental con la organización de un Grupo de Trabajo, cuyo objetivo fue dinamizar el Parque Delicias</strong>.</p>
<p>A principios de 2015, se configuraría el <strong>Equipo Impulso </strong>del Proceso Comunitario. “Desde el principio, buscamos que el Proceso fuera participativo y desarrollado por entidades con líneas de trabajo comunitario. Contábamos con la Fundación Adunare y Cáritas, y se fueron incorporando otras que iban llegando como Movimiento contra la Intolerancia, Fundación Federico Ozanam con el proyecto ICI, Fundación Cruz Blanca, Ayuda en Acción e Ymca”.</p>
<p>Desde hace tiempo, se ha llegado al convencimiento de que <strong>Delicias, al igual que ocurre en otros barrios de la ciudad, necesita un plan específico</strong> en el que se reconozca su situación actual, necesidades, demandas, potencialidades y fortalezas. Es decir, que se recojan en un documento una serie de estrategias dirigidas a promover  las políticas públicas que necesita el barrio para ponerse al día en el logro de mejorar su calidad de vida. “Somos conscientes de que la situación económica de las Administraciones es la que es, pero estamos convencidos de que el Plan de Barrio es necesario e incluirá medidas a corto, medio y largo plazo. Algunas requerirán grandes inversiones y otras, poca financiación”, avanzaron.</p>
<p>El Proceso Comunitario de Delicias ha superado ya la primera fase, de articulación y promoción de espacios de encuentro y participación entre profesionales, entidades, ciudadanía y Administración. En la actualidad, se encuentra en la segunda fase, de elaboración de un diagnóstico  específico de la situación.</p>
<p><strong>Las entidades implicadas en el Proceso  confían en tener listo el Plan de Barrio a finales de año </strong>con el objetivo de que se convierta en “un instrumento fundamental para lograr unir las necesidades del barrio con las políticas públicas”.</p>
<p><strong> </strong>“Hemos conseguido nuestro objetivo: que se hable del Proceso”, señalaron al término de la sesión informativa, a la que asistieron numerosos vecinos.</p>
<p>&nbsp;</p>
<p>&nbsp;</p>

<p>Representantes de las entidades que desarrollan el Proceso Comunitario de Delicias han presentado esta semana el proyecto participativo a los vecinos del barrio en un acto público celebrado en la Junta de Distrito. El Proceso Comunitario de Delicias pretende conocer y  analizar la situación en que se encuentra el barrio con el objetivo de realizar [&hellip;]</p>
