{"id":2489,"date":"2016-11-21T12:49:39","date_gmt":"2016-11-21T12:49:39","guid":{"rendered":"http:\/\/avvdelicias.org\/?post_type=project&#038;p=2489"},"modified":"2016-11-21T12:49:39","modified_gmt":"2016-11-21T12:49:39","slug":"dia-internacional-de-la-eliminacion-de-la-violencia-contra-las-mujeres","status":"publish","type":"project","link":"https:\/\/avvdelicias.org\/?project=dia-internacional-de-la-eliminacion-de-la-violencia-contra-las-mujeres","title":{"rendered":"D\u00eda Internacional de la eliminaci\u00f3n de la Violencia contra las Mujeres."},"content":{"rendered":"<p>[et_pb_section admin_label=\u00bbsection\u00bb][et_pb_row admin_label=\u00bbrow\u00bb][et_pb_column type=\u00bb1_2&#8243;][et_pb_image admin_label=\u00bbImagen\u00bb src=\u00bbhttp:\/\/avvdelicias.org\/wp-content\/uploads\/2016\/11\/Cartel-24Nbaja.jpg\u00bb show_in_lightbox=\u00bboff\u00bb url_new_window=\u00bboff\u00bb use_overlay=\u00bboff\u00bb animation=\u00bbleft\u00bb sticky=\u00bboff\u00bb align=\u00bbleft\u00bb force_fullwidth=\u00bboff\u00bb always_center_on_mobile=\u00bbon\u00bb use_border_color=\u00bboff\u00bb border_color=\u00bb#ffffff\u00bb border_style=\u00bbsolid\u00bb \/][\/et_pb_column][et_pb_column type=\u00bb1_2&#8243;][et_pb_text admin_label=\u00bbTexto\u00bb background_layout=\u00bblight\u00bb text_orientation=\u00bbjustified\u00bb text_line_height=\u00bb1.7000000000000002em\u00bb use_border_color=\u00bboff\u00bb border_color=\u00bb#ffffff\u00bb border_style=\u00bbsolid\u00bb]<\/p>\n<p>Con motivo del <strong>D\u00eda Internacional contra la Violencia hacia las Mujeres<\/strong>, la Asociaci\u00f3n de Hombres por la Igualdad en Arag\u00f3n y la Asociaci\u00f3n de Vecinos de Delicias \u00abManuel Viola\u00bb hemos organizado un acto conmemorativo al que os invitamos a participar.<br \/>\nCreemos que la eliminaci\u00f3n de las violencias hacia las mujeres es posible si todas y todos nos implicamos.<\/p>\n<p><strong>D\u00eda: Jueves, 24 de Noviembre de 2016<\/strong><br \/>\n<strong>Hora: De 17:30h. a 19:30h.<\/strong><br \/>\n<strong>Lugar: Asociaci\u00f3n de Vecinos de Delicias \u00abManuel Viola\u00bb (C\/ Delicias, 44 bajo Jard\u00edn en altura)<\/strong><\/p>\n<p>[\/et_pb_text][\/et_pb_column][\/et_pb_row][\/et_pb_section]<\/p>\n","protected":false},"excerpt":{"rendered":"<p>[et_pb_section admin_label=\u00bbsection\u00bb][et_pb_row admin_label=\u00bbrow\u00bb][et_pb_column type=\u00bb1_2&#8243;][et_pb_image admin_label=\u00bbImagen\u00bb src=\u00bbhttp:\/\/avvdelicias.org\/wp-content\/uploads\/2016\/11\/Cartel-24Nbaja.jpg\u00bb show_in_lightbox=\u00bboff\u00bb url_new_window=\u00bboff\u00bb use_overlay=\u00bboff\u00bb animation=\u00bbleft\u00bb sticky=\u00bboff\u00bb align=\u00bbleft\u00bb force_fullwidth=\u00bboff\u00bb always_center_on_mobile=\u00bbon\u00bb use_border_color=\u00bboff\u00bb border_color=\u00bb#ffffff\u00bb border_style=\u00bbsolid\u00bb \/][\/et_pb_column][et_pb_column type=\u00bb1_2&#8243;][et_pb_text admin_label=\u00bbTexto\u00bb background_layout=\u00bblight\u00bb text_orientation=\u00bbjustified\u00bb text_line_height=\u00bb1.7000000000000002em\u00bb use_border_color=\u00bboff\u00bb border_color=\u00bb#ffffff\u00bb border_style=\u00bbsolid\u00bb] Con motivo del D\u00eda Internacional contra la Violencia hacia las Mujeres, la Asociaci\u00f3n de Hombres por la Igualdad en Arag\u00f3n y la Asociaci\u00f3n de Vecinos de Delicias \u00abManuel Viola\u00bb [&hellip;]<\/p>\n","protected":false},"author":2,"featured_media":2490,"comment_status":"open","ping_status":"closed","template":"","meta":{"_et_pb_use_builder":"on","_et_pb_old_content":"","_et_gb_content_width":""},"project_category":[51,59,48],"project_tag":[],"_links":{"self":[{"href":"https:\/\/avvdelicias.org\/index.php?rest_route=\/wp\/v2\/project\/2489"}],"collection":[{"href":"https:\/\/avvdelicias.org\/index.php?rest_route=\/wp\/v2\/project"}],"about":[{"href":"https:\/\/avvdelicias.org\/index.php?rest_route=\/wp\/v2\/types\/project"}],"author":[{"embeddable":true,"href":"https:\/\/avvdelicias.org\/index.php?rest_route=\/wp\/v2\/users\/2"}],"replies":[{"embeddable":true,"href":"https:\/\/avvdelicias.org\/index.php?rest_route=%2Fwp%2Fv2%2Fcomments&post=2489"}],"version-history":[{"count":1,"href":"https:\/\/avvdelicias.org\/index.php?rest_route=\/wp\/v2\/project\/2489\/revisions"}],"predecessor-version":[{"id":2492,"href":"https:\/\/avvdelicias.org\/index.php?rest_route=\/wp\/v2\/project\/2489\/revisions\/2492"}],"wp:featuredmedia":[{"embeddable":true,"href":"https:\/\/avvdelicias.org\/index.php?rest_route=\/wp\/v2\/media\/2490"}],"wp:attachment":[{"href":"https:\/\/avvdelicias.org\/index.php?rest_route=%2Fwp%2Fv2%2Fmedia&parent=2489"}],"wp:term":[{"taxonomy":"project_category","embeddable":true,"href":"https:\/\/avvdelicias.org\/index.php?rest_route=%2Fwp%2Fv2%2Fproject_category&post=2489"},{"taxonomy":"project_tag","embeddable":true,"href":"https:\/\/avvdelicias.org\/index.php?rest_route=%2Fwp%2Fv2%2Fproject_tag&post=2489"}],"curies":[{"name":"wp","href":"https:\/\/api.w.org\/{rel}","templated":true}]}}

Día Internacional de la eliminación de la Violencia contra las Mujeres.

<p>[et_pb_section admin_label=»section»][et_pb_row admin_label=»row»][et_pb_column type=»1_2&#8243;][et_pb_image admin_label=»Imagen» src=»http://avvdelicias.org/wp-content/uploads/2016/11/Cartel-24Nbaja.jpg» show_in_lightbox=»off» url_new_window=»off» use_overlay=»off» animation=»left» sticky=»off» align=»left» force_fullwidth=»off» always_center_on_mobile=»on» use_border_color=»off» border_color=»#ffffff» border_style=»solid» /][/et_pb_column][et_pb_column type=»1_2&#8243;][et_pb_text admin_label=»Texto» background_layout=»light» text_orientation=»justified» text_line_height=»1.7000000000000002em» use_border_color=»off» border_color=»#ffffff» border_style=»solid»]</p>
<p>Con motivo del <strong>Día Internacional contra la Violencia hacia las Mujeres</strong>, la Asociación de Hombres por la Igualdad en Aragón y la Asociación de Vecinos de Delicias «Manuel Viola» hemos organizado un acto conmemorativo al que os invitamos a participar.<br />
Creemos que la eliminación de las violencias hacia las mujeres es posible si todas y todos nos implicamos.</p>
<p><strong>Día: Jueves, 24 de Noviembre de 2016</strong><br />
<strong>Hora: De 17:30h. a 19:30h.</strong><br />
<strong>Lugar: Asociación de Vecinos de Delicias «Manuel Viola» (C/ Delicias, 44 bajo Jardín en altura)</strong></p>
<p>[/et_pb_text][/et_pb_column][/et_pb_row][/et_pb_section]</p>

<p>[et_pb_section admin_label=»section»][et_pb_row admin_label=»row»][et_pb_column type=»1_2&#8243;][et_pb_image admin_label=»Imagen» src=»http://avvdelicias.org/wp-content/uploads/2016/11/Cartel-24Nbaja.jpg» show_in_lightbox=»off» url_new_window=»off» use_overlay=»off» animation=»left» sticky=»off» align=»left» force_fullwidth=»off» always_center_on_mobile=»on» use_border_color=»off» border_color=»#ffffff» border_style=»solid» /][/et_pb_column][et_pb_column type=»1_2&#8243;][et_pb_text admin_label=»Texto» background_layout=»light» text_orientation=»justified» text_line_height=»1.7000000000000002em» use_border_color=»off» border_color=»#ffffff» border_style=»solid»] Con motivo del Día Internacional contra la Violencia hacia las Mujeres, la Asociación de Hombres por la Igualdad en Aragón y la Asociación de Vecinos de Delicias «Manuel Viola» [&hellip;]</p>
