{"id":2494,"date":"2016-11-24T10:07:13","date_gmt":"2016-11-24T10:07:13","guid":{"rendered":"http:\/\/avvdelicias.org\/?post_type=project&#038;p=2494"},"modified":"2016-11-24T10:07:13","modified_gmt":"2016-11-24T10:07:13","slug":"delicias-grita-no-a-la-violencia-hacia-las-mujeres","status":"publish","type":"project","link":"https:\/\/avvdelicias.org\/?project=delicias-grita-no-a-la-violencia-hacia-las-mujeres","title":{"rendered":"Delicias grita NO a la violencia hacia las mujeres"},"content":{"rendered":"<p>[et_pb_section admin_label=\u00bbsection\u00bb][et_pb_row admin_label=\u00bbrow\u00bb][et_pb_column type=\u00bb1_2&#8243;][et_pb_image admin_label=\u00bbImagen\u00bb src=\u00bbhttp:\/\/avvdelicias.org\/wp-content\/uploads\/2016\/11\/\u201c25N2016\u201d.jpg\u00bb show_in_lightbox=\u00bboff\u00bb url_new_window=\u00bboff\u00bb use_overlay=\u00bboff\u00bb animation=\u00bbleft\u00bb sticky=\u00bboff\u00bb align=\u00bbleft\u00bb force_fullwidth=\u00bboff\u00bb always_center_on_mobile=\u00bbon\u00bb use_border_color=\u00bboff\u00bb border_color=\u00bb#ffffff\u00bb border_style=\u00bbsolid\u00bb \/][\/et_pb_column][et_pb_column type=\u00bb1_2&#8243;][et_pb_text admin_label=\u00bbTexto\u00bb background_layout=\u00bblight\u00bb text_orientation=\u00bbjustified\u00bb text_line_height=\u00bb1.7000000000000002em\u00bb use_border_color=\u00bboff\u00bb border_color=\u00bb#ffffff\u00bb border_style=\u00bbsolid\u00bb]<\/p>\n<p style=\"text-align: left;\"><strong>DELICIAS GRITA NO A LA VIOLENCIA HACIA LAS MUJERES<\/strong><\/p>\n<p>Ma\u00f1ana ser\u00e1 25 de Noviembre, una fecha que un a\u00f1o m\u00e1s vuelve a estar se\u00f1alada en el calendario. Un d\u00eda te\u00f1ido de violeta, el color de la mujer, en recuerdo de todas aquellas mujeres que, a d\u00eda de hoy, han sido y contin\u00faan siendo v\u00edctimas de la violencia machista; una escandalosa realidad que afecta a toda la sociedad y que hunde sus ra\u00edces en la desigualdad existente entre hombres y mujeres, basada en la supuesta superioridad masculina que sigue presente entre nosotros y que por desgracia est\u00e1 aumentando incluso en las generaciones m\u00e1s j\u00f3venes. Es el claro s\u00edntoma de que algo no est\u00e1 bien, de que algo no marcha. Es la evidencia diaria de nuestras propias contradicciones personales y del sistema patriarcal, social y pol\u00edtico en el que vive nuestra sociedad.<\/p>\n<p>Hay que decir alto y claro que la violencia machista es posible porque la sociedad, especialmente la masculina,\u00a0\u00a0 mantiene alg\u00fan tipo de complicidad y cierta tolerancia hacia ella. Cada gesto, actitud, chiste o comentario peyorativo y discriminatorio contra las mujeres aumenta la permisividad, lo convierte en algo normal y abre el camino hacia los malos tratos de todo tipo. Pero tambi\u00e9n cada silencio, porque el silencio legitima y protege al violento, no podemos permanecer callados, pretendiendo no tener responsabilidad moral ante las v\u00edctimas porque el silencio nos hace c\u00f3mplices.<\/p>\n<p>El machismo no hace diferencias, asesina a mujeres de todas las culturas, edad, procedencia o nivel social; mujeres con discapacidad, \u00a0mujeres migrantes, \u00a0mujeres rurales, \u00a0mujeres urbanas, \u00a0mujeres diversas, mujeres que son asesinadas por el mero hecho de serlo y que pagan con su vida el precio de su libertad.<\/p>\n<p>Cada vez que una mujer muere asesinada, morimos un poco todos y muere una sociedad solidaria, democr\u00e1tica y libre para convertirse en una sociedad \u00a0violenta y oprimida bajo el peso del patriarcado..<\/p>\n<p>Estamos hoy aqu\u00ed para denunciar y condenar cualquier tipo de violencia machista, el maltrato f\u00edsico, que deja marca y duele, que humilla y somete; el abuso verbal y maltrato psicol\u00f3gico, que destruye, anula y aniquila la individualidad de la mujer; y el maltrato sexual, que cosifica y denigra.<\/p>\n<p>Estamos aqu\u00ed mujeres y hombres juntos porque la violencia machista no es un problema de las mujeres, es un problema del conjunto de la sociedad que requiere el trabajo y la colaboraci\u00f3n de todos, hombres y mujeres. A nivel individual tenemos que levantar nuestra voz con un claro mensaje de rechazo absoluto a las ra\u00edces de la violencia y al violento, pero tambi\u00e9n a nivel institucional. La educaci\u00f3n es esencial para cambiar las conductas machistas lo que hace necesario un pacto de Estado que asegure la protecci\u00f3n y ayuda a las mujeres amenazadas pero tambi\u00e9n y fundamental un pacto de estado que plantee y desarrolle la bases de una educaci\u00f3n igualitaria al margen de los cambios pol\u00edticos.<\/p>\n<p><strong>Estamos aqu\u00ed porque:<\/strong><\/p>\n<p>Queremos proclamar que la sociedad no puede ni debe tolerar ni una muerte ni una agresi\u00f3n m\u00e1s.<\/p>\n<p>Queremos proclamar que la sociedad no puede justificar ni proteger a los hombres que agreden, insultan, humillan, acosan y asesinan.<\/p>\n<p>Queremos proclamar que ninguna mujer merece ser maltratada, y que nada justifica al hombre que emplea la violencia para doblegarla y someterla con el \u00fanico fin de perpetuar el machismo.<\/p>\n<p><strong>Estamos aqu\u00ed porque queremos pedir: <\/strong><\/p>\n<p>Que las instituciones responsables articulen todos los recursos a su alcance para luchar contra esta lacra social, trabajando todas en la misma direcci\u00f3n.<\/p>\n<p>Que las mujeres tengan una respuesta inmediata y efectiva cuando piden ayuda, garantizando su seguridad y propiciando su bienestar y el de sus hijas e hijos, articulando programas de atenci\u00f3n integrales que les ayuden a recuperar una vida digna y libre de violencia.<\/p>\n<p>Que se redoblen los esfuerzos para atender las necesidades especiales de mujeres v\u00edctimas de violencia de g\u00e9nero: mujeres con discapacidad que por su situaci\u00f3n necesitan un mayor apoyo y tutela, adaptando los recursos a sus especificidades; mujeres inmigrantes que son doblemente victimizadas y que lejos de los suyos se encuentran en una mayor situaci\u00f3n de indefensi\u00f3n; mujeres j\u00f3venes que la crudeza de la violencia golpea en una personalidad no conformada y que a veces se minimiza el alcance de su sufrimiento<\/p>\n<p><strong>Estamos aqu\u00ed:<\/strong><\/p>\n<p>Con el deseo de que no existan barreras ideol\u00f3gicas ni pol\u00edticas que pongan freno a una lucha com\u00fan contra la violencia sexista,<\/p>\n<p><strong>Estamos aqu\u00ed<\/strong><\/p>\n<p>Porque las mujeres y hombres de Delicias desear\u00edamos que ma\u00f1ana 25 de noviembre, D\u00eda internacional de lucha para la eliminaci\u00f3n de la violencia contra las mujeres no hubiera nada que reivindicar pero mientras tanto estamos y seguiremos estando aqu\u00ed.<\/p>\n<p>Hoy como ma\u00f1ana y como todos los d\u00edas alzaremos nuestra voz<\/p>\n<p style=\"text-align: center;\">\u201cMientras nos vamos concentrando cientos de mujeres muertas<br \/>\nVan gritando a trav\u00e9s de nuestra voz su reclamo de justicia.<br \/>\nSus esp\u00edritus fatigados conocieron el sufrimiento y el dolor, la muerte y terror<\/p>\n<p>Ahora reclaman a trav\u00e9s de nuestra voz JUSTICIA Y DIGNIDAD<br \/>\n\u00a1S\u00ed, dimos nuestra vida por querer ser libres, pero tambi\u00e9n porque fuerais libres las dem\u00e1s!<\/p>\n<p>Ante la violencia machista todas y todos somos UNA SOLA<\/p>\n<p>Por eso Delicias grita:<\/p>\n<p><strong>NO A LA VIOLENCIA MACHISTA\u00a1\u00a1\u00a1\u00a1\u00a1<\/strong><\/p>\n<p>[\/et_pb_text][\/et_pb_column][\/et_pb_row][\/et_pb_section]<\/p>\n","protected":false},"excerpt":{"rendered":"<p>[et_pb_section admin_label=\u00bbsection\u00bb][et_pb_row admin_label=\u00bbrow\u00bb][et_pb_column type=\u00bb1_2&#8243;][et_pb_image admin_label=\u00bbImagen\u00bb src=\u00bbhttp:\/\/avvdelicias.org\/wp-content\/uploads\/2016\/11\/\u201c25N2016\u201d.jpg\u00bb show_in_lightbox=\u00bboff\u00bb url_new_window=\u00bboff\u00bb use_overlay=\u00bboff\u00bb animation=\u00bbleft\u00bb sticky=\u00bboff\u00bb align=\u00bbleft\u00bb force_fullwidth=\u00bboff\u00bb always_center_on_mobile=\u00bbon\u00bb use_border_color=\u00bboff\u00bb border_color=\u00bb#ffffff\u00bb border_style=\u00bbsolid\u00bb \/][\/et_pb_column][et_pb_column type=\u00bb1_2&#8243;][et_pb_text admin_label=\u00bbTexto\u00bb background_layout=\u00bblight\u00bb text_orientation=\u00bbjustified\u00bb text_line_height=\u00bb1.7000000000000002em\u00bb use_border_color=\u00bboff\u00bb border_color=\u00bb#ffffff\u00bb border_style=\u00bbsolid\u00bb] DELICIAS GRITA NO A LA VIOLENCIA HACIA LAS MUJERES Ma\u00f1ana ser\u00e1 25 de Noviembre, una fecha que un a\u00f1o m\u00e1s vuelve a estar se\u00f1alada en el calendario. Un d\u00eda [&hellip;]<\/p>\n","protected":false},"author":2,"featured_media":2495,"comment_status":"open","ping_status":"closed","template":"","meta":{"_et_pb_use_builder":"on","_et_pb_old_content":"","_et_gb_content_width":""},"project_category":[50,48],"project_tag":[],"_links":{"self":[{"href":"https:\/\/avvdelicias.org\/index.php?rest_route=\/wp\/v2\/project\/2494"}],"collection":[{"href":"https:\/\/avvdelicias.org\/index.php?rest_route=\/wp\/v2\/project"}],"about":[{"href":"https:\/\/avvdelicias.org\/index.php?rest_route=\/wp\/v2\/types\/project"}],"author":[{"embeddable":true,"href":"https:\/\/avvdelicias.org\/index.php?rest_route=\/wp\/v2\/users\/2"}],"replies":[{"embeddable":true,"href":"https:\/\/avvdelicias.org\/index.php?rest_route=%2Fwp%2Fv2%2Fcomments&post=2494"}],"version-history":[{"count":1,"href":"https:\/\/avvdelicias.org\/index.php?rest_route=\/wp\/v2\/project\/2494\/revisions"}],"predecessor-version":[{"id":2497,"href":"https:\/\/avvdelicias.org\/index.php?rest_route=\/wp\/v2\/project\/2494\/revisions\/2497"}],"wp:featuredmedia":[{"embeddable":true,"href":"https:\/\/avvdelicias.org\/index.php?rest_route=\/wp\/v2\/media\/2495"}],"wp:attachment":[{"href":"https:\/\/avvdelicias.org\/index.php?rest_route=%2Fwp%2Fv2%2Fmedia&parent=2494"}],"wp:term":[{"taxonomy":"project_category","embeddable":true,"href":"https:\/\/avvdelicias.org\/index.php?rest_route=%2Fwp%2Fv2%2Fproject_category&post=2494"},{"taxonomy":"project_tag","embeddable":true,"href":"https:\/\/avvdelicias.org\/index.php?rest_route=%2Fwp%2Fv2%2Fproject_tag&post=2494"}],"curies":[{"name":"wp","href":"https:\/\/api.w.org\/{rel}","templated":true}]}}

<p>[et_pb_section admin_label=»section»][et_pb_row admin_label=»row»][et_pb_column type=»1_2&#8243;][et_pb_image admin_label=»Imagen» src=»http://avvdelicias.org/wp-content/uploads/2016/11/“25N2016”.jpg» show_in_lightbox=»off» url_new_window=»off» use_overlay=»off» animation=»left» sticky=»off» align=»left» force_fullwidth=»off» always_center_on_mobile=»on» use_border_color=»off» border_color=»#ffffff» border_style=»solid» /][/et_pb_column][et_pb_column type=»1_2&#8243;][et_pb_text admin_label=»Texto» background_layout=»light» text_orientation=»justified» text_line_height=»1.7000000000000002em» use_border_color=»off» border_color=»#ffffff» border_style=»solid»]</p>
<p style="text-align: left;"><strong>DELICIAS GRITA NO A LA VIOLENCIA HACIA LAS MUJERES</strong></p>
<p>Mañana será 25 de Noviembre, una fecha que un año más vuelve a estar señalada en el calendario. Un día teñido de violeta, el color de la mujer, en recuerdo de todas aquellas mujeres que, a día de hoy, han sido y continúan siendo víctimas de la violencia machista; una escandalosa realidad que afecta a toda la sociedad y que hunde sus raíces en la desigualdad existente entre hombres y mujeres, basada en la supuesta superioridad masculina que sigue presente entre nosotros y que por desgracia está aumentando incluso en las generaciones más jóvenes. Es el claro síntoma de que algo no está bien, de que algo no marcha. Es la evidencia diaria de nuestras propias contradicciones personales y del sistema patriarcal, social y político en el que vive nuestra sociedad.</p>
<p>Hay que decir alto y claro que la violencia machista es posible porque la sociedad, especialmente la masculina,   mantiene algún tipo de complicidad y cierta tolerancia hacia ella. Cada gesto, actitud, chiste o comentario peyorativo y discriminatorio contra las mujeres aumenta la permisividad, lo convierte en algo normal y abre el camino hacia los malos tratos de todo tipo. Pero también cada silencio, porque el silencio legitima y protege al violento, no podemos permanecer callados, pretendiendo no tener responsabilidad moral ante las víctimas porque el silencio nos hace cómplices.</p>
<p>El machismo no hace diferencias, asesina a mujeres de todas las culturas, edad, procedencia o nivel social; mujeres con discapacidad,  mujeres migrantes,  mujeres rurales,  mujeres urbanas,  mujeres diversas, mujeres que son asesinadas por el mero hecho de serlo y que pagan con su vida el precio de su libertad.</p>
<p>Cada vez que una mujer muere asesinada, morimos un poco todos y muere una sociedad solidaria, democrática y libre para convertirse en una sociedad  violenta y oprimida bajo el peso del patriarcado..</p>
<p>Estamos hoy aquí para denunciar y condenar cualquier tipo de violencia machista, el maltrato físico, que deja marca y duele, que humilla y somete; el abuso verbal y maltrato psicológico, que destruye, anula y aniquila la individualidad de la mujer; y el maltrato sexual, que cosifica y denigra.</p>
<p>Estamos aquí mujeres y hombres juntos porque la violencia machista no es un problema de las mujeres, es un problema del conjunto de la sociedad que requiere el trabajo y la colaboración de todos, hombres y mujeres. A nivel individual tenemos que levantar nuestra voz con un claro mensaje de rechazo absoluto a las raíces de la violencia y al violento, pero también a nivel institucional. La educación es esencial para cambiar las conductas machistas lo que hace necesario un pacto de Estado que asegure la protección y ayuda a las mujeres amenazadas pero también y fundamental un pacto de estado que plantee y desarrolle la bases de una educación igualitaria al margen de los cambios políticos.</p>
<p><strong>Estamos aquí porque:</strong></p>
<p>Queremos proclamar que la sociedad no puede ni debe tolerar ni una muerte ni una agresión más.</p>
<p>Queremos proclamar que la sociedad no puede justificar ni proteger a los hombres que agreden, insultan, humillan, acosan y asesinan.</p>
<p>Queremos proclamar que ninguna mujer merece ser maltratada, y que nada justifica al hombre que emplea la violencia para doblegarla y someterla con el único fin de perpetuar el machismo.</p>
<p><strong>Estamos aquí porque queremos pedir: </strong></p>
<p>Que las instituciones responsables articulen todos los recursos a su alcance para luchar contra esta lacra social, trabajando todas en la misma dirección.</p>
<p>Que las mujeres tengan una respuesta inmediata y efectiva cuando piden ayuda, garantizando su seguridad y propiciando su bienestar y el de sus hijas e hijos, articulando programas de atención integrales que les ayuden a recuperar una vida digna y libre de violencia.</p>
<p>Que se redoblen los esfuerzos para atender las necesidades especiales de mujeres víctimas de violencia de género: mujeres con discapacidad que por su situación necesitan un mayor apoyo y tutela, adaptando los recursos a sus especificidades; mujeres inmigrantes que son doblemente victimizadas y que lejos de los suyos se encuentran en una mayor situación de indefensión; mujeres jóvenes que la crudeza de la violencia golpea en una personalidad no conformada y que a veces se minimiza el alcance de su sufrimiento</p>
<p><strong>Estamos aquí:</strong></p>
<p>Con el deseo de que no existan barreras ideológicas ni políticas que pongan freno a una lucha común contra la violencia sexista,</p>
<p><strong>Estamos aquí</strong></p>
<p>Porque las mujeres y hombres de Delicias desearíamos que mañana 25 de noviembre, Día internacional de lucha para la eliminación de la violencia contra las mujeres no hubiera nada que reivindicar pero mientras tanto estamos y seguiremos estando aquí.</p>
<p>Hoy como mañana y como todos los días alzaremos nuestra voz</p>
<p style="text-align: center;">“Mientras nos vamos concentrando cientos de mujeres muertas<br />
Van gritando a través de nuestra voz su reclamo de justicia.<br />
Sus espíritus fatigados conocieron el sufrimiento y el dolor, la muerte y terror</p>
<p>Ahora reclaman a través de nuestra voz JUSTICIA Y DIGNIDAD<br />
¡Sí, dimos nuestra vida por querer ser libres, pero también porque fuerais libres las demás!</p>
<p>Ante la violencia machista todas y todos somos UNA SOLA</p>
<p>Por eso Delicias grita:</p>
<p><strong>NO A LA VIOLENCIA MACHISTA¡¡¡¡¡</strong></p>
<p>[/et_pb_text][/et_pb_column][/et_pb_row][/et_pb_section]</p>

<p>[et_pb_section admin_label=»section»][et_pb_row admin_label=»row»][et_pb_column type=»1_2&#8243;][et_pb_image admin_label=»Imagen» src=»http://avvdelicias.org/wp-content/uploads/2016/11/“25N2016”.jpg» show_in_lightbox=»off» url_new_window=»off» use_overlay=»off» animation=»left» sticky=»off» align=»left» force_fullwidth=»off» always_center_on_mobile=»on» use_border_color=»off» border_color=»#ffffff» border_style=»solid» /][/et_pb_column][et_pb_column type=»1_2&#8243;][et_pb_text admin_label=»Texto» background_layout=»light» text_orientation=»justified» text_line_height=»1.7000000000000002em» use_border_color=»off» border_color=»#ffffff» border_style=»solid»] DELICIAS GRITA NO A LA VIOLENCIA HACIA LAS MUJERES Mañana será 25 de Noviembre, una fecha que un año más vuelve a estar señalada en el calendario. Un día [&hellip;]</p>
