{"id":2505,"date":"2016-12-06T09:55:54","date_gmt":"2016-12-06T09:55:54","guid":{"rendered":"http:\/\/avvdelicias.org\/?post_type=project&#038;p=2505"},"modified":"2016-12-06T09:55:54","modified_gmt":"2016-12-06T09:55:54","slug":"encuentro-comunitario","status":"publish","type":"project","link":"https:\/\/avvdelicias.org\/?project=encuentro-comunitario","title":{"rendered":"Encuentro Comunitario"},"content":{"rendered":"<p>[et_pb_section admin_label=\u00bbsection\u00bb][et_pb_row admin_label=\u00bbrow\u00bb][et_pb_column type=\u00bb1_2&#8243;][et_pb_image admin_label=\u00bbImagen\u00bb src=\u00bbhttp:\/\/avvdelicias.org\/wp-content\/uploads\/2015\/01\/Invitacion-EncuentroCom14-12-16-1.jpg\u00bb show_in_lightbox=\u00bboff\u00bb url_new_window=\u00bboff\u00bb use_overlay=\u00bboff\u00bb animation=\u00bbleft\u00bb sticky=\u00bboff\u00bb align=\u00bbleft\u00bb force_fullwidth=\u00bboff\u00bb always_center_on_mobile=\u00bbon\u00bb use_border_color=\u00bboff\u00bb border_color=\u00bb#ffffff\u00bb border_style=\u00bbsolid\u00bb \/][\/et_pb_column][et_pb_column type=\u00bb1_2&#8243;][et_pb_text admin_label=\u00bbTexto\u00bb background_layout=\u00bblight\u00bb text_orientation=\u00bbleft\u00bb use_border_color=\u00bboff\u00bb border_color=\u00bb#ffffff\u00bb border_style=\u00bbsolid\u00bb]<\/p>\n<p>Desde hace un tiempo estamos trabajando en el\u00a0<b>Proceso Comunitario de Delicias<\/b>\u00a0hacia un Plan de Barrio que atienda de forma integral a las caracter\u00edsticas, necesidades y potencialidades del mismo.<\/p>\n<p>&nbsp;<\/p>\n<p>Despu\u00e9s de recopilar informaci\u00f3n, datos, opiniones, etc., en el an\u00e1lisis de la realidad, construyendo una monograf\u00eda comunitaria ha llegado el momento de encontrarnos en un espacio de trabajo en el que devolverla a la comunidad y realizar el Diagn\u00f3stico Participativo de Delicias.<\/p>\n<p>Por este motivo os invitamos al\u00a0<b><i>ENCUENTRO COMUNITARIO <\/i><\/b>\u00a0en el que se<strong> dar\u00e1n cita vecinas y vecinos, profesionales de todos los \u00e1mbitos, sectores e instituciones presentes en el barrio, entidades, asociaciones, agentes, etc.<\/strong><\/p>\n<p>&nbsp;<\/p>\n<p>Este encuentro se realizar\u00e1 en dos sesiones: una matinal de 11,00 h a 14,00 h, y otra por la tarde de 18,00 h a 21,00 h. El contenido de las dos sesiones ser\u00e1 el mismo, por lo que deber\u00e9is se\u00f1alar el horario en el que os quer\u00e9is inscribir.<\/p>\n<p>&nbsp;<\/p>\n<p>Solicitamos la m\u00e1xima difusi\u00f3n de este encuentro y la inscripci\u00f3n en el correo:\u00a0<i><a href=\"mailto:procesocomunitariodelicias@gmail.com\" target=\"_blank\">procesocomunitariodeli<wbr \/>cias@gmail.com<\/a><\/i><\/p>\n<p>&nbsp;<\/p>\n<p>Para m\u00e1s informaci\u00f3n: <b>976 531 737<\/b><\/p>\n<p>&nbsp;<\/p>\n<p>[\/et_pb_text][\/et_pb_column][\/et_pb_row][\/et_pb_section]<\/p>\n","protected":false},"excerpt":{"rendered":"<p>[et_pb_section admin_label=\u00bbsection\u00bb][et_pb_row admin_label=\u00bbrow\u00bb][et_pb_column type=\u00bb1_2&#8243;][et_pb_image admin_label=\u00bbImagen\u00bb src=\u00bbhttp:\/\/avvdelicias.org\/wp-content\/uploads\/2015\/01\/Invitacion-EncuentroCom14-12-16-1.jpg\u00bb show_in_lightbox=\u00bboff\u00bb url_new_window=\u00bboff\u00bb use_overlay=\u00bboff\u00bb animation=\u00bbleft\u00bb sticky=\u00bboff\u00bb align=\u00bbleft\u00bb force_fullwidth=\u00bboff\u00bb always_center_on_mobile=\u00bbon\u00bb use_border_color=\u00bboff\u00bb border_color=\u00bb#ffffff\u00bb border_style=\u00bbsolid\u00bb \/][\/et_pb_column][et_pb_column type=\u00bb1_2&#8243;][et_pb_text admin_label=\u00bbTexto\u00bb background_layout=\u00bblight\u00bb text_orientation=\u00bbleft\u00bb use_border_color=\u00bboff\u00bb border_color=\u00bb#ffffff\u00bb border_style=\u00bbsolid\u00bb] Desde hace un tiempo estamos trabajando en el\u00a0Proceso Comunitario de Delicias\u00a0hacia un Plan de Barrio que atienda de forma integral a las caracter\u00edsticas, necesidades y potencialidades del mismo. &nbsp; Despu\u00e9s [&hellip;]<\/p>\n","protected":false},"author":2,"featured_media":2503,"comment_status":"open","ping_status":"closed","template":"","meta":{"_et_pb_use_builder":"on","_et_pb_old_content":"","_et_gb_content_width":""},"project_category":[51,48,60],"project_tag":[],"_links":{"self":[{"href":"https:\/\/avvdelicias.org\/index.php?rest_route=\/wp\/v2\/project\/2505"}],"collection":[{"href":"https:\/\/avvdelicias.org\/index.php?rest_route=\/wp\/v2\/project"}],"about":[{"href":"https:\/\/avvdelicias.org\/index.php?rest_route=\/wp\/v2\/types\/project"}],"author":[{"embeddable":true,"href":"https:\/\/avvdelicias.org\/index.php?rest_route=\/wp\/v2\/users\/2"}],"replies":[{"embeddable":true,"href":"https:\/\/avvdelicias.org\/index.php?rest_route=%2Fwp%2Fv2%2Fcomments&post=2505"}],"version-history":[{"count":1,"href":"https:\/\/avvdelicias.org\/index.php?rest_route=\/wp\/v2\/project\/2505\/revisions"}],"predecessor-version":[{"id":2506,"href":"https:\/\/avvdelicias.org\/index.php?rest_route=\/wp\/v2\/project\/2505\/revisions\/2506"}],"wp:featuredmedia":[{"embeddable":true,"href":"https:\/\/avvdelicias.org\/index.php?rest_route=\/wp\/v2\/media\/2503"}],"wp:attachment":[{"href":"https:\/\/avvdelicias.org\/index.php?rest_route=%2Fwp%2Fv2%2Fmedia&parent=2505"}],"wp:term":[{"taxonomy":"project_category","embeddable":true,"href":"https:\/\/avvdelicias.org\/index.php?rest_route=%2Fwp%2Fv2%2Fproject_category&post=2505"},{"taxonomy":"project_tag","embeddable":true,"href":"https:\/\/avvdelicias.org\/index.php?rest_route=%2Fwp%2Fv2%2Fproject_tag&post=2505"}],"curies":[{"name":"wp","href":"https:\/\/api.w.org\/{rel}","templated":true}]}}

<p>[et_pb_section admin_label=»section»][et_pb_row admin_label=»row»][et_pb_column type=»1_2&#8243;][et_pb_image admin_label=»Imagen» src=»http://avvdelicias.org/wp-content/uploads/2015/01/Invitacion-EncuentroCom14-12-16-1.jpg» show_in_lightbox=»off» url_new_window=»off» use_overlay=»off» animation=»left» sticky=»off» align=»left» force_fullwidth=»off» always_center_on_mobile=»on» use_border_color=»off» border_color=»#ffffff» border_style=»solid» /][/et_pb_column][et_pb_column type=»1_2&#8243;][et_pb_text admin_label=»Texto» background_layout=»light» text_orientation=»left» use_border_color=»off» border_color=»#ffffff» border_style=»solid»]</p>
<p>Desde hace un tiempo estamos trabajando en el <b>Proceso Comunitario de Delicias</b> hacia un Plan de Barrio que atienda de forma integral a las características, necesidades y potencialidades del mismo.</p>
<p>&nbsp;</p>
<p>Después de recopilar información, datos, opiniones, etc., en el análisis de la realidad, construyendo una monografía comunitaria ha llegado el momento de encontrarnos en un espacio de trabajo en el que devolverla a la comunidad y realizar el Diagnóstico Participativo de Delicias.</p>
<p>Por este motivo os invitamos al <b><i>ENCUENTRO COMUNITARIO </i></b> en el que se<strong> darán cita vecinas y vecinos, profesionales de todos los ámbitos, sectores e instituciones presentes en el barrio, entidades, asociaciones, agentes, etc.</strong></p>
<p>&nbsp;</p>
<p>Este encuentro se realizará en dos sesiones: una matinal de 11,00 h a 14,00 h, y otra por la tarde de 18,00 h a 21,00 h. El contenido de las dos sesiones será el mismo, por lo que deberéis señalar el horario en el que os queréis inscribir.</p>
<p>&nbsp;</p>
<p>Solicitamos la máxima difusión de este encuentro y la inscripción en el correo: <i><a href="mailto:procesocomunitariodelicias@gmail.com" target="_blank">procesocomunitariodeli<wbr />cias@gmail.com</a></i></p>
<p>&nbsp;</p>
<p>Para más información: <b>976 531 737</b></p>
<p>&nbsp;</p>
<p>[/et_pb_text][/et_pb_column][/et_pb_row][/et_pb_section]</p>

<p>[et_pb_section admin_label=»section»][et_pb_row admin_label=»row»][et_pb_column type=»1_2&#8243;][et_pb_image admin_label=»Imagen» src=»http://avvdelicias.org/wp-content/uploads/2015/01/Invitacion-EncuentroCom14-12-16-1.jpg» show_in_lightbox=»off» url_new_window=»off» use_overlay=»off» animation=»left» sticky=»off» align=»left» force_fullwidth=»off» always_center_on_mobile=»on» use_border_color=»off» border_color=»#ffffff» border_style=»solid» /][/et_pb_column][et_pb_column type=»1_2&#8243;][et_pb_text admin_label=»Texto» background_layout=»light» text_orientation=»left» use_border_color=»off» border_color=»#ffffff» border_style=»solid»] Desde hace un tiempo estamos trabajando en el Proceso Comunitario de Delicias hacia un Plan de Barrio que atienda de forma integral a las características, necesidades y potencialidades del mismo. &nbsp; Después [&hellip;]</p>
