{"id":2692,"date":"2017-09-22T13:03:01","date_gmt":"2017-09-22T13:03:01","guid":{"rendered":"http:\/\/avvdelicias.org\/?post_type=project&#038;p=2692"},"modified":"2017-09-22T13:03:01","modified_gmt":"2017-09-22T13:03:01","slug":"observacion-astronomica-planetaria-y-lunar","status":"publish","type":"project","link":"https:\/\/avvdelicias.org\/?project=observacion-astronomica-planetaria-y-lunar","title":{"rendered":"Observaci\u00f3n astron\u00f3mica planetaria y lunar."},"content":{"rendered":"<p>[et_pb_section admin_label=\u00bbsection\u00bb][et_pb_row admin_label=\u00bbrow\u00bb][et_pb_column type=\u00bb1_2&#8243;][et_pb_image admin_label=\u00bbImagen\u00bb src=\u00bbhttp:\/\/avvdelicias.org\/wp-content\/uploads\/2017\/09\/cartelastronomossep17.jpg\u00bb show_in_lightbox=\u00bboff\u00bb url_new_window=\u00bboff\u00bb use_overlay=\u00bboff\u00bb animation=\u00bbleft\u00bb sticky=\u00bboff\u00bb align=\u00bbleft\u00bb force_fullwidth=\u00bboff\u00bb always_center_on_mobile=\u00bbon\u00bb use_border_color=\u00bboff\u00bb border_color=\u00bb#ffffff\u00bb border_style=\u00bbsolid\u00bb \/][\/et_pb_column][et_pb_column type=\u00bb1_2&#8243;][et_pb_text admin_label=\u00bbTexto\u00bb background_layout=\u00bblight\u00bb text_orientation=\u00bbleft\u00bb use_border_color=\u00bboff\u00bb border_color=\u00bb#ffffff\u00bb border_style=\u00bbsolid\u00bb]<\/p>\n<h1><strong>Observaci\u00f3n astron\u00f3mica planetaria y lunar en el Parque Delicias.<\/strong><\/h1>\n<p>Actividad dirigida a la poblaci\u00f3n en general.<\/p>\n<p>Se realizar\u00e1 el viernes <strong>29 de septiembre a las 20,00 h<\/strong>, en la explanada junto a la entrada al<strong> Parque Delicias<\/strong> m\u00e1s cercana al Banco de Sangre y Tejidos.<\/p>\n<p>En caso de mal tiempo: lluvia, nubes, etc, se suspender\u00e1 la actividad.<\/p>\n<p>Actividad organizada por la Agrupaci\u00f3n Astron\u00f3mica Aragonesa, Centro C\u00edvico Esquinas del Psiqui\u00e1trico y la Asociaci\u00f3n de Vecinos de Delicias \u00abManuel Viola\u00bb.<\/p>\n<p>[\/et_pb_text][\/et_pb_column][\/et_pb_row][\/et_pb_section]<\/p>\n","protected":false},"excerpt":{"rendered":"<p>[et_pb_section admin_label=\u00bbsection\u00bb][et_pb_row admin_label=\u00bbrow\u00bb][et_pb_column type=\u00bb1_2&#8243;][et_pb_image admin_label=\u00bbImagen\u00bb src=\u00bbhttp:\/\/avvdelicias.org\/wp-content\/uploads\/2017\/09\/cartelastronomossep17.jpg\u00bb show_in_lightbox=\u00bboff\u00bb url_new_window=\u00bboff\u00bb use_overlay=\u00bboff\u00bb animation=\u00bbleft\u00bb sticky=\u00bboff\u00bb align=\u00bbleft\u00bb force_fullwidth=\u00bboff\u00bb always_center_on_mobile=\u00bbon\u00bb use_border_color=\u00bboff\u00bb border_color=\u00bb#ffffff\u00bb border_style=\u00bbsolid\u00bb \/][\/et_pb_column][et_pb_column type=\u00bb1_2&#8243;][et_pb_text admin_label=\u00bbTexto\u00bb background_layout=\u00bblight\u00bb text_orientation=\u00bbleft\u00bb use_border_color=\u00bboff\u00bb border_color=\u00bb#ffffff\u00bb border_style=\u00bbsolid\u00bb] Observaci\u00f3n astron\u00f3mica planetaria y lunar en el Parque Delicias. Actividad dirigida a la poblaci\u00f3n en general. Se realizar\u00e1 el viernes 29 de septiembre a las 20,00 h, en la explanada [&hellip;]<\/p>\n","protected":false},"author":2,"featured_media":2693,"comment_status":"open","ping_status":"closed","template":"","meta":{"_et_pb_use_builder":"on","_et_pb_old_content":"","_et_gb_content_width":""},"project_category":[51],"project_tag":[],"_links":{"self":[{"href":"https:\/\/avvdelicias.org\/index.php?rest_route=\/wp\/v2\/project\/2692"}],"collection":[{"href":"https:\/\/avvdelicias.org\/index.php?rest_route=\/wp\/v2\/project"}],"about":[{"href":"https:\/\/avvdelicias.org\/index.php?rest_route=\/wp\/v2\/types\/project"}],"author":[{"embeddable":true,"href":"https:\/\/avvdelicias.org\/index.php?rest_route=\/wp\/v2\/users\/2"}],"replies":[{"embeddable":true,"href":"https:\/\/avvdelicias.org\/index.php?rest_route=%2Fwp%2Fv2%2Fcomments&post=2692"}],"version-history":[{"count":1,"href":"https:\/\/avvdelicias.org\/index.php?rest_route=\/wp\/v2\/project\/2692\/revisions"}],"predecessor-version":[{"id":2694,"href":"https:\/\/avvdelicias.org\/index.php?rest_route=\/wp\/v2\/project\/2692\/revisions\/2694"}],"wp:featuredmedia":[{"embeddable":true,"href":"https:\/\/avvdelicias.org\/index.php?rest_route=\/wp\/v2\/media\/2693"}],"wp:attachment":[{"href":"https:\/\/avvdelicias.org\/index.php?rest_route=%2Fwp%2Fv2%2Fmedia&parent=2692"}],"wp:term":[{"taxonomy":"project_category","embeddable":true,"href":"https:\/\/avvdelicias.org\/index.php?rest_route=%2Fwp%2Fv2%2Fproject_category&post=2692"},{"taxonomy":"project_tag","embeddable":true,"href":"https:\/\/avvdelicias.org\/index.php?rest_route=%2Fwp%2Fv2%2Fproject_tag&post=2692"}],"curies":[{"name":"wp","href":"https:\/\/api.w.org\/{rel}","templated":true}]}}

Observación astronómica planetaria y lunar.

<p>[et_pb_section admin_label=»section»][et_pb_row admin_label=»row»][et_pb_column type=»1_2&#8243;][et_pb_image admin_label=»Imagen» src=»http://avvdelicias.org/wp-content/uploads/2017/09/cartelastronomossep17.jpg» show_in_lightbox=»off» url_new_window=»off» use_overlay=»off» animation=»left» sticky=»off» align=»left» force_fullwidth=»off» always_center_on_mobile=»on» use_border_color=»off» border_color=»#ffffff» border_style=»solid» /][/et_pb_column][et_pb_column type=»1_2&#8243;][et_pb_text admin_label=»Texto» background_layout=»light» text_orientation=»left» use_border_color=»off» border_color=»#ffffff» border_style=»solid»]</p>
<h1><strong>Observación astronómica planetaria y lunar en el Parque Delicias.</strong></h1>
<p>Actividad dirigida a la población en general.</p>
<p>Se realizará el viernes <strong>29 de septiembre a las 20,00 h</strong>, en la explanada junto a la entrada al<strong> Parque Delicias</strong> más cercana al Banco de Sangre y Tejidos.</p>
<p>En caso de mal tiempo: lluvia, nubes, etc, se suspenderá la actividad.</p>
<p>Actividad organizada por la Agrupación Astronómica Aragonesa, Centro Cívico Esquinas del Psiquiátrico y la Asociación de Vecinos de Delicias «Manuel Viola».</p>
<p>[/et_pb_text][/et_pb_column][/et_pb_row][/et_pb_section]</p>

<p>[et_pb_section admin_label=»section»][et_pb_row admin_label=»row»][et_pb_column type=»1_2&#8243;][et_pb_image admin_label=»Imagen» src=»http://avvdelicias.org/wp-content/uploads/2017/09/cartelastronomossep17.jpg» show_in_lightbox=»off» url_new_window=»off» use_overlay=»off» animation=»left» sticky=»off» align=»left» force_fullwidth=»off» always_center_on_mobile=»on» use_border_color=»off» border_color=»#ffffff» border_style=»solid» /][/et_pb_column][et_pb_column type=»1_2&#8243;][et_pb_text admin_label=»Texto» background_layout=»light» text_orientation=»left» use_border_color=»off» border_color=»#ffffff» border_style=»solid»] Observación astronómica planetaria y lunar en el Parque Delicias. Actividad dirigida a la población en general. Se realizará el viernes 29 de septiembre a las 20,00 h, en la explanada [&hellip;]</p>
