{"id":2715,"date":"2017-10-17T09:28:46","date_gmt":"2017-10-17T09:28:46","guid":{"rendered":"http:\/\/avvdelicias.org\/?post_type=project&#038;p=2715"},"modified":"2017-10-17T09:28:46","modified_gmt":"2017-10-17T09:28:46","slug":"jornada-de-puertas-abiertas-parque-delicias","status":"publish","type":"project","link":"https:\/\/avvdelicias.org\/?project=jornada-de-puertas-abiertas-parque-delicias","title":{"rendered":"Jornada de Puertas Abiertas Parque Delicias"},"content":{"rendered":"<p>[et_pb_section admin_label=\u00bbsection\u00bb][et_pb_row admin_label=\u00bbrow\u00bb][et_pb_column type=\u00bb1_2&#8243;][et_pb_image admin_label=\u00bbImagen\u00bb src=\u00bbhttp:\/\/avvdelicias.org\/wp-content\/uploads\/2015\/01\/cartel-visita-parque4.jpg\u00bb show_in_lightbox=\u00bboff\u00bb url_new_window=\u00bboff\u00bb use_overlay=\u00bboff\u00bb animation=\u00bbleft\u00bb sticky=\u00bboff\u00bb align=\u00bbleft\u00bb force_fullwidth=\u00bboff\u00bb always_center_on_mobile=\u00bbon\u00bb use_border_color=\u00bboff\u00bb border_color=\u00bb#ffffff\u00bb border_style=\u00bbsolid\u00bb \/][\/et_pb_column][et_pb_column type=\u00bb1_2&#8243;][et_pb_text admin_label=\u00bbTexto\u00bb background_layout=\u00bblight\u00bb text_orientation=\u00bbleft\u00bb use_border_color=\u00bboff\u00bb border_color=\u00bb#ffffff\u00bb border_style=\u00bbsolid\u00bb]<\/p>\n<h1><strong><a href=\"http:\/\/avvdelicias.org\/wp-content\/uploads\/2017\/10\/Logo-parque.jpg\"><img decoding=\"async\" loading=\"lazy\" class=\"alignnone  wp-image-2716\" src=\"http:\/\/avvdelicias.org\/wp-content\/uploads\/2017\/10\/Logo-parque.jpg\" alt=\"Logo parque\" width=\"306\" height=\"217\" srcset=\"https:\/\/avvdelicias.org\/wp-content\/uploads\/2017\/10\/Logo-parque.jpg 442w, https:\/\/avvdelicias.org\/wp-content\/uploads\/2017\/10\/Logo-parque-300x212.jpg 300w, https:\/\/avvdelicias.org\/wp-content\/uploads\/2017\/10\/Logo-parque-400x284.jpg 400w\" sizes=\"(max-width: 306px) 100vw, 306px\" \/><\/a>28 de octubre a las 11,15 h. <\/strong><\/h1>\n<h1><strong>JORNADA DE PUERTAS ABIERTAS PARQUE DELICIAS.<\/strong><\/h1>\n<p>La Jornada de Puertas Abiertas del Parque Delicias consistir\u00e1 en abrir las puertas de los diferentes recursos y servicios que ocupan los pabellones del Parque:<\/p>\n<ul>\n<li>CRP Nuestra Sra. Del Pilar,<\/li>\n<li>Biblioteca Manuel Alvar,<\/li>\n<li>Centro de Mayores Terminillo,<\/li>\n<li>Hogar y Centro de D\u00eda del IASS.<\/li>\n<li>ASAPME.<\/li>\n<\/ul>\n<p>Las visitas recorrer\u00e1n un itinerario acompa\u00f1ados de un gu\u00eda que explicar\u00e1 cada uno de los recursos y servicios.La visita la guiar\u00e1 Binomio Teatro, mostrando las\u00a0instalaciones del Parque Delicias de una forma amena a trav\u00e9s de dos personajes.<\/p>\n<p>Organizada por el Grupo del Parque Delicias<\/p>\n<p>Plazas limitadas.<\/p>\n<p>Inscripciones en la Asociaci\u00f3n de Vecinos de Delicias \u00abManuel Viola\u00bb.<\/p>\n<p>C\/ Delcias, 44<\/p>\n<p>976531737<\/p>\n<p>avvdelicias@avvdelicias.org<\/p>\n<p>[\/et_pb_text][\/et_pb_column][\/et_pb_row][\/et_pb_section]<\/p>\n","protected":false},"excerpt":{"rendered":"<p>[et_pb_section admin_label=\u00bbsection\u00bb][et_pb_row admin_label=\u00bbrow\u00bb][et_pb_column type=\u00bb1_2&#8243;][et_pb_image admin_label=\u00bbImagen\u00bb src=\u00bbhttp:\/\/avvdelicias.org\/wp-content\/uploads\/2015\/01\/cartel-visita-parque4.jpg\u00bb show_in_lightbox=\u00bboff\u00bb url_new_window=\u00bboff\u00bb use_overlay=\u00bboff\u00bb animation=\u00bbleft\u00bb sticky=\u00bboff\u00bb align=\u00bbleft\u00bb force_fullwidth=\u00bboff\u00bb always_center_on_mobile=\u00bbon\u00bb use_border_color=\u00bboff\u00bb border_color=\u00bb#ffffff\u00bb border_style=\u00bbsolid\u00bb \/][\/et_pb_column][et_pb_column type=\u00bb1_2&#8243;][et_pb_text admin_label=\u00bbTexto\u00bb background_layout=\u00bblight\u00bb text_orientation=\u00bbleft\u00bb use_border_color=\u00bboff\u00bb border_color=\u00bb#ffffff\u00bb border_style=\u00bbsolid\u00bb] 28 de octubre a las 11,15 h. JORNADA DE PUERTAS ABIERTAS PARQUE DELICIAS. La Jornada de Puertas Abiertas del Parque Delicias consistir\u00e1 en abrir las puertas de los diferentes recursos [&hellip;]<\/p>\n","protected":false},"author":2,"featured_media":2713,"comment_status":"open","ping_status":"closed","template":"","meta":{"_et_pb_use_builder":"on","_et_pb_old_content":"","_et_gb_content_width":""},"project_category":[51],"project_tag":[],"_links":{"self":[{"href":"https:\/\/avvdelicias.org\/index.php?rest_route=\/wp\/v2\/project\/2715"}],"collection":[{"href":"https:\/\/avvdelicias.org\/index.php?rest_route=\/wp\/v2\/project"}],"about":[{"href":"https:\/\/avvdelicias.org\/index.php?rest_route=\/wp\/v2\/types\/project"}],"author":[{"embeddable":true,"href":"https:\/\/avvdelicias.org\/index.php?rest_route=\/wp\/v2\/users\/2"}],"replies":[{"embeddable":true,"href":"https:\/\/avvdelicias.org\/index.php?rest_route=%2Fwp%2Fv2%2Fcomments&post=2715"}],"version-history":[{"count":1,"href":"https:\/\/avvdelicias.org\/index.php?rest_route=\/wp\/v2\/project\/2715\/revisions"}],"predecessor-version":[{"id":2717,"href":"https:\/\/avvdelicias.org\/index.php?rest_route=\/wp\/v2\/project\/2715\/revisions\/2717"}],"wp:featuredmedia":[{"embeddable":true,"href":"https:\/\/avvdelicias.org\/index.php?rest_route=\/wp\/v2\/media\/2713"}],"wp:attachment":[{"href":"https:\/\/avvdelicias.org\/index.php?rest_route=%2Fwp%2Fv2%2Fmedia&parent=2715"}],"wp:term":[{"taxonomy":"project_category","embeddable":true,"href":"https:\/\/avvdelicias.org\/index.php?rest_route=%2Fwp%2Fv2%2Fproject_category&post=2715"},{"taxonomy":"project_tag","embeddable":true,"href":"https:\/\/avvdelicias.org\/index.php?rest_route=%2Fwp%2Fv2%2Fproject_tag&post=2715"}],"curies":[{"name":"wp","href":"https:\/\/api.w.org\/{rel}","templated":true}]}}

<p>[et_pb_section admin_label=»section»][et_pb_row admin_label=»row»][et_pb_column type=»1_2&#8243;][et_pb_image admin_label=»Imagen» src=»http://avvdelicias.org/wp-content/uploads/2015/01/cartel-visita-parque4.jpg» show_in_lightbox=»off» url_new_window=»off» use_overlay=»off» animation=»left» sticky=»off» align=»left» force_fullwidth=»off» always_center_on_mobile=»on» use_border_color=»off» border_color=»#ffffff» border_style=»solid» /][/et_pb_column][et_pb_column type=»1_2&#8243;][et_pb_text admin_label=»Texto» background_layout=»light» text_orientation=»left» use_border_color=»off» border_color=»#ffffff» border_style=»solid»]</p>
<h1><strong><a href="http://avvdelicias.org/wp-content/uploads/2017/10/Logo-parque.jpg"><img decoding="async" loading="lazy" class="alignnone  wp-image-2716" src="http://avvdelicias.org/wp-content/uploads/2017/10/Logo-parque.jpg" alt="Logo parque" width="306" height="217" srcset="https://avvdelicias.org/wp-content/uploads/2017/10/Logo-parque.jpg 442w, https://avvdelicias.org/wp-content/uploads/2017/10/Logo-parque-300x212.jpg 300w, https://avvdelicias.org/wp-content/uploads/2017/10/Logo-parque-400x284.jpg 400w" sizes="(max-width: 306px) 100vw, 306px" /></a>28 de octubre a las 11,15 h. </strong></h1>
<h1><strong>JORNADA DE PUERTAS ABIERTAS PARQUE DELICIAS.</strong></h1>
<p>La Jornada de Puertas Abiertas del Parque Delicias consistirá en abrir las puertas de los diferentes recursos y servicios que ocupan los pabellones del Parque:</p>
<ul>
<li>CRP Nuestra Sra. Del Pilar,</li>
<li>Biblioteca Manuel Alvar,</li>
<li>Centro de Mayores Terminillo,</li>
<li>Hogar y Centro de Día del IASS.</li>
<li>ASAPME.</li>
</ul>
<p>Las visitas recorrerán un itinerario acompañados de un guía que explicará cada uno de los recursos y servicios.La visita la guiará Binomio Teatro, mostrando las instalaciones del Parque Delicias de una forma amena a través de dos personajes.</p>
<p>Organizada por el Grupo del Parque Delicias</p>
<p>Plazas limitadas.</p>
<p>Inscripciones en la Asociación de Vecinos de Delicias «Manuel Viola».</p>
<p>C/ Delcias, 44</p>
<p>976531737</p>
<p>avvdelicias@avvdelicias.org</p>
<p>[/et_pb_text][/et_pb_column][/et_pb_row][/et_pb_section]</p>

<p>[et_pb_section admin_label=»section»][et_pb_row admin_label=»row»][et_pb_column type=»1_2&#8243;][et_pb_image admin_label=»Imagen» src=»http://avvdelicias.org/wp-content/uploads/2015/01/cartel-visita-parque4.jpg» show_in_lightbox=»off» url_new_window=»off» use_overlay=»off» animation=»left» sticky=»off» align=»left» force_fullwidth=»off» always_center_on_mobile=»on» use_border_color=»off» border_color=»#ffffff» border_style=»solid» /][/et_pb_column][et_pb_column type=»1_2&#8243;][et_pb_text admin_label=»Texto» background_layout=»light» text_orientation=»left» use_border_color=»off» border_color=»#ffffff» border_style=»solid»] 28 de octubre a las 11,15 h. JORNADA DE PUERTAS ABIERTAS PARQUE DELICIAS. La Jornada de Puertas Abiertas del Parque Delicias consistirá en abrir las puertas de los diferentes recursos [&hellip;]</p>
