{"id":3317,"date":"2019-09-27T11:35:43","date_gmt":"2019-09-27T11:35:43","guid":{"rendered":"http:\/\/avvdelicias.org\/?post_type=project&#038;p=3317"},"modified":"2019-09-27T11:37:26","modified_gmt":"2019-09-27T11:37:26","slug":"delicias-quiere-a-su-parque","status":"publish","type":"project","link":"https:\/\/avvdelicias.org\/?project=delicias-quiere-a-su-parque","title":{"rendered":"DELICIAS QUIERE A SU PARQUE"},"content":{"rendered":"<p>[et_pb_section admin_label=\u00bbsection\u00bb][et_pb_row admin_label=\u00bbrow\u00bb][et_pb_column type=\u00bb4_4&#8243;][et_pb_text admin_label=\u00bbTexto\u00bb background_layout=\u00bblight\u00bb text_orientation=\u00bbleft\u00bb use_border_color=\u00bboff\u00bb border_color=\u00bb#ffffff\u00bb border_style=\u00bbsolid\u00bb]<\/p>\n<p><strong>DELICIAS QUIERE A SU PARQUE.<\/strong><\/p>\n<p>Ante las noticias aparecidas en los medios de comunicaci\u00f3n en las que aparece que el Ayuntamiento autoriza a Interpe\u00f1as a utilizar el Parque de Delicias para las Fiestas del Pilar, queremos manifestar nuestra mas absoluta disconformidad.<\/p>\n<p>El Parque de Delicias, es un Parque vivo, un Parque singular, con actividades diarias, con servicios p\u00fablicos en su interior, lo que supone que tiene una gran utilizaci\u00f3n: Biblioteca Municipal y Centro de Mayores, de gesti\u00f3n municipal, el Centro de d\u00eda, de gesti\u00f3n de la DGA, el centro de d\u00eda ASAPME, sin olvidar el Centro de Rehabilitaci\u00f3n Psicosocial , \u201cPsiqui\u00e1trico\u201d.<\/p>\n<p>El hecho de tener el Pabell\u00f3n durante diez d\u00edas ser\u00e1 un obst\u00e1culo para su normal desarrollo, con la ciudadan\u00eda soportando el ruido y los inconvenientes permanentes durante diez d\u00edas m\u00e1s, debido a que este pabell\u00f3n unido al recinto ferial , algo que no podemos olvidar, lleva montado desde el d\u00eda seis de septiembre, hasta el d\u00eda trece. Nos referimos a la Fiestas de Delicias.<\/p>\n<p>Estos motivos ser\u00edan m\u00e1s que suficientes para que nuestro Ayuntamiento y los t\u00e9cnicos que lo han supervisado hubieran reflexionado un poco mas antes de tomar decisiones. No podemos olvidar lo dif\u00edcil que resulta para cualquier colectivo hacer actividades en un Parque, y en concreto en el de Delicias, por la cantidad de requisitos que exigen, y ahora con menos de 10 d\u00edas se concede permiso para usar un pabell\u00f3n que tenia que haber sido desmontado de d\u00eda 14 de septiembre, para un uso masivo, con las consecuencias que traen para el cuidado del Parque. Su uso en estas circunstancias supone un deterioro muy importante para su vegetaci\u00f3n, para sus aves y algo no menos importante para las personas que lo utilizan, las que viven en los alrededores y sus servicios internos.<\/p>\n<p>No tenemos noticias de los planes de seguridad, de evacuaci\u00f3n que se han asignado, puesto que parece ser no tiene limites de aforo, se est\u00e1 invitando al recinto a todos colectivos pe\u00f1istas, asociaciones y vecinos de la ciudad. Tampoco conocemos si tiene un plan de movilidad, puesto que es de suponer que muchos ciudadanos acudir\u00e1n con sus veh\u00edculos, por lo que supondr\u00e1 un a\u00f1adido a las molestias, todo estas razones creemos que son suficientes para revocar la decisi\u00f3n.<\/p>\n<p>Los vecinos y vecinas de Delicias nos sentimos indignados, defraudados por este paso que ha dado el Ayuntamiento, es un problema del Ayuntamiento con Interpe\u00f1as, que no han sabido o no han querido resolver, y ahora las consecuencias las padecemos la ciudadan\u00eda, en este caso la de Delicias, y no es justo, las pocas zonas verdes que tenemos se han conseguido con mucho esfuerzo, no es justo que se nos trate as\u00ed, considerando que es una irresponsabilidad pol\u00edtica.<\/p>\n<p>Queremos un parque cuidado, tambi\u00e9n los vecinos y vecinas de Delicias lo queremos disfrutar, como lo que es, un <strong>PARQUE<\/strong>.<\/p>\n<p>Asociaci\u00f3n de Vecinos de Delicias \u201cManuel Viola\u201d<\/p>\n<p>Asociaci\u00f3n de Vecinos de la Bozada \u00a8Mar\u00eda Guerrero\u00a8.<\/p>\n<p>[\/et_pb_text][\/et_pb_column][\/et_pb_row][\/et_pb_section]<\/p>\n","protected":false},"excerpt":{"rendered":"<p>[et_pb_section admin_label=\u00bbsection\u00bb][et_pb_row admin_label=\u00bbrow\u00bb][et_pb_column type=\u00bb4_4&#8243;][et_pb_text admin_label=\u00bbTexto\u00bb background_layout=\u00bblight\u00bb text_orientation=\u00bbleft\u00bb use_border_color=\u00bboff\u00bb border_color=\u00bb#ffffff\u00bb border_style=\u00bbsolid\u00bb] DELICIAS QUIERE A SU PARQUE. Ante las noticias aparecidas en los medios de comunicaci\u00f3n en las que aparece que el Ayuntamiento autoriza a Interpe\u00f1as a utilizar el Parque de Delicias para las Fiestas del Pilar, queremos manifestar nuestra mas absoluta disconformidad. El Parque de Delicias, [&hellip;]<\/p>\n","protected":false},"author":2,"featured_media":1825,"comment_status":"open","ping_status":"closed","template":"","meta":{"_et_pb_use_builder":"on","_et_pb_old_content":"","_et_gb_content_width":""},"project_category":[48],"project_tag":[],"_links":{"self":[{"href":"https:\/\/avvdelicias.org\/index.php?rest_route=\/wp\/v2\/project\/3317"}],"collection":[{"href":"https:\/\/avvdelicias.org\/index.php?rest_route=\/wp\/v2\/project"}],"about":[{"href":"https:\/\/avvdelicias.org\/index.php?rest_route=\/wp\/v2\/types\/project"}],"author":[{"embeddable":true,"href":"https:\/\/avvdelicias.org\/index.php?rest_route=\/wp\/v2\/users\/2"}],"replies":[{"embeddable":true,"href":"https:\/\/avvdelicias.org\/index.php?rest_route=%2Fwp%2Fv2%2Fcomments&post=3317"}],"version-history":[{"count":1,"href":"https:\/\/avvdelicias.org\/index.php?rest_route=\/wp\/v2\/project\/3317\/revisions"}],"predecessor-version":[{"id":3318,"href":"https:\/\/avvdelicias.org\/index.php?rest_route=\/wp\/v2\/project\/3317\/revisions\/3318"}],"wp:featuredmedia":[{"embeddable":true,"href":"https:\/\/avvdelicias.org\/index.php?rest_route=\/wp\/v2\/media\/1825"}],"wp:attachment":[{"href":"https:\/\/avvdelicias.org\/index.php?rest_route=%2Fwp%2Fv2%2Fmedia&parent=3317"}],"wp:term":[{"taxonomy":"project_category","embeddable":true,"href":"https:\/\/avvdelicias.org\/index.php?rest_route=%2Fwp%2Fv2%2Fproject_category&post=3317"},{"taxonomy":"project_tag","embeddable":true,"href":"https:\/\/avvdelicias.org\/index.php?rest_route=%2Fwp%2Fv2%2Fproject_tag&post=3317"}],"curies":[{"name":"wp","href":"https:\/\/api.w.org\/{rel}","templated":true}]}}

<p>[et_pb_section admin_label=»section»][et_pb_row admin_label=»row»][et_pb_column type=»4_4&#8243;][et_pb_text admin_label=»Texto» background_layout=»light» text_orientation=»left» use_border_color=»off» border_color=»#ffffff» border_style=»solid»]</p>
<p><strong>DELICIAS QUIERE A SU PARQUE.</strong></p>
<p>Ante las noticias aparecidas en los medios de comunicación en las que aparece que el Ayuntamiento autoriza a Interpeñas a utilizar el Parque de Delicias para las Fiestas del Pilar, queremos manifestar nuestra mas absoluta disconformidad.</p>
<p>El Parque de Delicias, es un Parque vivo, un Parque singular, con actividades diarias, con servicios públicos en su interior, lo que supone que tiene una gran utilización: Biblioteca Municipal y Centro de Mayores, de gestión municipal, el Centro de día, de gestión de la DGA, el centro de día ASAPME, sin olvidar el Centro de Rehabilitación Psicosocial , “Psiquiátrico”.</p>
<p>El hecho de tener el Pabellón durante diez días será un obstáculo para su normal desarrollo, con la ciudadanía soportando el ruido y los inconvenientes permanentes durante diez días más, debido a que este pabellón unido al recinto ferial , algo que no podemos olvidar, lleva montado desde el día seis de septiembre, hasta el día trece. Nos referimos a la Fiestas de Delicias.</p>
<p>Estos motivos serían más que suficientes para que nuestro Ayuntamiento y los técnicos que lo han supervisado hubieran reflexionado un poco mas antes de tomar decisiones. No podemos olvidar lo difícil que resulta para cualquier colectivo hacer actividades en un Parque, y en concreto en el de Delicias, por la cantidad de requisitos que exigen, y ahora con menos de 10 días se concede permiso para usar un pabellón que tenia que haber sido desmontado de día 14 de septiembre, para un uso masivo, con las consecuencias que traen para el cuidado del Parque. Su uso en estas circunstancias supone un deterioro muy importante para su vegetación, para sus aves y algo no menos importante para las personas que lo utilizan, las que viven en los alrededores y sus servicios internos.</p>
<p>No tenemos noticias de los planes de seguridad, de evacuación que se han asignado, puesto que parece ser no tiene limites de aforo, se está invitando al recinto a todos colectivos peñistas, asociaciones y vecinos de la ciudad. Tampoco conocemos si tiene un plan de movilidad, puesto que es de suponer que muchos ciudadanos acudirán con sus vehículos, por lo que supondrá un añadido a las molestias, todo estas razones creemos que son suficientes para revocar la decisión.</p>
<p>Los vecinos y vecinas de Delicias nos sentimos indignados, defraudados por este paso que ha dado el Ayuntamiento, es un problema del Ayuntamiento con Interpeñas, que no han sabido o no han querido resolver, y ahora las consecuencias las padecemos la ciudadanía, en este caso la de Delicias, y no es justo, las pocas zonas verdes que tenemos se han conseguido con mucho esfuerzo, no es justo que se nos trate así, considerando que es una irresponsabilidad política.</p>
<p>Queremos un parque cuidado, también los vecinos y vecinas de Delicias lo queremos disfrutar, como lo que es, un <strong>PARQUE</strong>.</p>
<p>Asociación de Vecinos de Delicias “Manuel Viola”</p>
<p>Asociación de Vecinos de la Bozada ¨María Guerrero¨.</p>
<p>[/et_pb_text][/et_pb_column][/et_pb_row][/et_pb_section]</p>

<p>[et_pb_section admin_label=»section»][et_pb_row admin_label=»row»][et_pb_column type=»4_4&#8243;][et_pb_text admin_label=»Texto» background_layout=»light» text_orientation=»left» use_border_color=»off» border_color=»#ffffff» border_style=»solid»] DELICIAS QUIERE A SU PARQUE. Ante las noticias aparecidas en los medios de comunicación en las que aparece que el Ayuntamiento autoriza a Interpeñas a utilizar el Parque de Delicias para las Fiestas del Pilar, queremos manifestar nuestra mas absoluta disconformidad. El Parque de Delicias, [&hellip;]</p>
