{"id":3379,"date":"2019-11-19T09:13:33","date_gmt":"2019-11-19T09:13:33","guid":{"rendered":"http:\/\/avvdelicias.org\/?post_type=project&#038;p=3379"},"modified":"2019-11-19T09:26:55","modified_gmt":"2019-11-19T09:26:55","slug":"25-noviembre-2019","status":"publish","type":"project","link":"https:\/\/avvdelicias.org\/?project=25-noviembre-2019","title":{"rendered":"25 NOVIEMBRE 2019"},"content":{"rendered":"<p>[et_pb_section admin_label=\u00bbsection\u00bb][et_pb_row admin_label=\u00bbrow\u00bb][et_pb_column type=\u00bb4_4&#8243;][et_pb_text admin_label=\u00bbTexto\u00bb background_layout=\u00bblight\u00bb text_orientation=\u00bbcenter\u00bb use_border_color=\u00bboff\u00bb border_color=\u00bb#ffffff\u00bb border_style=\u00bbsolid\u00bb]<\/p>\n<h3><span style=\"color: #9d50eb;\"><strong>D\u00cdA INTERNACIONAL DE\u00a0LA ELIMINACI\u00d3N\u00a0DE LA VIOLENCIA CONTRA\u00a0LAS MUJERES<\/strong><\/span><\/h3>\n<p>[\/et_pb_text][\/et_pb_column][\/et_pb_row][et_pb_row admin_label=\u00bbFila\u00bb][et_pb_column type=\u00bb1_2&#8243;][et_pb_image admin_label=\u00bbImagen\u00bb src=\u00bbhttp:\/\/avvdelicias.org\/wp-content\/uploads\/2019\/11\/Cartel-25N.jpg\u00bb show_in_lightbox=\u00bboff\u00bb url_new_window=\u00bboff\u00bb use_overlay=\u00bboff\u00bb animation=\u00bbleft\u00bb sticky=\u00bboff\u00bb align=\u00bbleft\u00bb force_fullwidth=\u00bboff\u00bb always_center_on_mobile=\u00bbon\u00bb use_border_color=\u00bboff\u00bb border_color=\u00bb#ffffff\u00bb border_style=\u00bbsolid\u00bb] [\/et_pb_image][\/et_pb_column][et_pb_column type=\u00bb1_2&#8243;][et_pb_text admin_label=\u00bbTexto\u00bb background_layout=\u00bblight\u00bb text_orientation=\u00bbleft\u00bb use_border_color=\u00bboff\u00bb border_color=\u00bb#ffffff\u00bb border_style=\u00bbsolid\u00bb]<\/p>\n<p style=\"text-align: justify;\"><strong><em> Las hermanas Mirabal :\u00a0<\/em><\/strong><strong><em>Patria, Minerva y Mar\u00eda Teresa Mirabal <\/em><\/strong><em>fueron tres hermanas y activistas pol\u00edticas que combatieron contra el r\u00e9gimen de Rafael Le\u00f3nidas Trujillo <\/em><em>(1930-1961) en la Rep\u00fablica Dominicana. <\/em><\/p>\n<p style=\"text-align: justify;\"><em>Las tres mujeres regresaban a casa despu\u00e9s de visitar a los maridos de dos de ellas en la c\u00e1rcel de Puerto Plata cuando fueron interceptadas por agentes del Servicio de Inteligencia Militar (SIM) del r\u00e9gimen de Trujillo.\u00a0<\/em><\/p>\n<p style=\"text-align: justify;\"><em> <strong>\u201cLas mariposas\u201d<\/strong>, como se les conoc\u00eda en el &#8216;Movimiento Patri\u00f3tico 14 de <\/em><em>julio\u201d en el que militaban,\u00a0fueron encarceladas, violadas, torturadas y finalmente asesinadas\u00a0el 25 de noviembre de 1960.<\/em><\/p>\n<p style=\"text-align: justify;\"><em>De esta forma, estas tres mujeres nacidas en el seno de una familia acomodada, con carreras universitarias, casadas y con hijas e hijos, se convirtieron en el\u00a0s\u00edmbolo de la lucha contra la violencia machista.<\/em><\/p>\n<p style=\"text-align: justify;\"><em>El 25 de noviembre fue declarado D\u00eda Internacional contra la Violencia hacia la mujer en el <strong>Primer Encuentro Feminista de Latinoam\u00e9rica y del Caribe <\/strong>celebrado en Bogot\u00e1 (Colombia) en julio de 1981.<\/em><\/p>\n<p style=\"text-align: justify;\"><em>En 1999, la ONU dio car\u00e1cter oficial a esta fecha.<\/em><\/p>\n<p style=\"text-align: justify;\"><em>La violencia contra mujeres y ni\u00f1as es una de las violaciones de los derechos humanos m\u00e1s extendidas, persistentes y devastadoras del mundo actual sobre las que apenas se informa debido a la impunidad de la cual disfrutan los perpetradores, y el silencio, la estigmatizaci\u00f3n y la verg\u00fcenza que sufren las v\u00edctimas.\u00bb<\/em><\/p>\n<p style=\"text-align: justify;\"><em>En forma general, la violencia se manifiesta de forma f\u00edsica, sexual y psicol\u00f3gica e incluye:<\/em><\/p>\n<ul style=\"text-align: justify;\">\n<li><em>violencia por un compa\u00f1ero sentimental (violencia f\u00edsica, maltrato psicol\u00f3gico, violaci\u00f3n conyugal, femicidio);<\/em><\/li>\n<li><em>violencia sexual y acoso (violaci\u00f3n, actos sexuales forzados, insinuaciones sexuales no deseadas, abuso sexual infantil, matrimonio forzado, acecho, acoso callejero, acoso cibern\u00e9tico);<\/em><\/li>\n<li><em>trata de seres humanos (esclavitud, explotaci\u00f3n sexual);<\/em><\/li>\n<li><em>mutilaci\u00f3n genital;<\/em><\/li>\n<li><em>matrimonio infantil.\u00bb\u00a0<\/em><\/li>\n<\/ul>\n<p style=\"text-align: justify;\">www.un.org\/es\/<\/p>\n<p>[\/et_pb_text][\/et_pb_column][\/et_pb_row][\/et_pb_section]<\/p>\n","protected":false},"excerpt":{"rendered":"<p>[et_pb_section admin_label=\u00bbsection\u00bb][et_pb_row admin_label=\u00bbrow\u00bb][et_pb_column type=\u00bb4_4&#8243;][et_pb_text admin_label=\u00bbTexto\u00bb background_layout=\u00bblight\u00bb text_orientation=\u00bbcenter\u00bb use_border_color=\u00bboff\u00bb border_color=\u00bb#ffffff\u00bb border_style=\u00bbsolid\u00bb] D\u00cdA INTERNACIONAL DE\u00a0LA ELIMINACI\u00d3N\u00a0DE LA VIOLENCIA CONTRA\u00a0LAS MUJERES [\/et_pb_text][\/et_pb_column][\/et_pb_row][et_pb_row admin_label=\u00bbFila\u00bb][et_pb_column type=\u00bb1_2&#8243;][et_pb_image admin_label=\u00bbImagen\u00bb src=\u00bbhttp:\/\/avvdelicias.org\/wp-content\/uploads\/2019\/11\/Cartel-25N.jpg\u00bb show_in_lightbox=\u00bboff\u00bb url_new_window=\u00bboff\u00bb use_overlay=\u00bboff\u00bb animation=\u00bbleft\u00bb sticky=\u00bboff\u00bb align=\u00bbleft\u00bb force_fullwidth=\u00bboff\u00bb always_center_on_mobile=\u00bbon\u00bb use_border_color=\u00bboff\u00bb border_color=\u00bb#ffffff\u00bb border_style=\u00bbsolid\u00bb] [\/et_pb_image][\/et_pb_column][et_pb_column type=\u00bb1_2&#8243;][et_pb_text admin_label=\u00bbTexto\u00bb background_layout=\u00bblight\u00bb text_orientation=\u00bbleft\u00bb use_border_color=\u00bboff\u00bb border_color=\u00bb#ffffff\u00bb border_style=\u00bbsolid\u00bb] Las hermanas Mirabal :\u00a0Patria, Minerva y Mar\u00eda Teresa Mirabal fueron tres hermanas y [&hellip;]<\/p>\n","protected":false},"author":2,"featured_media":3380,"comment_status":"open","ping_status":"closed","template":"","meta":{"_et_pb_use_builder":"on","_et_pb_old_content":"","_et_gb_content_width":""},"project_category":[51,50,59],"project_tag":[],"_links":{"self":[{"href":"https:\/\/avvdelicias.org\/index.php?rest_route=\/wp\/v2\/project\/3379"}],"collection":[{"href":"https:\/\/avvdelicias.org\/index.php?rest_route=\/wp\/v2\/project"}],"about":[{"href":"https:\/\/avvdelicias.org\/index.php?rest_route=\/wp\/v2\/types\/project"}],"author":[{"embeddable":true,"href":"https:\/\/avvdelicias.org\/index.php?rest_route=\/wp\/v2\/users\/2"}],"replies":[{"embeddable":true,"href":"https:\/\/avvdelicias.org\/index.php?rest_route=%2Fwp%2Fv2%2Fcomments&post=3379"}],"version-history":[{"count":3,"href":"https:\/\/avvdelicias.org\/index.php?rest_route=\/wp\/v2\/project\/3379\/revisions"}],"predecessor-version":[{"id":3386,"href":"https:\/\/avvdelicias.org\/index.php?rest_route=\/wp\/v2\/project\/3379\/revisions\/3386"}],"wp:featuredmedia":[{"embeddable":true,"href":"https:\/\/avvdelicias.org\/index.php?rest_route=\/wp\/v2\/media\/3380"}],"wp:attachment":[{"href":"https:\/\/avvdelicias.org\/index.php?rest_route=%2Fwp%2Fv2%2Fmedia&parent=3379"}],"wp:term":[{"taxonomy":"project_category","embeddable":true,"href":"https:\/\/avvdelicias.org\/index.php?rest_route=%2Fwp%2Fv2%2Fproject_category&post=3379"},{"taxonomy":"project_tag","embeddable":true,"href":"https:\/\/avvdelicias.org\/index.php?rest_route=%2Fwp%2Fv2%2Fproject_tag&post=3379"}],"curies":[{"name":"wp","href":"https:\/\/api.w.org\/{rel}","templated":true}]}}

<p>[et_pb_section admin_label=»section»][et_pb_row admin_label=»row»][et_pb_column type=»4_4&#8243;][et_pb_text admin_label=»Texto» background_layout=»light» text_orientation=»center» use_border_color=»off» border_color=»#ffffff» border_style=»solid»]</p>
<h3><span style="color: #9d50eb;"><strong>DÍA INTERNACIONAL DE LA ELIMINACIÓN DE LA VIOLENCIA CONTRA LAS MUJERES</strong></span></h3>
<p>[/et_pb_text][/et_pb_column][/et_pb_row][et_pb_row admin_label=»Fila»][et_pb_column type=»1_2&#8243;][et_pb_image admin_label=»Imagen» src=»http://avvdelicias.org/wp-content/uploads/2019/11/Cartel-25N.jpg» show_in_lightbox=»off» url_new_window=»off» use_overlay=»off» animation=»left» sticky=»off» align=»left» force_fullwidth=»off» always_center_on_mobile=»on» use_border_color=»off» border_color=»#ffffff» border_style=»solid»] [/et_pb_image][/et_pb_column][et_pb_column type=»1_2&#8243;][et_pb_text admin_label=»Texto» background_layout=»light» text_orientation=»left» use_border_color=»off» border_color=»#ffffff» border_style=»solid»]</p>
<p style="text-align: justify;"><strong><em> Las hermanas Mirabal : </em></strong><strong><em>Patria, Minerva y María Teresa Mirabal </em></strong><em>fueron tres hermanas y activistas políticas que combatieron contra el régimen de Rafael Leónidas Trujillo </em><em>(1930-1961) en la República Dominicana. </em></p>
<p style="text-align: justify;"><em>Las tres mujeres regresaban a casa después de visitar a los maridos de dos de ellas en la cárcel de Puerto Plata cuando fueron interceptadas por agentes del Servicio de Inteligencia Militar (SIM) del régimen de Trujillo. </em></p>
<p style="text-align: justify;"><em> <strong>“Las mariposas”</strong>, como se les conocía en el &#8216;Movimiento Patriótico 14 de </em><em>julio” en el que militaban, fueron encarceladas, violadas, torturadas y finalmente asesinadas el 25 de noviembre de 1960.</em></p>
<p style="text-align: justify;"><em>De esta forma, estas tres mujeres nacidas en el seno de una familia acomodada, con carreras universitarias, casadas y con hijas e hijos, se convirtieron en el símbolo de la lucha contra la violencia machista.</em></p>
<p style="text-align: justify;"><em>El 25 de noviembre fue declarado Día Internacional contra la Violencia hacia la mujer en el <strong>Primer Encuentro Feminista de Latinoamérica y del Caribe </strong>celebrado en Bogotá (Colombia) en julio de 1981.</em></p>
<p style="text-align: justify;"><em>En 1999, la ONU dio carácter oficial a esta fecha.</em></p>
<p style="text-align: justify;"><em>La violencia contra mujeres y niñas es una de las violaciones de los derechos humanos más extendidas, persistentes y devastadoras del mundo actual sobre las que apenas se informa debido a la impunidad de la cual disfrutan los perpetradores, y el silencio, la estigmatización y la vergüenza que sufren las víctimas.»</em></p>
<p style="text-align: justify;"><em>En forma general, la violencia se manifiesta de forma física, sexual y psicológica e incluye:</em></p>
<ul style="text-align: justify;">
<li><em>violencia por un compañero sentimental (violencia física, maltrato psicológico, violación conyugal, femicidio);</em></li>
<li><em>violencia sexual y acoso (violación, actos sexuales forzados, insinuaciones sexuales no deseadas, abuso sexual infantil, matrimonio forzado, acecho, acoso callejero, acoso cibernético);</em></li>
<li><em>trata de seres humanos (esclavitud, explotación sexual);</em></li>
<li><em>mutilación genital;</em></li>
<li><em>matrimonio infantil.» </em></li>
</ul>
<p style="text-align: justify;">www.un.org/es/</p>
<p>[/et_pb_text][/et_pb_column][/et_pb_row][/et_pb_section]</p>

<p>[et_pb_section admin_label=»section»][et_pb_row admin_label=»row»][et_pb_column type=»4_4&#8243;][et_pb_text admin_label=»Texto» background_layout=»light» text_orientation=»center» use_border_color=»off» border_color=»#ffffff» border_style=»solid»] DÍA INTERNACIONAL DE LA ELIMINACIÓN DE LA VIOLENCIA CONTRA LAS MUJERES [/et_pb_text][/et_pb_column][/et_pb_row][et_pb_row admin_label=»Fila»][et_pb_column type=»1_2&#8243;][et_pb_image admin_label=»Imagen» src=»http://avvdelicias.org/wp-content/uploads/2019/11/Cartel-25N.jpg» show_in_lightbox=»off» url_new_window=»off» use_overlay=»off» animation=»left» sticky=»off» align=»left» force_fullwidth=»off» always_center_on_mobile=»on» use_border_color=»off» border_color=»#ffffff» border_style=»solid»] [/et_pb_image][/et_pb_column][et_pb_column type=»1_2&#8243;][et_pb_text admin_label=»Texto» background_layout=»light» text_orientation=»left» use_border_color=»off» border_color=»#ffffff» border_style=»solid»] Las hermanas Mirabal : Patria, Minerva y María Teresa Mirabal fueron tres hermanas y [&hellip;]</p>
