{"id":3412,"date":"2019-12-03T11:54:56","date_gmt":"2019-12-03T11:54:56","guid":{"rendered":"http:\/\/avvdelicias.org\/?post_type=project&#038;p=3412"},"modified":"2019-12-03T11:54:56","modified_gmt":"2019-12-03T11:54:56","slug":"manifiesto-25-de-noviembre-2019","status":"publish","type":"project","link":"https:\/\/avvdelicias.org\/?project=manifiesto-25-de-noviembre-2019","title":{"rendered":"Manifiesto 25 de Noviembre 2019"},"content":{"rendered":"<p>[et_pb_section admin_label=\u00bbsection\u00bb][et_pb_row admin_label=\u00bbrow\u00bb][et_pb_column type=\u00bb1_2&#8243;][et_pb_image admin_label=\u00bbImagen\u00bb src=\u00bbhttp:\/\/avvdelicias.org\/wp-content\/uploads\/2019\/11\/Cartel-25N.jpg\u00bb show_in_lightbox=\u00bboff\u00bb url_new_window=\u00bboff\u00bb use_overlay=\u00bboff\u00bb animation=\u00bbleft\u00bb sticky=\u00bboff\u00bb align=\u00bbleft\u00bb force_fullwidth=\u00bboff\u00bb always_center_on_mobile=\u00bbon\u00bb use_border_color=\u00bboff\u00bb border_color=\u00bb#ffffff\u00bb border_style=\u00bbsolid\u00bb \/][\/et_pb_column][et_pb_column type=\u00bb1_2&#8243;][et_pb_text admin_label=\u00bbTexto\u00bb background_layout=\u00bblight\u00bb text_orientation=\u00bbleft\u00bb use_border_color=\u00bboff\u00bb border_color=\u00bb#ffffff\u00bb border_style=\u00bbsolid\u00bb]<\/p>\n<p style=\"text-align: justify;\"><strong>MANIFIESTO 25N 2019<\/strong><\/p>\n<p style=\"text-align: justify;\">\u00a1Buenas tardes vecinos y vecinas de Delicias\u00a1<\/p>\n<p style=\"text-align: justify;\">Un a\u00f1o m\u00e1s nos reunimos hoy, 25 de noviembre, D\u00eda Internacional por la Eliminaci\u00f3n de la Violencia contra las Mujeres, para denunciar la situaci\u00f3n que muchas de nosotras sufrimos en el mundo.<\/p>\n<p style=\"text-align: justify;\">Y porqu\u00e9 decimos esto:<\/p>\n<p style=\"text-align: justify;\">Porqu\u00e9 en todo el mundo, una de cada tres mujeres ha sufrido violencia f\u00edsica o sexual, por parte de un compa\u00f1ero sentimental o expareja.<\/p>\n<p style=\"text-align: justify;\">Porqu\u00e9 el 71% de las v\u00edctimas de trata en todo el mundo, son mujeres y ni\u00f1as,y 3 de cada 4 de son utilizadas para la explotaci\u00f3n sexual.<\/p>\n<p style=\"text-align: justify;\">Porqu\u00e9 200 millones de mujeres y ni\u00f1as que viven actualmente han sufrido la mutilaci\u00f3n genital femenina en m\u00e1s de 30 pa\u00edses<\/p>\n<p style=\"text-align: justify;\">Porqu\u00e9 hoy no hemos despertado con el asesinato de Sara, de 26, a\u00f1os, en Tenerife.<\/p>\n<p style=\"text-align: justify;\">Porqu\u00e9 en Espa\u00f1a desde 2003 son 1028 mujeres asesinadas y 52 mujeres en lo que llevamos del 2019. Y estos, solo son algunos datos de lo que sucede en el mundo y a nuestro alrededor.<\/p>\n<p style=\"text-align: justify;\">Porqu\u00e9 se juzgan los casos de violaci\u00f3n a mujeres y ni\u00f1as como simples abusos.<\/p>\n<p style=\"text-align: justify;\">Porqu\u00e9 aunque todas las mujeres, en todas partes del mundo, podemos sufrir violencia de g\u00e9nero, algunos colectivos son particularmente vulnerables, c\u00f3mo son las ni\u00f1as, las mujeres m\u00e1s mayores, las mujeres que se identifican pertenecientes al colectivo LGTBI, las migrantes y refugiadas, las de pueblos ind\u00edgenas o minor\u00edas \u00e9tnicas, las mujeres y ni\u00f1as con discapacidades, o aquellas que viven en zonas de guerra o en crisis humanitaria.<\/p>\n<p style=\"text-align: justify;\">Para cambiar esto, es urgente que se haga una revisi\u00f3n del sistema judicial y de las leyes de protecci\u00f3n, en clave feminista,\u00a0que permita avanzar en igualdad a la Justicia para que no deje en un estado de indefensi\u00f3n a las mujeres v\u00edctimas.<\/p>\n<p style=\"text-align: justify;\">Esta situaci\u00f3n que se agrava en el caso de las mujeres migrantes y refugiadas y las solicitantes de asilo que llegan a nuestro pa\u00eds. Todas ellas se ven sometidas a multitud de obst\u00e1culos que impiden el acceso a una vida libre de violencias de g\u00e9nero .<\/p>\n<p style=\"text-align: justify;\">Es necesario avanzar en la coherencia de las pol\u00edticas, de las instituciones y de las organizaciones, realizando una revisi\u00f3n profunda del funcionamiento de las mismas y de cada una y cada uno de sus miembros, como paso imprescindible para erradicar las violencias de g\u00e9nero en todos los \u00e1mbitos y contextos, adoptando medidas globales \u00a0y coordinadas en la lucha contra la VG.<\/p>\n<p style=\"text-align: justify;\">Por esto desde aqu\u00ed queremos exigir igualdad salarial real, un reparto equitativo del trabajo de cuidados y dom\u00e9stico no remunerado, el fin del acoso sexual y la violencia contra las mujeres y las ni\u00f1as, condenas justas y la participaci\u00f3n igualitaria en la vida pol\u00edtica y en la toma de decisiones en todos los \u00e1mbitos de la vida<\/p>\n<p style=\"text-align: justify;\">Desde la Asociaci\u00f3n de Vecinos Manuel Viola, denunciamos cualquier forma de violencia contra las Mujeres en el mundo y en nuestro pa\u00eds, en cualquier espacio y en cualquier \u00e1mbito, y seguimos apoyando y sum\u00e1ndonos a todos aquellos colectivos feministas y del movimiento de mujeres para aunar esfuerzos y lograr la igualdad, desarrollo, la paz y una sociedad donde mujeres, ni\u00f1as y ni\u00f1os se desarrollen en libertad y libres de toda violencia.<\/p>\n<p style=\"text-align: justify;\">Para ello todas las personas de la sociedad tenemos un importante papel que desempe\u00f1ar a la hora de poner fin a la violencia contra las mujeres y las ni\u00f1as, y todas y todos debemos unir esfuerzos para denunciar \u00e9stas situaciones.<\/p>\n<p style=\"text-align: justify;\">Vecinos y vecinas de Delicias, quit\u00e9monos la venda y seamos participes de estos cambios.<\/p>\n<p>[\/et_pb_text][\/et_pb_column][\/et_pb_row][\/et_pb_section]<\/p>\n","protected":false},"excerpt":{"rendered":"<p>[et_pb_section admin_label=\u00bbsection\u00bb][et_pb_row admin_label=\u00bbrow\u00bb][et_pb_column type=\u00bb1_2&#8243;][et_pb_image admin_label=\u00bbImagen\u00bb src=\u00bbhttp:\/\/avvdelicias.org\/wp-content\/uploads\/2019\/11\/Cartel-25N.jpg\u00bb show_in_lightbox=\u00bboff\u00bb url_new_window=\u00bboff\u00bb use_overlay=\u00bboff\u00bb animation=\u00bbleft\u00bb sticky=\u00bboff\u00bb align=\u00bbleft\u00bb force_fullwidth=\u00bboff\u00bb always_center_on_mobile=\u00bbon\u00bb use_border_color=\u00bboff\u00bb border_color=\u00bb#ffffff\u00bb border_style=\u00bbsolid\u00bb \/][\/et_pb_column][et_pb_column type=\u00bb1_2&#8243;][et_pb_text admin_label=\u00bbTexto\u00bb background_layout=\u00bblight\u00bb text_orientation=\u00bbleft\u00bb use_border_color=\u00bboff\u00bb border_color=\u00bb#ffffff\u00bb border_style=\u00bbsolid\u00bb] MANIFIESTO 25N 2019 \u00a1Buenas tardes vecinos y vecinas de Delicias\u00a1 Un a\u00f1o m\u00e1s nos reunimos hoy, 25 de noviembre, D\u00eda Internacional por la Eliminaci\u00f3n de la Violencia contra las Mujeres, [&hellip;]<\/p>\n","protected":false},"author":2,"featured_media":3380,"comment_status":"open","ping_status":"closed","template":"","meta":{"_et_pb_use_builder":"on","_et_pb_old_content":"","_et_gb_content_width":""},"project_category":[48],"project_tag":[],"_links":{"self":[{"href":"https:\/\/avvdelicias.org\/index.php?rest_route=\/wp\/v2\/project\/3412"}],"collection":[{"href":"https:\/\/avvdelicias.org\/index.php?rest_route=\/wp\/v2\/project"}],"about":[{"href":"https:\/\/avvdelicias.org\/index.php?rest_route=\/wp\/v2\/types\/project"}],"author":[{"embeddable":true,"href":"https:\/\/avvdelicias.org\/index.php?rest_route=\/wp\/v2\/users\/2"}],"replies":[{"embeddable":true,"href":"https:\/\/avvdelicias.org\/index.php?rest_route=%2Fwp%2Fv2%2Fcomments&post=3412"}],"version-history":[{"count":1,"href":"https:\/\/avvdelicias.org\/index.php?rest_route=\/wp\/v2\/project\/3412\/revisions"}],"predecessor-version":[{"id":3413,"href":"https:\/\/avvdelicias.org\/index.php?rest_route=\/wp\/v2\/project\/3412\/revisions\/3413"}],"wp:featuredmedia":[{"embeddable":true,"href":"https:\/\/avvdelicias.org\/index.php?rest_route=\/wp\/v2\/media\/3380"}],"wp:attachment":[{"href":"https:\/\/avvdelicias.org\/index.php?rest_route=%2Fwp%2Fv2%2Fmedia&parent=3412"}],"wp:term":[{"taxonomy":"project_category","embeddable":true,"href":"https:\/\/avvdelicias.org\/index.php?rest_route=%2Fwp%2Fv2%2Fproject_category&post=3412"},{"taxonomy":"project_tag","embeddable":true,"href":"https:\/\/avvdelicias.org\/index.php?rest_route=%2Fwp%2Fv2%2Fproject_tag&post=3412"}],"curies":[{"name":"wp","href":"https:\/\/api.w.org\/{rel}","templated":true}]}}

<p>[et_pb_section admin_label=»section»][et_pb_row admin_label=»row»][et_pb_column type=»1_2&#8243;][et_pb_image admin_label=»Imagen» src=»http://avvdelicias.org/wp-content/uploads/2019/11/Cartel-25N.jpg» show_in_lightbox=»off» url_new_window=»off» use_overlay=»off» animation=»left» sticky=»off» align=»left» force_fullwidth=»off» always_center_on_mobile=»on» use_border_color=»off» border_color=»#ffffff» border_style=»solid» /][/et_pb_column][et_pb_column type=»1_2&#8243;][et_pb_text admin_label=»Texto» background_layout=»light» text_orientation=»left» use_border_color=»off» border_color=»#ffffff» border_style=»solid»]</p>
<p style="text-align: justify;"><strong>MANIFIESTO 25N 2019</strong></p>
<p style="text-align: justify;">¡Buenas tardes vecinos y vecinas de Delicias¡</p>
<p style="text-align: justify;">Un año más nos reunimos hoy, 25 de noviembre, Día Internacional por la Eliminación de la Violencia contra las Mujeres, para denunciar la situación que muchas de nosotras sufrimos en el mundo.</p>
<p style="text-align: justify;">Y porqué decimos esto:</p>
<p style="text-align: justify;">Porqué en todo el mundo, una de cada tres mujeres ha sufrido violencia física o sexual, por parte de un compañero sentimental o expareja.</p>
<p style="text-align: justify;">Porqué el 71% de las víctimas de trata en todo el mundo, son mujeres y niñas,y 3 de cada 4 de son utilizadas para la explotación sexual.</p>
<p style="text-align: justify;">Porqué 200 millones de mujeres y niñas que viven actualmente han sufrido la mutilación genital femenina en más de 30 países</p>
<p style="text-align: justify;">Porqué hoy no hemos despertado con el asesinato de Sara, de 26, años, en Tenerife.</p>
<p style="text-align: justify;">Porqué en España desde 2003 son 1028 mujeres asesinadas y 52 mujeres en lo que llevamos del 2019. Y estos, solo son algunos datos de lo que sucede en el mundo y a nuestro alrededor.</p>
<p style="text-align: justify;">Porqué se juzgan los casos de violación a mujeres y niñas como simples abusos.</p>
<p style="text-align: justify;">Porqué aunque todas las mujeres, en todas partes del mundo, podemos sufrir violencia de género, algunos colectivos son particularmente vulnerables, cómo son las niñas, las mujeres más mayores, las mujeres que se identifican pertenecientes al colectivo LGTBI, las migrantes y refugiadas, las de pueblos indígenas o minorías étnicas, las mujeres y niñas con discapacidades, o aquellas que viven en zonas de guerra o en crisis humanitaria.</p>
<p style="text-align: justify;">Para cambiar esto, es urgente que se haga una revisión del sistema judicial y de las leyes de protección, en clave feminista, que permita avanzar en igualdad a la Justicia para que no deje en un estado de indefensión a las mujeres víctimas.</p>
<p style="text-align: justify;">Esta situación que se agrava en el caso de las mujeres migrantes y refugiadas y las solicitantes de asilo que llegan a nuestro país. Todas ellas se ven sometidas a multitud de obstáculos que impiden el acceso a una vida libre de violencias de género .</p>
<p style="text-align: justify;">Es necesario avanzar en la coherencia de las políticas, de las instituciones y de las organizaciones, realizando una revisión profunda del funcionamiento de las mismas y de cada una y cada uno de sus miembros, como paso imprescindible para erradicar las violencias de género en todos los ámbitos y contextos, adoptando medidas globales  y coordinadas en la lucha contra la VG.</p>
<p style="text-align: justify;">Por esto desde aquí queremos exigir igualdad salarial real, un reparto equitativo del trabajo de cuidados y doméstico no remunerado, el fin del acoso sexual y la violencia contra las mujeres y las niñas, condenas justas y la participación igualitaria en la vida política y en la toma de decisiones en todos los ámbitos de la vida</p>
<p style="text-align: justify;">Desde la Asociación de Vecinos Manuel Viola, denunciamos cualquier forma de violencia contra las Mujeres en el mundo y en nuestro país, en cualquier espacio y en cualquier ámbito, y seguimos apoyando y sumándonos a todos aquellos colectivos feministas y del movimiento de mujeres para aunar esfuerzos y lograr la igualdad, desarrollo, la paz y una sociedad donde mujeres, niñas y niños se desarrollen en libertad y libres de toda violencia.</p>
<p style="text-align: justify;">Para ello todas las personas de la sociedad tenemos un importante papel que desempeñar a la hora de poner fin a la violencia contra las mujeres y las niñas, y todas y todos debemos unir esfuerzos para denunciar éstas situaciones.</p>
<p style="text-align: justify;">Vecinos y vecinas de Delicias, quitémonos la venda y seamos participes de estos cambios.</p>
<p>[/et_pb_text][/et_pb_column][/et_pb_row][/et_pb_section]</p>

<p>[et_pb_section admin_label=»section»][et_pb_row admin_label=»row»][et_pb_column type=»1_2&#8243;][et_pb_image admin_label=»Imagen» src=»http://avvdelicias.org/wp-content/uploads/2019/11/Cartel-25N.jpg» show_in_lightbox=»off» url_new_window=»off» use_overlay=»off» animation=»left» sticky=»off» align=»left» force_fullwidth=»off» always_center_on_mobile=»on» use_border_color=»off» border_color=»#ffffff» border_style=»solid» /][/et_pb_column][et_pb_column type=»1_2&#8243;][et_pb_text admin_label=»Texto» background_layout=»light» text_orientation=»left» use_border_color=»off» border_color=»#ffffff» border_style=»solid»] MANIFIESTO 25N 2019 ¡Buenas tardes vecinos y vecinas de Delicias¡ Un año más nos reunimos hoy, 25 de noviembre, Día Internacional por la Eliminación de la Violencia contra las Mujeres, [&hellip;]</p>
