{"id":3651,"date":"2020-04-07T15:58:48","date_gmt":"2020-04-07T15:58:48","guid":{"rendered":"http:\/\/avvdelicias.org\/?post_type=project&#038;p=3651"},"modified":"2020-04-07T15:58:48","modified_gmt":"2020-04-07T15:58:48","slug":"dia-mundial-de-la-salud-2020","status":"publish","type":"project","link":"https:\/\/avvdelicias.org\/?project=dia-mundial-de-la-salud-2020","title":{"rendered":"D\u00eda Mundial de la Salud 2020"},"content":{"rendered":"<p>[et_pb_section admin_label=\u00bbsection\u00bb][et_pb_row admin_label=\u00bbFila\u00bb][et_pb_column type=\u00bb4_4&#8243;][et_pb_text admin_label=\u00bbTexto\u00bb background_layout=\u00bblight\u00bb text_orientation=\u00bbleft\u00bb use_border_color=\u00bboff\u00bb border_color=\u00bb#ffffff\u00bb border_style=\u00bbsolid\u00bb]<\/p>\n<h2><strong>D\u00cdA MUNDIAL DE LA SALUD:<\/strong><\/h2>\n<h2><strong> Apoyemos al personal de enfermer\u00eda y de parter\u00eda.<\/strong><\/h2>\n<p>El 7 de abril de 2020 se conmemorar\u00e1 la labor del personal de enfermer\u00eda y de parter\u00eda y se recordar\u00e1 a los dirigentes mundiales su contribuci\u00f3n esencial a la salud mundial.<\/p>\n<p>Le pedimos su apoyo en el D\u00eda Mundial de la Salud para que el personal de enfermer\u00eda y de parter\u00eda sea lo suficientemente s\u00f3lido como para garantizar a todas las personas, en todo el mundo, el acceso a la atenci\u00f3n sanitaria que necesitan.<\/p>\n<p>[\/et_pb_text][\/et_pb_column][\/et_pb_row][et_pb_row admin_label=\u00bbrow\u00bb][et_pb_column type=\u00bb1_4&#8243;][et_pb_image admin_label=\u00bbImagen\u00bb src=\u00bbhttp:\/\/avvdelicias.org\/wp-content\/uploads\/2020\/04\/who-whd-yonm-posters-spanish-poster-4346b2f097cbe4d5f9a7682c5849cc59c.png\u00bb show_in_lightbox=\u00bboff\u00bb url_new_window=\u00bboff\u00bb use_overlay=\u00bboff\u00bb animation=\u00bbleft\u00bb sticky=\u00bboff\u00bb align=\u00bbleft\u00bb force_fullwidth=\u00bboff\u00bb always_center_on_mobile=\u00bbon\u00bb use_border_color=\u00bboff\u00bb border_color=\u00bb#ffffff\u00bb border_style=\u00bbsolid\u00bb \/][\/et_pb_column][et_pb_column type=\u00bb1_4&#8243;][et_pb_image admin_label=\u00bbImagen\u00bb src=\u00bbhttp:\/\/avvdelicias.org\/wp-content\/uploads\/2020\/04\/who-whd-yonm-posters-spanish-poster-328d4fb923df643959b5f2926ecc03e2c.png\u00bb show_in_lightbox=\u00bboff\u00bb url_new_window=\u00bboff\u00bb use_overlay=\u00bboff\u00bb animation=\u00bbleft\u00bb sticky=\u00bboff\u00bb align=\u00bbleft\u00bb force_fullwidth=\u00bboff\u00bb always_center_on_mobile=\u00bbon\u00bb use_border_color=\u00bboff\u00bb border_color=\u00bb#ffffff\u00bb border_style=\u00bbsolid\u00bb \/][\/et_pb_column][et_pb_column type=\u00bb1_4&#8243;][et_pb_image admin_label=\u00bbImagen\u00bb src=\u00bbhttp:\/\/avvdelicias.org\/wp-content\/uploads\/2020\/04\/who-whd-yonm-posters-spanish-poster-2a6ebe627b96b409292b625dadbf6d387.png\u00bb show_in_lightbox=\u00bboff\u00bb url_new_window=\u00bboff\u00bb use_overlay=\u00bboff\u00bb animation=\u00bbleft\u00bb sticky=\u00bboff\u00bb align=\u00bbleft\u00bb force_fullwidth=\u00bboff\u00bb always_center_on_mobile=\u00bbon\u00bb use_border_color=\u00bboff\u00bb border_color=\u00bb#ffffff\u00bb border_style=\u00bbsolid\u00bb \/][\/et_pb_column][et_pb_column type=\u00bb1_4&#8243;][et_pb_image admin_label=\u00bbImagen\u00bb src=\u00bbhttp:\/\/avvdelicias.org\/wp-content\/uploads\/2020\/04\/who-whd-yonm-macros-spanish-macro-6.png\u00bb show_in_lightbox=\u00bboff\u00bb url_new_window=\u00bboff\u00bb use_overlay=\u00bboff\u00bb animation=\u00bbleft\u00bb sticky=\u00bboff\u00bb align=\u00bbleft\u00bb force_fullwidth=\u00bboff\u00bb always_center_on_mobile=\u00bbon\u00bb use_border_color=\u00bboff\u00bb border_color=\u00bb#ffffff\u00bb border_style=\u00bbsolid\u00bb \/][\/et_pb_column][\/et_pb_row][\/et_pb_section]<\/p>\n","protected":false},"excerpt":{"rendered":"<p>[et_pb_section admin_label=\u00bbsection\u00bb][et_pb_row admin_label=\u00bbFila\u00bb][et_pb_column type=\u00bb4_4&#8243;][et_pb_text admin_label=\u00bbTexto\u00bb background_layout=\u00bblight\u00bb text_orientation=\u00bbleft\u00bb use_border_color=\u00bboff\u00bb border_color=\u00bb#ffffff\u00bb border_style=\u00bbsolid\u00bb] D\u00cdA MUNDIAL DE LA SALUD: Apoyemos al personal de enfermer\u00eda y de parter\u00eda. El 7 de abril de 2020 se conmemorar\u00e1 la labor del personal de enfermer\u00eda y de parter\u00eda y se recordar\u00e1 a los dirigentes mundiales su contribuci\u00f3n esencial a la salud mundial. Le [&hellip;]<\/p>\n","protected":false},"author":2,"featured_media":3657,"comment_status":"open","ping_status":"closed","template":"","meta":{"_et_pb_use_builder":"on","_et_pb_old_content":"","_et_gb_content_width":""},"project_category":[48],"project_tag":[],"_links":{"self":[{"href":"https:\/\/avvdelicias.org\/index.php?rest_route=\/wp\/v2\/project\/3651"}],"collection":[{"href":"https:\/\/avvdelicias.org\/index.php?rest_route=\/wp\/v2\/project"}],"about":[{"href":"https:\/\/avvdelicias.org\/index.php?rest_route=\/wp\/v2\/types\/project"}],"author":[{"embeddable":true,"href":"https:\/\/avvdelicias.org\/index.php?rest_route=\/wp\/v2\/users\/2"}],"replies":[{"embeddable":true,"href":"https:\/\/avvdelicias.org\/index.php?rest_route=%2Fwp%2Fv2%2Fcomments&post=3651"}],"version-history":[{"count":1,"href":"https:\/\/avvdelicias.org\/index.php?rest_route=\/wp\/v2\/project\/3651\/revisions"}],"predecessor-version":[{"id":3656,"href":"https:\/\/avvdelicias.org\/index.php?rest_route=\/wp\/v2\/project\/3651\/revisions\/3656"}],"wp:featuredmedia":[{"embeddable":true,"href":"https:\/\/avvdelicias.org\/index.php?rest_route=\/wp\/v2\/media\/3657"}],"wp:attachment":[{"href":"https:\/\/avvdelicias.org\/index.php?rest_route=%2Fwp%2Fv2%2Fmedia&parent=3651"}],"wp:term":[{"taxonomy":"project_category","embeddable":true,"href":"https:\/\/avvdelicias.org\/index.php?rest_route=%2Fwp%2Fv2%2Fproject_category&post=3651"},{"taxonomy":"project_tag","embeddable":true,"href":"https:\/\/avvdelicias.org\/index.php?rest_route=%2Fwp%2Fv2%2Fproject_tag&post=3651"}],"curies":[{"name":"wp","href":"https:\/\/api.w.org\/{rel}","templated":true}]}}

Día Mundial de la Salud 2020

<p>[et_pb_section admin_label=»section»][et_pb_row admin_label=»Fila»][et_pb_column type=»4_4&#8243;][et_pb_text admin_label=»Texto» background_layout=»light» text_orientation=»left» use_border_color=»off» border_color=»#ffffff» border_style=»solid»]</p>
<h2><strong>DÍA MUNDIAL DE LA SALUD:</strong></h2>
<h2><strong> Apoyemos al personal de enfermería y de partería.</strong></h2>
<p>El 7 de abril de 2020 se conmemorará la labor del personal de enfermería y de partería y se recordará a los dirigentes mundiales su contribución esencial a la salud mundial.</p>
<p>Le pedimos su apoyo en el Día Mundial de la Salud para que el personal de enfermería y de partería sea lo suficientemente sólido como para garantizar a todas las personas, en todo el mundo, el acceso a la atención sanitaria que necesitan.</p>
<p>[/et_pb_text][/et_pb_column][/et_pb_row][et_pb_row admin_label=»row»][et_pb_column type=»1_4&#8243;][et_pb_image admin_label=»Imagen» src=»http://avvdelicias.org/wp-content/uploads/2020/04/who-whd-yonm-posters-spanish-poster-4346b2f097cbe4d5f9a7682c5849cc59c.png» show_in_lightbox=»off» url_new_window=»off» use_overlay=»off» animation=»left» sticky=»off» align=»left» force_fullwidth=»off» always_center_on_mobile=»on» use_border_color=»off» border_color=»#ffffff» border_style=»solid» /][/et_pb_column][et_pb_column type=»1_4&#8243;][et_pb_image admin_label=»Imagen» src=»http://avvdelicias.org/wp-content/uploads/2020/04/who-whd-yonm-posters-spanish-poster-328d4fb923df643959b5f2926ecc03e2c.png» show_in_lightbox=»off» url_new_window=»off» use_overlay=»off» animation=»left» sticky=»off» align=»left» force_fullwidth=»off» always_center_on_mobile=»on» use_border_color=»off» border_color=»#ffffff» border_style=»solid» /][/et_pb_column][et_pb_column type=»1_4&#8243;][et_pb_image admin_label=»Imagen» src=»http://avvdelicias.org/wp-content/uploads/2020/04/who-whd-yonm-posters-spanish-poster-2a6ebe627b96b409292b625dadbf6d387.png» show_in_lightbox=»off» url_new_window=»off» use_overlay=»off» animation=»left» sticky=»off» align=»left» force_fullwidth=»off» always_center_on_mobile=»on» use_border_color=»off» border_color=»#ffffff» border_style=»solid» /][/et_pb_column][et_pb_column type=»1_4&#8243;][et_pb_image admin_label=»Imagen» src=»http://avvdelicias.org/wp-content/uploads/2020/04/who-whd-yonm-macros-spanish-macro-6.png» show_in_lightbox=»off» url_new_window=»off» use_overlay=»off» animation=»left» sticky=»off» align=»left» force_fullwidth=»off» always_center_on_mobile=»on» use_border_color=»off» border_color=»#ffffff» border_style=»solid» /][/et_pb_column][/et_pb_row][/et_pb_section]</p>

<p>[et_pb_section admin_label=»section»][et_pb_row admin_label=»Fila»][et_pb_column type=»4_4&#8243;][et_pb_text admin_label=»Texto» background_layout=»light» text_orientation=»left» use_border_color=»off» border_color=»#ffffff» border_style=»solid»] DÍA MUNDIAL DE LA SALUD: Apoyemos al personal de enfermería y de partería. El 7 de abril de 2020 se conmemorará la labor del personal de enfermería y de partería y se recordará a los dirigentes mundiales su contribución esencial a la salud mundial. Le [&hellip;]</p>
