{"id":3851,"date":"2020-11-18T09:55:43","date_gmt":"2020-11-18T09:55:43","guid":{"rendered":"http:\/\/avvdelicias.org\/?post_type=project&#038;p=3851"},"modified":"2020-11-18T09:56:05","modified_gmt":"2020-11-18T09:56:05","slug":"3851","status":"publish","type":"project","link":"https:\/\/avvdelicias.org\/?project=3851","title":{"rendered":"Visita al Jard\u00edn en Altura"},"content":{"rendered":"<p>[et_pb_section admin_label=\u00bbsection\u00bb][et_pb_row admin_label=\u00bbrow\u00bb][et_pb_column type=\u00bb1_2&#8243;][et_pb_gallery admin_label=\u00bbGaler\u00eda\u00bb gallery_ids=\u00bb3850,3849,3847,3848,3846,3845,3843,3844&#8243; fullwidth=\u00bbon\u00bb show_title_and_caption=\u00bbon\u00bb show_pagination=\u00bbon\u00bb background_layout=\u00bblight\u00bb auto=\u00bbon\u00bb hover_overlay_color=\u00bbrgba(255,255,255,0.9)\u00bb use_border_color=\u00bboff\u00bb border_color=\u00bb#ffffff\u00bb border_style=\u00bbsolid\u00bb] [\/et_pb_gallery][\/et_pb_column][et_pb_column type=\u00bb1_2&#8243;][et_pb_text admin_label=\u00bbTexto\u00bb background_layout=\u00bblight\u00bb text_orientation=\u00bbleft\u00bb use_border_color=\u00bboff\u00bb border_color=\u00bb#ffffff\u00bb border_style=\u00bbsolid\u00bb]<\/p>\n<p style=\"text-align: justify;\">El pasado lunes 18 de noviembre de 2020 la Asociaci\u00f3n de Vecinos de Delicias \u00abManuel Viola\u00bb recibi\u00f3 la visita de la Consejera de Servicios P\u00fablicos y Movilidad del Ayuntamiento de Zaragoza, Natalia Chueca y el Concejal Presidente de la Junta de Distrito Delicias, Alfonso G\u00f3mez. Durante la visita pudieron comprobar el estado del Jard\u00edn en Altura y escuchar las propuestas de la Asociaci\u00f3n para recuperar esta infraestructura\u00a0verde para el barrio y para la ciudadan\u00eda.\u00a0Adem\u00e1s conocieron\u00a0las actividades y proyectos que desarrolla la Asociaci\u00f3n.<\/p>\n<p>[\/et_pb_text][\/et_pb_column][\/et_pb_row][\/et_pb_section]<\/p>\n","protected":false},"excerpt":{"rendered":"<p>[et_pb_section admin_label=\u00bbsection\u00bb][et_pb_row admin_label=\u00bbrow\u00bb][et_pb_column type=\u00bb1_2&#8243;][et_pb_gallery admin_label=\u00bbGaler\u00eda\u00bb gallery_ids=\u00bb3850,3849,3847,3848,3846,3845,3843,3844&#8243; fullwidth=\u00bbon\u00bb show_title_and_caption=\u00bbon\u00bb show_pagination=\u00bbon\u00bb background_layout=\u00bblight\u00bb auto=\u00bbon\u00bb hover_overlay_color=\u00bbrgba(255,255,255,0.9)\u00bb use_border_color=\u00bboff\u00bb border_color=\u00bb#ffffff\u00bb border_style=\u00bbsolid\u00bb] [\/et_pb_gallery][\/et_pb_column][et_pb_column type=\u00bb1_2&#8243;][et_pb_text admin_label=\u00bbTexto\u00bb background_layout=\u00bblight\u00bb text_orientation=\u00bbleft\u00bb use_border_color=\u00bboff\u00bb border_color=\u00bb#ffffff\u00bb border_style=\u00bbsolid\u00bb] El pasado lunes 18 de noviembre de 2020 la Asociaci\u00f3n de Vecinos de Delicias \u00abManuel Viola\u00bb recibi\u00f3 la visita de la Consejera de Servicios P\u00fablicos y Movilidad del Ayuntamiento de Zaragoza, Natalia [&hellip;]<\/p>\n","protected":false},"author":2,"featured_media":3845,"comment_status":"open","ping_status":"closed","template":"","meta":{"_et_pb_use_builder":"on","_et_pb_old_content":"","_et_gb_content_width":""},"project_category":[48],"project_tag":[],"_links":{"self":[{"href":"https:\/\/avvdelicias.org\/index.php?rest_route=\/wp\/v2\/project\/3851"}],"collection":[{"href":"https:\/\/avvdelicias.org\/index.php?rest_route=\/wp\/v2\/project"}],"about":[{"href":"https:\/\/avvdelicias.org\/index.php?rest_route=\/wp\/v2\/types\/project"}],"author":[{"embeddable":true,"href":"https:\/\/avvdelicias.org\/index.php?rest_route=\/wp\/v2\/users\/2"}],"replies":[{"embeddable":true,"href":"https:\/\/avvdelicias.org\/index.php?rest_route=%2Fwp%2Fv2%2Fcomments&post=3851"}],"version-history":[{"count":3,"href":"https:\/\/avvdelicias.org\/index.php?rest_route=\/wp\/v2\/project\/3851\/revisions"}],"predecessor-version":[{"id":3854,"href":"https:\/\/avvdelicias.org\/index.php?rest_route=\/wp\/v2\/project\/3851\/revisions\/3854"}],"wp:featuredmedia":[{"embeddable":true,"href":"https:\/\/avvdelicias.org\/index.php?rest_route=\/wp\/v2\/media\/3845"}],"wp:attachment":[{"href":"https:\/\/avvdelicias.org\/index.php?rest_route=%2Fwp%2Fv2%2Fmedia&parent=3851"}],"wp:term":[{"taxonomy":"project_category","embeddable":true,"href":"https:\/\/avvdelicias.org\/index.php?rest_route=%2Fwp%2Fv2%2Fproject_category&post=3851"},{"taxonomy":"project_tag","embeddable":true,"href":"https:\/\/avvdelicias.org\/index.php?rest_route=%2Fwp%2Fv2%2Fproject_tag&post=3851"}],"curies":[{"name":"wp","href":"https:\/\/api.w.org\/{rel}","templated":true}]}}

Visita al Jardín en Altura

<p>[et_pb_section admin_label=»section»][et_pb_row admin_label=»row»][et_pb_column type=»1_2&#8243;][et_pb_gallery admin_label=»Galería» gallery_ids=»3850,3849,3847,3848,3846,3845,3843,3844&#8243; fullwidth=»on» show_title_and_caption=»on» show_pagination=»on» background_layout=»light» auto=»on» hover_overlay_color=»rgba(255,255,255,0.9)» use_border_color=»off» border_color=»#ffffff» border_style=»solid»] [/et_pb_gallery][/et_pb_column][et_pb_column type=»1_2&#8243;][et_pb_text admin_label=»Texto» background_layout=»light» text_orientation=»left» use_border_color=»off» border_color=»#ffffff» border_style=»solid»]</p>
<p style="text-align: justify;">El pasado lunes 18 de noviembre de 2020 la Asociación de Vecinos de Delicias «Manuel Viola» recibió la visita de la Consejera de Servicios Públicos y Movilidad del Ayuntamiento de Zaragoza, Natalia Chueca y el Concejal Presidente de la Junta de Distrito Delicias, Alfonso Gómez. Durante la visita pudieron comprobar el estado del Jardín en Altura y escuchar las propuestas de la Asociación para recuperar esta infraestructura verde para el barrio y para la ciudadanía. Además conocieron las actividades y proyectos que desarrolla la Asociación.</p>
<p>[/et_pb_text][/et_pb_column][/et_pb_row][/et_pb_section]</p>

<p>[et_pb_section admin_label=»section»][et_pb_row admin_label=»row»][et_pb_column type=»1_2&#8243;][et_pb_gallery admin_label=»Galería» gallery_ids=»3850,3849,3847,3848,3846,3845,3843,3844&#8243; fullwidth=»on» show_title_and_caption=»on» show_pagination=»on» background_layout=»light» auto=»on» hover_overlay_color=»rgba(255,255,255,0.9)» use_border_color=»off» border_color=»#ffffff» border_style=»solid»] [/et_pb_gallery][/et_pb_column][et_pb_column type=»1_2&#8243;][et_pb_text admin_label=»Texto» background_layout=»light» text_orientation=»left» use_border_color=»off» border_color=»#ffffff» border_style=»solid»] El pasado lunes 18 de noviembre de 2020 la Asociación de Vecinos de Delicias «Manuel Viola» recibió la visita de la Consejera de Servicios Públicos y Movilidad del Ayuntamiento de Zaragoza, Natalia [&hellip;]</p>
