{"id":3943,"date":"2021-03-16T08:51:10","date_gmt":"2021-03-16T08:51:10","guid":{"rendered":"http:\/\/avvdelicias.org\/?post_type=project&#038;p=3943"},"modified":"2021-03-16T08:59:21","modified_gmt":"2021-03-16T08:59:21","slug":"tarta-de-queso-la-vina","status":"publish","type":"project","link":"https:\/\/avvdelicias.org\/?project=tarta-de-queso-la-vina","title":{"rendered":"Tarta de queso \u00abLA VI\u00d1A\u00bb"},"content":{"rendered":"<h2><strong>TARTA DE QUESO \u00abLA VI\u00d1A\u00bb de Sonia Roy<\/strong><\/h2>\n<h3><strong>Ingredientes:\u00a0<\/strong><\/h3>\n<ul>\n<li>570 gr. de queso crema (yo he mezclado Philadelphia\u00ae y Mascarpone)<\/li>\n<li>4 huevos grandes<\/li>\n<li>230 gr. de az\u00facar<\/li>\n<li>280 ml. de nata l\u00edquida (m\u00ednimo 35% de grasa)<\/li>\n<li>1 cucharada de harina de trigo (unos 15 gr). Para celiacos se puede sustituir por Maicena\u00ae<\/li>\n<\/ul>\n<p>&nbsp;<\/p>\n<h3><strong>Preparaci\u00f3n:<\/strong><\/h3>\n<ol>\n<li>Precalentamos el horno a 200\u00ba.<\/li>\n<li>Utilizaremos un bol grande y unas varillas el\u00e9ctricas. Ponemos el queso crema y el az\u00facar. Batimos hasta homogeneizar.<\/li>\n<li>Integramos los huevos, uno por uno.<\/li>\n<li>Por \u00faltimo, la nata y la harina tamizada con un colador.<\/li>\n<li>Preparamos un molde redondo de 18 cm. de di\u00e1metro y paredes altas, forrado con papel de horno humedecido y arrugado (para que sea m\u00e1s manejable). Dejamos que sobresalga el sobrante.<\/li>\n<li>Vertemos la mezcla en el molde y colocamos en la parte baja del horno, en la primera ranura.<\/li>\n<li>Horneamos durante 40 minutos. Si nos gusta un poco m\u00e1s tostadita, podemos aumentar la temperatura a 210\u00ba.<\/li>\n<li>Cuando est\u00e9 cuajada la tarta, aunque pueda parecer que est\u00e1 blanda, apagamos el horno y dejamos enfriar en su interior con la puerta del horno entreabierta. Una vez fuera del horno, la tarta tiene a bajar, es normal.<\/li>\n<\/ol>\n<ol start=\"9\">\n<li>Guardamos en la nevera hasta que est\u00e9 completamente fr\u00eda y ya podremos desmoldar con mucho cuidado ya que es muy cremosa.<\/li>\n<\/ol>\n<p><strong>Consejos:\u00a0<\/strong>Es importante que todos los ingredientes est\u00e9n a temperatura ambiente.<\/p>\n<p>Si utilizamos un robot de cocina tipo Thermomix\u00ae\u00a0o Mambo\u00ae\u00a0echaremos todos los ingredientes en el vaso y programaremos 30 segundos en velocidad 5-6.<\/p>\n","protected":false},"excerpt":{"rendered":"<p>TARTA DE QUESO \u00abLA VI\u00d1A\u00bb de Sonia Roy Ingredientes:\u00a0 570 gr. de queso crema (yo he mezclado Philadelphia\u00ae y Mascarpone) 4 huevos grandes 230 gr. de az\u00facar 280 ml. de nata l\u00edquida (m\u00ednimo 35% de grasa) 1 cucharada de harina de trigo (unos 15 gr). Para celiacos se puede sustituir por Maicena\u00ae &nbsp; Preparaci\u00f3n: Precalentamos [&hellip;]<\/p>\n","protected":false},"author":2,"featured_media":3944,"comment_status":"open","ping_status":"closed","template":"","meta":{"_et_pb_use_builder":"","_et_pb_old_content":"","_et_gb_content_width":""},"project_category":[67],"project_tag":[],"_links":{"self":[{"href":"https:\/\/avvdelicias.org\/index.php?rest_route=\/wp\/v2\/project\/3943"}],"collection":[{"href":"https:\/\/avvdelicias.org\/index.php?rest_route=\/wp\/v2\/project"}],"about":[{"href":"https:\/\/avvdelicias.org\/index.php?rest_route=\/wp\/v2\/types\/project"}],"author":[{"embeddable":true,"href":"https:\/\/avvdelicias.org\/index.php?rest_route=\/wp\/v2\/users\/2"}],"replies":[{"embeddable":true,"href":"https:\/\/avvdelicias.org\/index.php?rest_route=%2Fwp%2Fv2%2Fcomments&post=3943"}],"version-history":[{"count":2,"href":"https:\/\/avvdelicias.org\/index.php?rest_route=\/wp\/v2\/project\/3943\/revisions"}],"predecessor-version":[{"id":3950,"href":"https:\/\/avvdelicias.org\/index.php?rest_route=\/wp\/v2\/project\/3943\/revisions\/3950"}],"wp:featuredmedia":[{"embeddable":true,"href":"https:\/\/avvdelicias.org\/index.php?rest_route=\/wp\/v2\/media\/3944"}],"wp:attachment":[{"href":"https:\/\/avvdelicias.org\/index.php?rest_route=%2Fwp%2Fv2%2Fmedia&parent=3943"}],"wp:term":[{"taxonomy":"project_category","embeddable":true,"href":"https:\/\/avvdelicias.org\/index.php?rest_route=%2Fwp%2Fv2%2Fproject_category&post=3943"},{"taxonomy":"project_tag","embeddable":true,"href":"https:\/\/avvdelicias.org\/index.php?rest_route=%2Fwp%2Fv2%2Fproject_tag&post=3943"}],"curies":[{"name":"wp","href":"https:\/\/api.w.org\/{rel}","templated":true}]}}

Tarta de queso «LA VIÑA»

<h2><strong>TARTA DE QUESO «LA VIÑA» de Sonia Roy</strong></h2>
<h3><strong>Ingredientes: </strong></h3>
<ul>
<li>570 gr. de queso crema (yo he mezclado Philadelphia® y Mascarpone)</li>
<li>4 huevos grandes</li>
<li>230 gr. de azúcar</li>
<li>280 ml. de nata líquida (mínimo 35% de grasa)</li>
<li>1 cucharada de harina de trigo (unos 15 gr). Para celiacos se puede sustituir por Maicena®</li>
</ul>
<p>&nbsp;</p>
<h3><strong>Preparación:</strong></h3>
<ol>
<li>Precalentamos el horno a 200º.</li>
<li>Utilizaremos un bol grande y unas varillas eléctricas. Ponemos el queso crema y el azúcar. Batimos hasta homogeneizar.</li>
<li>Integramos los huevos, uno por uno.</li>
<li>Por último, la nata y la harina tamizada con un colador.</li>
<li>Preparamos un molde redondo de 18 cm. de diámetro y paredes altas, forrado con papel de horno humedecido y arrugado (para que sea más manejable). Dejamos que sobresalga el sobrante.</li>
<li>Vertemos la mezcla en el molde y colocamos en la parte baja del horno, en la primera ranura.</li>
<li>Horneamos durante 40 minutos. Si nos gusta un poco más tostadita, podemos aumentar la temperatura a 210º.</li>
<li>Cuando esté cuajada la tarta, aunque pueda parecer que está blanda, apagamos el horno y dejamos enfriar en su interior con la puerta del horno entreabierta. Una vez fuera del horno, la tarta tiene a bajar, es normal.</li>
</ol>
<ol start="9">
<li>Guardamos en la nevera hasta que esté completamente fría y ya podremos desmoldar con mucho cuidado ya que es muy cremosa.</li>
</ol>
<p><strong>Consejos: </strong>Es importante que todos los ingredientes estén a temperatura ambiente.</p>
<p>Si utilizamos un robot de cocina tipo Thermomix® o Mambo® echaremos todos los ingredientes en el vaso y programaremos 30 segundos en velocidad 5-6.</p>

<p>TARTA DE QUESO «LA VIÑA» de Sonia Roy Ingredientes:  570 gr. de queso crema (yo he mezclado Philadelphia® y Mascarpone) 4 huevos grandes 230 gr. de azúcar 280 ml. de nata líquida (mínimo 35% de grasa) 1 cucharada de harina de trigo (unos 15 gr). Para celiacos se puede sustituir por Maicena® &nbsp; Preparación: Precalentamos [&hellip;]</p>
