{"id":4768,"date":"2022-11-25T09:25:18","date_gmt":"2022-11-25T09:25:18","guid":{"rendered":"http:\/\/avvdelicias.org\/?post_type=project&#038;p=4768"},"modified":"2022-11-25T09:25:18","modified_gmt":"2022-11-25T09:25:18","slug":"jornada-de-la-red-aragonesa-deproyectos-de-promocion-de-la-salud","status":"publish","type":"project","link":"https:\/\/avvdelicias.org\/?project=jornada-de-la-red-aragonesa-deproyectos-de-promocion-de-la-salud","title":{"rendered":"Jornada de la Red Aragonesa deProyectos de Promoci\u00f3n de la Salud"},"content":{"rendered":"<p>[et_pb_section admin_label=\u00bbsection\u00bb][et_pb_row admin_label=\u00bbrow\u00bb][et_pb_column type=\u00bb1_3&#8243;][et_pb_image admin_label=\u00bbImagen\u00bb src=\u00bbhttp:\/\/avvdelicias.org\/wp-content\/uploads\/2022\/11\/image-RAPPS.png\u00bb show_in_lightbox=\u00bboff\u00bb url_new_window=\u00bboff\u00bb use_overlay=\u00bboff\u00bb animation=\u00bboff\u00bb sticky=\u00bboff\u00bb align=\u00bbleft\u00bb force_fullwidth=\u00bboff\u00bb always_center_on_mobile=\u00bbon\u00bb use_border_color=\u00bboff\u00bb border_color=\u00bb#ffffff\u00bb border_style=\u00bbsolid\u00bb] [\/et_pb_image][\/et_pb_column][et_pb_column type=\u00bb1_3&#8243;][et_pb_text admin_label=\u00bbTexto\u00bb background_layout=\u00bblight\u00bb text_orientation=\u00bbleft\u00bb use_border_color=\u00bboff\u00bb border_color=\u00bb#ffffff\u00bb border_style=\u00bbsolid\u00bb]<\/p>\n<h4><span class=\" puwcIf\"><strong>Programa de la XX Jornada de la Red Aragonesa de Proyectos de Promoci\u00f3n de la Salud. EnRed y Arte, Comunicarte. Nuevos Aromas para la Red.<\/strong><\/span><\/h4>\n<p class=\"CDt4Ke zfr3Q\" dir=\"ltr\">Las <strong>Jornadas de la RAPPS <\/strong>son una oportunidad para favorecer el intercambio de experiencias entre los diferentes equipos, valorar los avances realizados en los distintos proyectos y profundizar en nuevos enfoques de la promoci\u00f3n para la salud. En esta Jornada de trabajo \u201cNuevos aromas para la Red\u201d recogemos el trabajo basado en las conclusiones obtenidas el a\u00f1o 2021, en el taller \u201c\u00bfA qu\u00e9 huele la Red?\u201d e iniciamos un grupo de acciones que sirvan para fortalecer los factores que tienen que ver con la pertenencia de los proyectos a la RAPPS y motivaci\u00f3n de sus equipos, la innovaci\u00f3n y creatividad de las iniciativas y la integraci\u00f3n de las mismas en las entidades sociales, sanitarias y educativas donde se impulsan, en el entorno local, avanzando as\u00ed el trabajo comunitario en Red.<\/p>\n<p class=\"CDt4Ke zfr3Q\" dir=\"ltr\">\u00a0El 27 de octubre desarroll\u00f3 esta Jornada, en el Centro Joaqu\u00edn Roncal, de Zaragoza. La Asociaci\u00f3n Vecinal Delicias \u00abManuel Viola\u00bb participamos presentando una experiencia:\u00bbCANALES DE COMUNICACI\u00d3N, ACCESIBILIDAD Y PANDEMIA\u00bb. Explicamos\u00a0como se trabajamos\u00a0durante la pandemia desde la <strong>Asociaci\u00f3n de Vecinos \u00abManuel Viola\u00bb<\/strong> en el barrio Delicias. La\u00a0motivaci\u00f3n principal consisti\u00f3 en buscar soluciones para poder mantener a la poblaci\u00f3n informada y con informaci\u00f3n fiable, difundiendo informaci\u00f3n con mensajes claros y adaptados a la diversidad del entorno, ayudaron a la gente con la autocita de las vacunaciones y realizaron trabajos comunitarios.<\/p>\n<p class=\"CDt4Ke zfr3Q\" dir=\"ltr\">En el siguiente enlace se puede encontrar el contenido completo de las Jornadas.<\/p>\n<p>[\/et_pb_text][\/et_pb_column][et_pb_column type=\u00bb1_3&#8243;][et_pb_cta admin_label=\u00bbLlamada a la acci\u00f3n\u00bb title=\u00bbM\u00e1s informaci\u00f3n\u00bb button_url=\u00bbhttps:\/\/sites.google.com\/view\/xxjornadaderapps\/inicio?authuser=0&#8243; url_new_window=\u00bbon\u00bb button_text=\u00bbEnlace al contenido de la Jornada\u00bb use_background_color=\u00bbon\u00bb background_color=\u00bb#9dc0c4&#8243; background_layout=\u00bbdark\u00bb text_orientation=\u00bbcenter\u00bb use_border_color=\u00bboff\u00bb border_color=\u00bb#ffffff\u00bb border_style=\u00bbsolid\u00bb custom_button=\u00bboff\u00bb button_letter_spacing=\u00bb0&#8243; button_use_icon=\u00bbdefault\u00bb button_icon_placement=\u00bbright\u00bb button_on_hover=\u00bbon\u00bb button_letter_spacing_hover=\u00bb0&#8243;] [\/et_pb_cta][et_pb_cta admin_label=\u00bbLlamada a la acci\u00f3n\u00bb title=\u00bbPresentaci\u00f3n Asociaci\u00f3n Vecinal Delicias %22Manuel Viola%22&#8243; button_url=\u00bbhttps:\/\/drive.google.com\/file\/d\/1gNWvgUHSFC7hYdAkS1EFZvCjFf3j6Iy6\/view\u00bb url_new_window=\u00bboff\u00bb button_text=\u00bbPresentaci\u00f3n Asociaci\u00f3n Vecinal Delicias %22Manuel Viola%22&#8243; use_background_color=\u00bbon\u00bb background_color=\u00bb#dfea8f\u00bb background_layout=\u00bblight\u00bb text_orientation=\u00bbright\u00bb use_border_color=\u00bboff\u00bb border_color=\u00bb#ffffff\u00bb border_style=\u00bbsolid\u00bb custom_button=\u00bboff\u00bb button_letter_spacing=\u00bb0&#8243; button_use_icon=\u00bbdefault\u00bb button_icon_placement=\u00bbright\u00bb button_on_hover=\u00bbon\u00bb button_letter_spacing_hover=\u00bb0&#8243;] [\/et_pb_cta][\/et_pb_column][\/et_pb_row][\/et_pb_section]<\/p>\n","protected":false},"excerpt":{"rendered":"<p>[et_pb_section admin_label=\u00bbsection\u00bb][et_pb_row admin_label=\u00bbrow\u00bb][et_pb_column type=\u00bb1_3&#8243;][et_pb_image admin_label=\u00bbImagen\u00bb src=\u00bbhttp:\/\/avvdelicias.org\/wp-content\/uploads\/2022\/11\/image-RAPPS.png\u00bb show_in_lightbox=\u00bboff\u00bb url_new_window=\u00bboff\u00bb use_overlay=\u00bboff\u00bb animation=\u00bboff\u00bb sticky=\u00bboff\u00bb align=\u00bbleft\u00bb force_fullwidth=\u00bboff\u00bb always_center_on_mobile=\u00bbon\u00bb use_border_color=\u00bboff\u00bb border_color=\u00bb#ffffff\u00bb border_style=\u00bbsolid\u00bb] [\/et_pb_image][\/et_pb_column][et_pb_column type=\u00bb1_3&#8243;][et_pb_text admin_label=\u00bbTexto\u00bb background_layout=\u00bblight\u00bb text_orientation=\u00bbleft\u00bb use_border_color=\u00bboff\u00bb border_color=\u00bb#ffffff\u00bb border_style=\u00bbsolid\u00bb] Programa de la XX Jornada de la Red Aragonesa de Proyectos de Promoci\u00f3n de la Salud. EnRed y Arte, Comunicarte. Nuevos Aromas para la Red. Las Jornadas de la RAPPS [&hellip;]<\/p>\n","protected":false},"author":2,"featured_media":4770,"comment_status":"open","ping_status":"closed","template":"","meta":{"_et_pb_use_builder":"on","_et_pb_old_content":"","_et_gb_content_width":""},"project_category":[48,49],"project_tag":[],"_links":{"self":[{"href":"https:\/\/avvdelicias.org\/index.php?rest_route=\/wp\/v2\/project\/4768"}],"collection":[{"href":"https:\/\/avvdelicias.org\/index.php?rest_route=\/wp\/v2\/project"}],"about":[{"href":"https:\/\/avvdelicias.org\/index.php?rest_route=\/wp\/v2\/types\/project"}],"author":[{"embeddable":true,"href":"https:\/\/avvdelicias.org\/index.php?rest_route=\/wp\/v2\/users\/2"}],"replies":[{"embeddable":true,"href":"https:\/\/avvdelicias.org\/index.php?rest_route=%2Fwp%2Fv2%2Fcomments&post=4768"}],"version-history":[{"count":4,"href":"https:\/\/avvdelicias.org\/index.php?rest_route=\/wp\/v2\/project\/4768\/revisions"}],"predecessor-version":[{"id":4773,"href":"https:\/\/avvdelicias.org\/index.php?rest_route=\/wp\/v2\/project\/4768\/revisions\/4773"}],"wp:featuredmedia":[{"embeddable":true,"href":"https:\/\/avvdelicias.org\/index.php?rest_route=\/wp\/v2\/media\/4770"}],"wp:attachment":[{"href":"https:\/\/avvdelicias.org\/index.php?rest_route=%2Fwp%2Fv2%2Fmedia&parent=4768"}],"wp:term":[{"taxonomy":"project_category","embeddable":true,"href":"https:\/\/avvdelicias.org\/index.php?rest_route=%2Fwp%2Fv2%2Fproject_category&post=4768"},{"taxonomy":"project_tag","embeddable":true,"href":"https:\/\/avvdelicias.org\/index.php?rest_route=%2Fwp%2Fv2%2Fproject_tag&post=4768"}],"curies":[{"name":"wp","href":"https:\/\/api.w.org\/{rel}","templated":true}]}}

Jornada de la Red Aragonesa deProyectos de Promoción de la Salud

<p>[et_pb_section admin_label=»section»][et_pb_row admin_label=»row»][et_pb_column type=»1_3&#8243;][et_pb_image admin_label=»Imagen» src=»http://avvdelicias.org/wp-content/uploads/2022/11/image-RAPPS.png» show_in_lightbox=»off» url_new_window=»off» use_overlay=»off» animation=»off» sticky=»off» align=»left» force_fullwidth=»off» always_center_on_mobile=»on» use_border_color=»off» border_color=»#ffffff» border_style=»solid»] [/et_pb_image][/et_pb_column][et_pb_column type=»1_3&#8243;][et_pb_text admin_label=»Texto» background_layout=»light» text_orientation=»left» use_border_color=»off» border_color=»#ffffff» border_style=»solid»]</p>
<h4><span class=" puwcIf"><strong>Programa de la XX Jornada de la Red Aragonesa de Proyectos de Promoción de la Salud. EnRed y Arte, Comunicarte. Nuevos Aromas para la Red.</strong></span></h4>
<p class="CDt4Ke zfr3Q" dir="ltr">Las <strong>Jornadas de la RAPPS </strong>son una oportunidad para favorecer el intercambio de experiencias entre los diferentes equipos, valorar los avances realizados en los distintos proyectos y profundizar en nuevos enfoques de la promoción para la salud. En esta Jornada de trabajo “Nuevos aromas para la Red” recogemos el trabajo basado en las conclusiones obtenidas el año 2021, en el taller “¿A qué huele la Red?” e iniciamos un grupo de acciones que sirvan para fortalecer los factores que tienen que ver con la pertenencia de los proyectos a la RAPPS y motivación de sus equipos, la innovación y creatividad de las iniciativas y la integración de las mismas en las entidades sociales, sanitarias y educativas donde se impulsan, en el entorno local, avanzando así el trabajo comunitario en Red.</p>
<p class="CDt4Ke zfr3Q" dir="ltr"> El 27 de octubre desarrolló esta Jornada, en el Centro Joaquín Roncal, de Zaragoza. La Asociación Vecinal Delicias «Manuel Viola» participamos presentando una experiencia:»CANALES DE COMUNICACIÓN, ACCESIBILIDAD Y PANDEMIA». Explicamos como se trabajamos durante la pandemia desde la <strong>Asociación de Vecinos «Manuel Viola»</strong> en el barrio Delicias. La motivación principal consistió en buscar soluciones para poder mantener a la población informada y con información fiable, difundiendo información con mensajes claros y adaptados a la diversidad del entorno, ayudaron a la gente con la autocita de las vacunaciones y realizaron trabajos comunitarios.</p>
<p class="CDt4Ke zfr3Q" dir="ltr">En el siguiente enlace se puede encontrar el contenido completo de las Jornadas.</p>
<p>[/et_pb_text][/et_pb_column][et_pb_column type=»1_3&#8243;][et_pb_cta admin_label=»Llamada a la acción» title=»Más información» button_url=»https://sites.google.com/view/xxjornadaderapps/inicio?authuser=0&#8243; url_new_window=»on» button_text=»Enlace al contenido de la Jornada» use_background_color=»on» background_color=»#9dc0c4&#8243; background_layout=»dark» text_orientation=»center» use_border_color=»off» border_color=»#ffffff» border_style=»solid» custom_button=»off» button_letter_spacing=»0&#8243; button_use_icon=»default» button_icon_placement=»right» button_on_hover=»on» button_letter_spacing_hover=»0&#8243;] [/et_pb_cta][et_pb_cta admin_label=»Llamada a la acción» title=»Presentación Asociación Vecinal Delicias %22Manuel Viola%22&#8243; button_url=»https://drive.google.com/file/d/1gNWvgUHSFC7hYdAkS1EFZvCjFf3j6Iy6/view» url_new_window=»off» button_text=»Presentación Asociación Vecinal Delicias %22Manuel Viola%22&#8243; use_background_color=»on» background_color=»#dfea8f» background_layout=»light» text_orientation=»right» use_border_color=»off» border_color=»#ffffff» border_style=»solid» custom_button=»off» button_letter_spacing=»0&#8243; button_use_icon=»default» button_icon_placement=»right» button_on_hover=»on» button_letter_spacing_hover=»0&#8243;] [/et_pb_cta][/et_pb_column][/et_pb_row][/et_pb_section]</p>

<p>[et_pb_section admin_label=»section»][et_pb_row admin_label=»row»][et_pb_column type=»1_3&#8243;][et_pb_image admin_label=»Imagen» src=»http://avvdelicias.org/wp-content/uploads/2022/11/image-RAPPS.png» show_in_lightbox=»off» url_new_window=»off» use_overlay=»off» animation=»off» sticky=»off» align=»left» force_fullwidth=»off» always_center_on_mobile=»on» use_border_color=»off» border_color=»#ffffff» border_style=»solid»] [/et_pb_image][/et_pb_column][et_pb_column type=»1_3&#8243;][et_pb_text admin_label=»Texto» background_layout=»light» text_orientation=»left» use_border_color=»off» border_color=»#ffffff» border_style=»solid»] Programa de la XX Jornada de la Red Aragonesa de Proyectos de Promoción de la Salud. EnRed y Arte, Comunicarte. Nuevos Aromas para la Red. Las Jornadas de la RAPPS [&hellip;]</p>
