{"id":4802,"date":"2022-11-28T12:21:12","date_gmt":"2022-11-28T12:21:12","guid":{"rendered":"http:\/\/avvdelicias.org\/?post_type=project&#038;p=4802"},"modified":"2022-11-28T12:21:12","modified_gmt":"2022-11-28T12:21:12","slug":"jornada-de-sensibilizacion-soledad-no-deseada-de-las-personas-mayores-en-delicias","status":"publish","type":"project","link":"https:\/\/avvdelicias.org\/?project=jornada-de-sensibilizacion-soledad-no-deseada-de-las-personas-mayores-en-delicias","title":{"rendered":"Jornada de Sensibilizaci\u00f3n, Soledad no deseada de las personas mayores en Delicias."},"content":{"rendered":"<p>[et_pb_section admin_label=\u00bbsection\u00bb][et_pb_row admin_label=\u00bbrow\u00bb][et_pb_column type=\u00bb1_3&#8243;][et_pb_image admin_label=\u00bbImagen\u00bb src=\u00bbhttp:\/\/avvdelicias.org\/wp-content\/uploads\/2022\/11\/JornadasSNdtitulo.jpg\u00bb show_in_lightbox=\u00bboff\u00bb url_new_window=\u00bboff\u00bb use_overlay=\u00bboff\u00bb animation=\u00bbleft\u00bb sticky=\u00bboff\u00bb align=\u00bbleft\u00bb force_fullwidth=\u00bboff\u00bb always_center_on_mobile=\u00bbon\u00bb use_border_color=\u00bboff\u00bb border_color=\u00bb#ffffff\u00bb border_style=\u00bbsolid\u00bb] [\/et_pb_image][\/et_pb_column][et_pb_column type=\u00bb1_3&#8243;][et_pb_text admin_label=\u00bbTexto\u00bb background_layout=\u00bblight\u00bb text_orientation=\u00bbleft\u00bb use_border_color=\u00bboff\u00bb border_color=\u00bb#ffffff\u00bb border_style=\u00bbsolid\u00bb]<\/p>\n<p style=\"font-weight: 400;\"><strong>Primera Jornada:<\/strong><\/p>\n<h3 style=\"font-weight: 400;\"><strong>Sensibilizaci\u00f3n SOLEDAD NO DESEADA de las personas mayores en Delicias.<\/strong><\/h3>\n<p style=\"font-weight: 400;\">El jueves <strong>24 de noviembre<\/strong> se desarroll\u00f3 la primera <strong>Jornada de Sensibilizaci\u00f3n sobre la Soledad no deseada de las personas mayores en Delicias<\/strong>, en el Centro C\u00edvico Delicias.<\/p>\n<p style=\"font-weight: 400;\">El objetivo principal de la Jornada fue la sensibilizaci\u00f3n e informaci\u00f3n al entorno respecto al fen\u00f3meno de la soledad no deseada, facilitando su comprensi\u00f3n y la implicaci\u00f3n social. La organizaci\u00f3n de esta primera jornada dirigida al barrio en general se pretend\u00eda realizar un primer acercamiento al conocimiento de esta situaci\u00f3n para promover el an\u00e1lisis, el debate, la reflexi\u00f3n conjunta, en definitiva, para promover un ambiente que genere en Delicias una cultura de los cuidados y de preocupaci\u00f3n por las personas mayores y que en un futuro, nos puede afectar a muchos vecinos y vecinas del Barrio.<\/p>\n<p style=\"font-weight: 400;\">Se cont\u00f3 con la colaboraci\u00f3n del Lugarteniente del Justicia de Arag\u00f3n, Javier Hern\u00e1ndez, acerc\u00e1ndonos al fen\u00f3meno de la soledad no deseada desde la perspectiva del justiciazgo, enmarcada en el Observatorio Aragon\u00e9s de la Soledad.<\/p>\n<p style=\"font-weight: 400;\">Se present\u00f3 la experiencia del proyecto \u201cAcompa\u00f1amiento telef\u00f3nico\u201d de la Fundaci\u00f3n Rey Ardid, con la Trabajadora Social Laura Correas.<\/p>\n<p style=\"font-weight: 400;\">Tambi\u00e9n la Asociaci\u00f3n Vecinal Delicias <em>\u201cManuel Viola\u201d<\/em> hizo la presentaci\u00f3n del proyecto \u201cPrevenci\u00f3n de la soledad no deseada de las personas mayores en Delicias\u201d<\/p>\n<p style=\"font-weight: 400;\">Agradecemos a todas las personas que asistieron a la Jornada por su inter\u00e9s y su participaci\u00f3n.<\/p>\n<p>[\/et_pb_text][\/et_pb_column][et_pb_column type=\u00bb1_3&#8243;][et_pb_gallery admin_label=\u00bbGaler\u00eda \u00bb gallery_ids=\u00bb4797,4796,4795,4794,4793,4792,4791,4790,4789,4788,4787,4786,4785,4784,4782,4781,4780,4779,4778,4777,4776,4775,4783,4774&#8243; fullwidth=\u00bbon\u00bb show_title_and_caption=\u00bbon\u00bb show_pagination=\u00bbon\u00bb background_layout=\u00bblight\u00bb auto=\u00bbon\u00bb auto_speed=\u00bb3000&#8243; hover_overlay_color=\u00bbrgba(255,255,255,0.9)\u00bb use_border_color=\u00bboff\u00bb border_color=\u00bb#ffffff\u00bb border_style=\u00bbsolid\u00bb] [\/et_pb_gallery][\/et_pb_column][\/et_pb_row][\/et_pb_section]<\/p>\n","protected":false},"excerpt":{"rendered":"<p>[et_pb_section admin_label=\u00bbsection\u00bb][et_pb_row admin_label=\u00bbrow\u00bb][et_pb_column type=\u00bb1_3&#8243;][et_pb_image admin_label=\u00bbImagen\u00bb src=\u00bbhttp:\/\/avvdelicias.org\/wp-content\/uploads\/2022\/11\/JornadasSNdtitulo.jpg\u00bb show_in_lightbox=\u00bboff\u00bb url_new_window=\u00bboff\u00bb use_overlay=\u00bboff\u00bb animation=\u00bbleft\u00bb sticky=\u00bboff\u00bb align=\u00bbleft\u00bb force_fullwidth=\u00bboff\u00bb always_center_on_mobile=\u00bbon\u00bb use_border_color=\u00bboff\u00bb border_color=\u00bb#ffffff\u00bb border_style=\u00bbsolid\u00bb] [\/et_pb_image][\/et_pb_column][et_pb_column type=\u00bb1_3&#8243;][et_pb_text admin_label=\u00bbTexto\u00bb background_layout=\u00bblight\u00bb text_orientation=\u00bbleft\u00bb use_border_color=\u00bboff\u00bb border_color=\u00bb#ffffff\u00bb border_style=\u00bbsolid\u00bb] Primera Jornada: Sensibilizaci\u00f3n SOLEDAD NO DESEADA de las personas mayores en Delicias. El jueves 24 de noviembre se desarroll\u00f3 la primera Jornada de Sensibilizaci\u00f3n sobre la Soledad no deseada de [&hellip;]<\/p>\n","protected":false},"author":2,"featured_media":4754,"comment_status":"open","ping_status":"closed","template":"","meta":{"_et_pb_use_builder":"on","_et_pb_old_content":"","_et_gb_content_width":""},"project_category":[48],"project_tag":[],"_links":{"self":[{"href":"https:\/\/avvdelicias.org\/index.php?rest_route=\/wp\/v2\/project\/4802"}],"collection":[{"href":"https:\/\/avvdelicias.org\/index.php?rest_route=\/wp\/v2\/project"}],"about":[{"href":"https:\/\/avvdelicias.org\/index.php?rest_route=\/wp\/v2\/types\/project"}],"author":[{"embeddable":true,"href":"https:\/\/avvdelicias.org\/index.php?rest_route=\/wp\/v2\/users\/2"}],"replies":[{"embeddable":true,"href":"https:\/\/avvdelicias.org\/index.php?rest_route=%2Fwp%2Fv2%2Fcomments&post=4802"}],"version-history":[{"count":3,"href":"https:\/\/avvdelicias.org\/index.php?rest_route=\/wp\/v2\/project\/4802\/revisions"}],"predecessor-version":[{"id":4805,"href":"https:\/\/avvdelicias.org\/index.php?rest_route=\/wp\/v2\/project\/4802\/revisions\/4805"}],"wp:featuredmedia":[{"embeddable":true,"href":"https:\/\/avvdelicias.org\/index.php?rest_route=\/wp\/v2\/media\/4754"}],"wp:attachment":[{"href":"https:\/\/avvdelicias.org\/index.php?rest_route=%2Fwp%2Fv2%2Fmedia&parent=4802"}],"wp:term":[{"taxonomy":"project_category","embeddable":true,"href":"https:\/\/avvdelicias.org\/index.php?rest_route=%2Fwp%2Fv2%2Fproject_category&post=4802"},{"taxonomy":"project_tag","embeddable":true,"href":"https:\/\/avvdelicias.org\/index.php?rest_route=%2Fwp%2Fv2%2Fproject_tag&post=4802"}],"curies":[{"name":"wp","href":"https:\/\/api.w.org\/{rel}","templated":true}]}}

Jornada de Sensibilización, Soledad no deseada de las personas mayores en Delicias.

<p>[et_pb_section admin_label=»section»][et_pb_row admin_label=»row»][et_pb_column type=»1_3&#8243;][et_pb_image admin_label=»Imagen» src=»http://avvdelicias.org/wp-content/uploads/2022/11/JornadasSNdtitulo.jpg» show_in_lightbox=»off» url_new_window=»off» use_overlay=»off» animation=»left» sticky=»off» align=»left» force_fullwidth=»off» always_center_on_mobile=»on» use_border_color=»off» border_color=»#ffffff» border_style=»solid»] [/et_pb_image][/et_pb_column][et_pb_column type=»1_3&#8243;][et_pb_text admin_label=»Texto» background_layout=»light» text_orientation=»left» use_border_color=»off» border_color=»#ffffff» border_style=»solid»]</p>
<p style="font-weight: 400;"><strong>Primera Jornada:</strong></p>
<h3 style="font-weight: 400;"><strong>Sensibilización SOLEDAD NO DESEADA de las personas mayores en Delicias.</strong></h3>
<p style="font-weight: 400;">El jueves <strong>24 de noviembre</strong> se desarrolló la primera <strong>Jornada de Sensibilización sobre la Soledad no deseada de las personas mayores en Delicias</strong>, en el Centro Cívico Delicias.</p>
<p style="font-weight: 400;">El objetivo principal de la Jornada fue la sensibilización e información al entorno respecto al fenómeno de la soledad no deseada, facilitando su comprensión y la implicación social. La organización de esta primera jornada dirigida al barrio en general se pretendía realizar un primer acercamiento al conocimiento de esta situación para promover el análisis, el debate, la reflexión conjunta, en definitiva, para promover un ambiente que genere en Delicias una cultura de los cuidados y de preocupación por las personas mayores y que en un futuro, nos puede afectar a muchos vecinos y vecinas del Barrio.</p>
<p style="font-weight: 400;">Se contó con la colaboración del Lugarteniente del Justicia de Aragón, Javier Hernández, acercándonos al fenómeno de la soledad no deseada desde la perspectiva del justiciazgo, enmarcada en el Observatorio Aragonés de la Soledad.</p>
<p style="font-weight: 400;">Se presentó la experiencia del proyecto “Acompañamiento telefónico” de la Fundación Rey Ardid, con la Trabajadora Social Laura Correas.</p>
<p style="font-weight: 400;">También la Asociación Vecinal Delicias <em>“Manuel Viola”</em> hizo la presentación del proyecto “Prevención de la soledad no deseada de las personas mayores en Delicias”</p>
<p style="font-weight: 400;">Agradecemos a todas las personas que asistieron a la Jornada por su interés y su participación.</p>
<p>[/et_pb_text][/et_pb_column][et_pb_column type=»1_3&#8243;][et_pb_gallery admin_label=»Galería » gallery_ids=»4797,4796,4795,4794,4793,4792,4791,4790,4789,4788,4787,4786,4785,4784,4782,4781,4780,4779,4778,4777,4776,4775,4783,4774&#8243; fullwidth=»on» show_title_and_caption=»on» show_pagination=»on» background_layout=»light» auto=»on» auto_speed=»3000&#8243; hover_overlay_color=»rgba(255,255,255,0.9)» use_border_color=»off» border_color=»#ffffff» border_style=»solid»] [/et_pb_gallery][/et_pb_column][/et_pb_row][/et_pb_section]</p>

<p>[et_pb_section admin_label=»section»][et_pb_row admin_label=»row»][et_pb_column type=»1_3&#8243;][et_pb_image admin_label=»Imagen» src=»http://avvdelicias.org/wp-content/uploads/2022/11/JornadasSNdtitulo.jpg» show_in_lightbox=»off» url_new_window=»off» use_overlay=»off» animation=»left» sticky=»off» align=»left» force_fullwidth=»off» always_center_on_mobile=»on» use_border_color=»off» border_color=»#ffffff» border_style=»solid»] [/et_pb_image][/et_pb_column][et_pb_column type=»1_3&#8243;][et_pb_text admin_label=»Texto» background_layout=»light» text_orientation=»left» use_border_color=»off» border_color=»#ffffff» border_style=»solid»] Primera Jornada: Sensibilización SOLEDAD NO DESEADA de las personas mayores en Delicias. El jueves 24 de noviembre se desarrolló la primera Jornada de Sensibilización sobre la Soledad no deseada de [&hellip;]</p>
