{"id":5039,"date":"2023-02-14T17:03:46","date_gmt":"2023-02-14T17:03:46","guid":{"rendered":"http:\/\/avvdelicias.org\/?post_type=project&#038;p=5039"},"modified":"2023-02-14T17:06:37","modified_gmt":"2023-02-14T17:06:37","slug":"soy-cientifica-vivo-en-tu-barrio","status":"publish","type":"project","link":"https:\/\/avvdelicias.org\/?project=soy-cientifica-vivo-en-tu-barrio","title":{"rendered":"Soy cient\u00edfica. Vivo en tu barrio."},"content":{"rendered":"<p>[et_pb_section admin_label=\u00bbsection\u00bb][et_pb_row admin_label=\u00bbrow\u00bb][et_pb_column type=\u00bb1_2&#8243;][et_pb_image admin_label=\u00bbImagen\u00bb src=\u00bbhttp:\/\/avvdelicias.org\/wp-content\/uploads\/2023\/02\/Cartel11FAVecinal.png\u00bb show_in_lightbox=\u00bboff\u00bb url_new_window=\u00bboff\u00bb use_overlay=\u00bboff\u00bb animation=\u00bbleft\u00bb sticky=\u00bboff\u00bb align=\u00bbleft\u00bb force_fullwidth=\u00bboff\u00bb always_center_on_mobile=\u00bbon\u00bb use_border_color=\u00bboff\u00bb border_color=\u00bb#ffffff\u00bb border_style=\u00bbsolid\u00bb] [\/et_pb_image][et_pb_gallery admin_label=\u00bbGaler\u00eda\u00bb gallery_ids=\u00bb5040,5041,5042,5043,5044,5045,5046,5047,5048,5049,5050,5051,5052,5053,5054,5055,5056&#8243; fullwidth=\u00bbon\u00bb show_title_and_caption=\u00bbon\u00bb show_pagination=\u00bbon\u00bb background_layout=\u00bblight\u00bb auto=\u00bboff\u00bb hover_overlay_color=\u00bbrgba(255,255,255,0.9)\u00bb use_border_color=\u00bboff\u00bb border_color=\u00bb#ffffff\u00bb border_style=\u00bbsolid\u00bb] [\/et_pb_gallery][et_pb_video admin_label=\u00bbV\u00eddeo\u00bb src=\u00bbhttp:\/\/avvdelicias.org\/wp-content\/uploads\/2023\/02\/Exposicion-11F.mov\u00bb \/][\/et_pb_column][et_pb_column type=\u00bb1_2&#8243;][et_pb_text admin_label=\u00bbTexto\u00bb background_layout=\u00bblight\u00bb text_orientation=\u00bbleft\u00bb use_border_color=\u00bboff\u00bb border_color=\u00bb#ffffff\u00bb border_style=\u00bbsolid\u00bb]<\/p>\n<h2 style=\"font-weight: 400; text-align: justify;\"><strong>Soy Cient\u00edfica. Vivo en tu barrio (11F)\u00a0<\/strong><\/h2>\n<p style=\"font-weight: 400;\"><strong>Edici\u00f3n 2023<\/strong><\/p>\n<p style=\"font-weight: 400; text-align: justify;\">La campa\u00f1a fotogr\u00e1fica\u00a0<strong><u>\u201cSoy Cient\u00edfica. Vivo en tu barrio\u201d<\/u><\/strong>\u00a0que muestra a 11 cient\u00edficas de la Universidad de Zaragoza como\u00a0<strong>referentes reales y cercanos<\/strong>\u00a0se podr\u00e1 disfrutar este a\u00f1o no solo desde los\u00a0<strong>soportes publicitarios<\/strong>\u00a0(mupis) de la ciudad sino tambi\u00e9n en una muestra\u00a0<strong>en cubos expositores de gran tama\u00f1o,\u00a0<\/strong>instalados en un espacio peatonal y c\u00e9ntrico de la capital aragonesa como es la\u00a0<strong>plaza Santa Engracia,\u00a0<\/strong>adem\u00e1s de continuar en las redes con el<strong>\u00a0hashtag #Cient\u00edficaEnTuBarrio.<\/strong><\/p>\n<p style=\"font-weight: 400; text-align: justify;\">Para conmemorar el D\u00eda Internacional de la Mujer y la Ni\u00f1a en la Ciencia, 11F, y por tercer a\u00f1o consecutivo, esta iniciativa busca\u00a0por un lado\u00a0<strong>reflejar la proximidad y la cercan\u00eda con las cient\u00edficas, como referentes de carne y hueso\u00a0<\/strong>y, por\u00a0otro, romper con\u00a0<strong>estereotipos contraproducentes<\/strong>, que presentan a las cient\u00edficas como\u00a0<strong>hero\u00ednas, frikis o con escasa vida social<\/strong>, lo que puede desmotivar a las ni\u00f1as y adolescentes, haci\u00e9ndoles renunciar a su posible vocaci\u00f3n cient\u00edfica.<\/p>\n<p style=\"font-weight: 400; text-align: justify;\">Tanto los mupis, distribuidos en distintos barrios de Zaragoza, como los cubos expositores de la plaza Santa Engracia mostrar\u00e1n hasta el d\u00eda 20 de febrero,\u00a0<strong>fotograf\u00edas en blanco y negro y de gran formato de 11 cient\u00edficas de distintas disciplinas que trabajan en la Universidad de Zaragoza<\/strong>, tomadas fuera del laboratorio, en diversos rincones de la ciudad, sin la caracter\u00edstica bata blanca, para revindicar el papel de la mujer en la ciencia, romper con la brecha de g\u00e9nero y ofrecer referentes cercanos a las ni\u00f1as y adolescentes.<\/p>\n<p style=\"font-weight: 400; text-align: justify;\"><strong>Esta muestra gr\u00e1fica,\u00a0<\/strong>dise\u00f1ada por la\u00a0<strong>Unidad de Cultura Cient\u00edfica del campus p\u00fablico aragon\u00e9s,\u00a0<\/strong>en colaboraci\u00f3n con la Direcci\u00f3n General de Cultura y la Casa de la Mujer del Ayuntamiento de Zaragoza, la Fundaci\u00f3n Espa\u00f1ola para la Ciencia y la Tecnolog\u00eda (FECYT) del Ministerio de Ciencia e Innovaci\u00f3n y el Gobierno de Arag\u00f3n, ha vuelto a salir a las calles de la ciudad, tras la excelente acogida que esta iniciativa registr\u00f3 en las ediciones anteriores, y que naci\u00f3 en un intento de\u00a0<strong>sortear las limitaciones derivadas de la pandemia por Covid-19.<\/strong><\/p>\n<p style=\"font-weight: 400; text-align: justify;\">La iniciativa ha sido presentada hoy en la plaza Santa Engracia por el rector de la Universidad de Zaragoza,\u00a0<strong>Jos\u00e9 Antonio Mayoral;\u00a0<\/strong>la vicerrectora de Pol\u00edtica Cient\u00edfica,\u00a0<strong>Rosa Bolea<\/strong>; la consejera de Ciencia, Universidad y Sociedad del Conocimiento del Gobierno de Arag\u00f3n,\u00a0<strong>Maru D\u00edaz<\/strong>; la vicealcaldesa y consejera de Cultura y Proyecci\u00f3n Exterior del Ayuntamiento de Zaragoza,\u00a0<strong>Sara Fern\u00e1ndez<\/strong>\u00a0y la concejala de Mujer e Igualdad del consistorio zaragozano,\u00a0<strong>Mar\u00eda Fe Anto\u00f1anzas.\u00a0<\/strong>Adem\u00e1s ha asistido la directora general de Cultura del Ayuntamiento de Zaragoza,\u00a0<strong>Elena de Marta\u00a0<\/strong>y los directores de los institutos universitarios de investigaci\u00f3n propios y mixtos de Unizar<\/p>\n<p style=\"font-weight: 400; text-align: justify;\">La\u00a0<strong>catedr\u00e1tica de Historia del Arte y<\/strong>\u00a0<strong>directora<\/strong>\u00a0del Instituto de Investigaci\u00f3n en Patrimonio y Humanidades (<strong>IPH<\/strong>) de la Universidad de Zaragoza,\u00a0<strong>Concha Lomba<\/strong>, ha intervenido en este acto, en representaci\u00f3n de las cient\u00edficas de Unizar participantes en la campa\u00f1a:\u00a0<strong>Mar\u00eda Z\u00fa\u00f1iga Ant\u00f3n<\/strong>, Ge\u00f3grafa, IUCA-UNIZAR;\u00a0<strong>M\u00aa \u00c1ngeles P\u00e9rez Ans\u00f3n,\u00a0<\/strong>Ingeniera Industrial, I3A-UNIZAR;\u00a0<strong>Conchita Garc\u00e9s Ayerbe<\/strong>, Economista, IEDIS-UNIZAR;\u00a0<strong>Beatriz Herguedas Franc\u00e9s<\/strong>, Bioqu\u00edmica, BIFI-UNIZAR;\u00a0<strong>Conchita Mart\u00ednez P\u00e9rez,<\/strong>\u00a0Matem\u00e1tica,IUMA-UNIZAR;\u00a0<strong>Ana M. Geer Ramos<\/strong>, Qu\u00edmica, ISQCH (CSIC-UNIZAR);\u00a0<strong>Gloria Luz\u00f3n Marco<\/strong>, F\u00edsica, CAPA-UNIZAR y\u00a0<strong>Luc\u00eda Guti\u00e9rrez Marruedo<\/strong>, Qu\u00edmica, INMA (CSIC-UNIZAR);\u00a0<strong>Inma Arauzo Pelet,<\/strong>\u00a0Ingeniera Industrial, IUIM CIRCE-UNIZAR.<\/p>\n<p style=\"font-weight: 400; text-align: justify;\">Una vez m\u00e1s, se ha invitado a las investigadoras a posar en diferentes lugares, con un\u00a0<strong>gui\u00f1o al mobiliario urbano<\/strong>\u00a0de Zaragoza, que revelara la\u00a0<strong>cotidianeidad, los referentes conocidos o realizando actividades habituales<\/strong>: paseando con los hijos, tomando un caf\u00e9, comprando queso, yendo en bicicleta, jugando con su perro, recargando la tarjeta del tranv\u00eda, visitando un museo, at\u00e1ndose las deportivas para ir a correr o abriendo la puerta de casa, entre otras cuestiones.<\/p>\n<p style=\"font-weight: 400; text-align: justify;\">Por primera vez, y tras la colaboraci\u00f3n de las dos ediciones anteriores del fot\u00f3grafo Fabi\u00e1n Sim\u00f3n, a partir de ahora se invitar\u00e1 a participar a mujeres profesionales de la fotograf\u00eda, como en esta edici\u00f3n, que se ha contado con\u00a0<strong>Chus Marchador.<\/strong><\/p>\n<p style=\"font-weight: 400; text-align: justify;\">Esta campa\u00f1a ha recibido una gran acogida desde su puesta en marcha y\u00a0<strong>varios reconocimientos<\/strong>\u00a0\u2013 Premio Tercer Milenio Divulgaci\u00f3n en Arag\u00f3n (7 Nov.2022) y segunda actividad de divulgaci\u00f3n m\u00e1s innovadora de Espa\u00f1a dentro de las jornadas anuales de Comunicaci\u00f3n de Ciencia en Red (Comcired),\u00a0con profesionales de las 116 Unidades de Cultura Cient\u00edfica (UCCs), organizadas por la Fundaci\u00f3n Espa\u00f1ola para la Ciencia y la Tecnolog\u00eda (FECYT) del Ministerio de Ciencia e Innovaci\u00f3n (octb 2022). Adem\u00e1s, en esta semana va a ser\u00a0<strong>replicada en marquesinas de la ciudad de Vigo<\/strong>, as\u00ed como por la\u00a0<strong>Asociaci\u00f3n de vecinos Manuel Viola del barrio de Delicias de Zaragoza<\/strong>, con una exposici\u00f3n en sus dependencias, y por primera vez tambi\u00e9n se participa en los\u00a0<strong>Paseos con ciencia de Escaparates\u00a0MadeinZgz-11F.\u00a0<\/strong><\/p>\n<p style=\"font-weight: 400; text-align: justify;\">Adem\u00e1s, las cient\u00edficas participar\u00e1n en la mesa redonda \u201cDialogando con cient\u00edficas de tu barrio\u201d\u00a0<strong>este jueves 9, a las 18:30h en la Casa de la Mujer<\/strong>, y en el Rinc\u00f3n de la ciencia, del\u00a0<strong>Mercado Agroalimentario de Campus San Francisco<\/strong>\u00a0de Unizar, el\u00a0<strong>viernes, 10, entre las 10:00 y las 12:15h<\/strong>donde conversar\u00e1n con alumnado de Secundaria.<\/p>\n<p style=\"font-weight: 400; text-align: justify;\"><strong>Tambi\u00e9n el s\u00e1bado d\u00eda 11F, en la plaza Santa Engracia, a las 12:00h<\/strong>, las cient\u00edficas conversar\u00e1n con todo el p\u00fablico que desee acercarse a la exposici\u00f3n en la calle.<\/p>\n<p>[\/et_pb_text][\/et_pb_column][\/et_pb_row][\/et_pb_section]<\/p>\n","protected":false},"excerpt":{"rendered":"<p>[et_pb_section admin_label=\u00bbsection\u00bb][et_pb_row admin_label=\u00bbrow\u00bb][et_pb_column type=\u00bb1_2&#8243;][et_pb_image admin_label=\u00bbImagen\u00bb src=\u00bbhttp:\/\/avvdelicias.org\/wp-content\/uploads\/2023\/02\/Cartel11FAVecinal.png\u00bb show_in_lightbox=\u00bboff\u00bb url_new_window=\u00bboff\u00bb use_overlay=\u00bboff\u00bb animation=\u00bbleft\u00bb sticky=\u00bboff\u00bb align=\u00bbleft\u00bb force_fullwidth=\u00bboff\u00bb always_center_on_mobile=\u00bbon\u00bb use_border_color=\u00bboff\u00bb border_color=\u00bb#ffffff\u00bb border_style=\u00bbsolid\u00bb] [\/et_pb_image][et_pb_gallery admin_label=\u00bbGaler\u00eda\u00bb gallery_ids=\u00bb5040,5041,5042,5043,5044,5045,5046,5047,5048,5049,5050,5051,5052,5053,5054,5055,5056&#8243; fullwidth=\u00bbon\u00bb show_title_and_caption=\u00bbon\u00bb show_pagination=\u00bbon\u00bb background_layout=\u00bblight\u00bb auto=\u00bboff\u00bb hover_overlay_color=\u00bbrgba(255,255,255,0.9)\u00bb use_border_color=\u00bboff\u00bb border_color=\u00bb#ffffff\u00bb border_style=\u00bbsolid\u00bb] [\/et_pb_gallery][et_pb_video admin_label=\u00bbV\u00eddeo\u00bb src=\u00bbhttp:\/\/avvdelicias.org\/wp-content\/uploads\/2023\/02\/Exposicion-11F.mov\u00bb \/][\/et_pb_column][et_pb_column type=\u00bb1_2&#8243;][et_pb_text admin_label=\u00bbTexto\u00bb background_layout=\u00bblight\u00bb text_orientation=\u00bbleft\u00bb use_border_color=\u00bboff\u00bb border_color=\u00bb#ffffff\u00bb border_style=\u00bbsolid\u00bb] Soy Cient\u00edfica. Vivo en tu barrio (11F)\u00a0 Edici\u00f3n 2023 La campa\u00f1a fotogr\u00e1fica\u00a0\u201cSoy Cient\u00edfica. Vivo en [&hellip;]<\/p>\n","protected":false},"author":2,"featured_media":5041,"comment_status":"open","ping_status":"closed","template":"","meta":{"_et_pb_use_builder":"on","_et_pb_old_content":"","_et_gb_content_width":""},"project_category":[51],"project_tag":[],"_links":{"self":[{"href":"https:\/\/avvdelicias.org\/index.php?rest_route=\/wp\/v2\/project\/5039"}],"collection":[{"href":"https:\/\/avvdelicias.org\/index.php?rest_route=\/wp\/v2\/project"}],"about":[{"href":"https:\/\/avvdelicias.org\/index.php?rest_route=\/wp\/v2\/types\/project"}],"author":[{"embeddable":true,"href":"https:\/\/avvdelicias.org\/index.php?rest_route=\/wp\/v2\/users\/2"}],"replies":[{"embeddable":true,"href":"https:\/\/avvdelicias.org\/index.php?rest_route=%2Fwp%2Fv2%2Fcomments&post=5039"}],"version-history":[{"count":7,"href":"https:\/\/avvdelicias.org\/index.php?rest_route=\/wp\/v2\/project\/5039\/revisions"}],"predecessor-version":[{"id":5068,"href":"https:\/\/avvdelicias.org\/index.php?rest_route=\/wp\/v2\/project\/5039\/revisions\/5068"}],"wp:featuredmedia":[{"embeddable":true,"href":"https:\/\/avvdelicias.org\/index.php?rest_route=\/wp\/v2\/media\/5041"}],"wp:attachment":[{"href":"https:\/\/avvdelicias.org\/index.php?rest_route=%2Fwp%2Fv2%2Fmedia&parent=5039"}],"wp:term":[{"taxonomy":"project_category","embeddable":true,"href":"https:\/\/avvdelicias.org\/index.php?rest_route=%2Fwp%2Fv2%2Fproject_category&post=5039"},{"taxonomy":"project_tag","embeddable":true,"href":"https:\/\/avvdelicias.org\/index.php?rest_route=%2Fwp%2Fv2%2Fproject_tag&post=5039"}],"curies":[{"name":"wp","href":"https:\/\/api.w.org\/{rel}","templated":true}]}}

Soy científica. Vivo en tu barrio.

<p>[et_pb_section admin_label=»section»][et_pb_row admin_label=»row»][et_pb_column type=»1_2&#8243;][et_pb_image admin_label=»Imagen» src=»http://avvdelicias.org/wp-content/uploads/2023/02/Cartel11FAVecinal.png» show_in_lightbox=»off» url_new_window=»off» use_overlay=»off» animation=»left» sticky=»off» align=»left» force_fullwidth=»off» always_center_on_mobile=»on» use_border_color=»off» border_color=»#ffffff» border_style=»solid»] [/et_pb_image][et_pb_gallery admin_label=»Galería» gallery_ids=»5040,5041,5042,5043,5044,5045,5046,5047,5048,5049,5050,5051,5052,5053,5054,5055,5056&#8243; fullwidth=»on» show_title_and_caption=»on» show_pagination=»on» background_layout=»light» auto=»off» hover_overlay_color=»rgba(255,255,255,0.9)» use_border_color=»off» border_color=»#ffffff» border_style=»solid»] [/et_pb_gallery][et_pb_video admin_label=»Vídeo» src=»http://avvdelicias.org/wp-content/uploads/2023/02/Exposicion-11F.mov» /][/et_pb_column][et_pb_column type=»1_2&#8243;][et_pb_text admin_label=»Texto» background_layout=»light» text_orientation=»left» use_border_color=»off» border_color=»#ffffff» border_style=»solid»]</p>
<h2 style="font-weight: 400; text-align: justify;"><strong>Soy Científica. Vivo en tu barrio (11F) </strong></h2>
<p style="font-weight: 400;"><strong>Edición 2023</strong></p>
<p style="font-weight: 400; text-align: justify;">La campaña fotográfica <strong><u>“Soy Científica. Vivo en tu barrio”</u></strong> que muestra a 11 científicas de la Universidad de Zaragoza como <strong>referentes reales y cercanos</strong> se podrá disfrutar este año no solo desde los <strong>soportes publicitarios</strong> (mupis) de la ciudad sino también en una muestra <strong>en cubos expositores de gran tamaño, </strong>instalados en un espacio peatonal y céntrico de la capital aragonesa como es la <strong>plaza Santa Engracia, </strong>además de continuar en las redes con el<strong> hashtag #CientíficaEnTuBarrio.</strong></p>
<p style="font-weight: 400; text-align: justify;">Para conmemorar el Día Internacional de la Mujer y la Niña en la Ciencia, 11F, y por tercer año consecutivo, esta iniciativa busca por un lado <strong>reflejar la proximidad y la cercanía con las científicas, como referentes de carne y hueso </strong>y, por otro, romper con <strong>estereotipos contraproducentes</strong>, que presentan a las científicas como <strong>heroínas, frikis o con escasa vida social</strong>, lo que puede desmotivar a las niñas y adolescentes, haciéndoles renunciar a su posible vocación científica.</p>
<p style="font-weight: 400; text-align: justify;">Tanto los mupis, distribuidos en distintos barrios de Zaragoza, como los cubos expositores de la plaza Santa Engracia mostrarán hasta el día 20 de febrero, <strong>fotografías en blanco y negro y de gran formato de 11 científicas de distintas disciplinas que trabajan en la Universidad de Zaragoza</strong>, tomadas fuera del laboratorio, en diversos rincones de la ciudad, sin la característica bata blanca, para revindicar el papel de la mujer en la ciencia, romper con la brecha de género y ofrecer referentes cercanos a las niñas y adolescentes.</p>
<p style="font-weight: 400; text-align: justify;"><strong>Esta muestra gráfica, </strong>diseñada por la <strong>Unidad de Cultura Científica del campus público aragonés, </strong>en colaboración con la Dirección General de Cultura y la Casa de la Mujer del Ayuntamiento de Zaragoza, la Fundación Española para la Ciencia y la Tecnología (FECYT) del Ministerio de Ciencia e Innovación y el Gobierno de Aragón, ha vuelto a salir a las calles de la ciudad, tras la excelente acogida que esta iniciativa registró en las ediciones anteriores, y que nació en un intento de <strong>sortear las limitaciones derivadas de la pandemia por Covid-19.</strong></p>
<p style="font-weight: 400; text-align: justify;">La iniciativa ha sido presentada hoy en la plaza Santa Engracia por el rector de la Universidad de Zaragoza, <strong>José Antonio Mayoral; </strong>la vicerrectora de Política Científica, <strong>Rosa Bolea</strong>; la consejera de Ciencia, Universidad y Sociedad del Conocimiento del Gobierno de Aragón, <strong>Maru Díaz</strong>; la vicealcaldesa y consejera de Cultura y Proyección Exterior del Ayuntamiento de Zaragoza, <strong>Sara Fernández</strong> y la concejala de Mujer e Igualdad del consistorio zaragozano, <strong>María Fe Antoñanzas. </strong>Además ha asistido la directora general de Cultura del Ayuntamiento de Zaragoza, <strong>Elena de Marta </strong>y los directores de los institutos universitarios de investigación propios y mixtos de Unizar</p>
<p style="font-weight: 400; text-align: justify;">La <strong>catedrática de Historia del Arte y</strong> <strong>directora</strong> del Instituto de Investigación en Patrimonio y Humanidades (<strong>IPH</strong>) de la Universidad de Zaragoza, <strong>Concha Lomba</strong>, ha intervenido en este acto, en representación de las científicas de Unizar participantes en la campaña: <strong>María Zúñiga Antón</strong>, Geógrafa, IUCA-UNIZAR; <strong>Mª Ángeles Pérez Ansón, </strong>Ingeniera Industrial, I3A-UNIZAR; <strong>Conchita Garcés Ayerbe</strong>, Economista, IEDIS-UNIZAR; <strong>Beatriz Herguedas Francés</strong>, Bioquímica, BIFI-UNIZAR; <strong>Conchita Martínez Pérez,</strong> Matemática,IUMA-UNIZAR; <strong>Ana M. Geer Ramos</strong>, Química, ISQCH (CSIC-UNIZAR); <strong>Gloria Luzón Marco</strong>, Física, CAPA-UNIZAR y <strong>Lucía Gutiérrez Marruedo</strong>, Química, INMA (CSIC-UNIZAR); <strong>Inma Arauzo Pelet,</strong> Ingeniera Industrial, IUIM CIRCE-UNIZAR.</p>
<p style="font-weight: 400; text-align: justify;">Una vez más, se ha invitado a las investigadoras a posar en diferentes lugares, con un <strong>guiño al mobiliario urbano</strong> de Zaragoza, que revelara la <strong>cotidianeidad, los referentes conocidos o realizando actividades habituales</strong>: paseando con los hijos, tomando un café, comprando queso, yendo en bicicleta, jugando con su perro, recargando la tarjeta del tranvía, visitando un museo, atándose las deportivas para ir a correr o abriendo la puerta de casa, entre otras cuestiones.</p>
<p style="font-weight: 400; text-align: justify;">Por primera vez, y tras la colaboración de las dos ediciones anteriores del fotógrafo Fabián Simón, a partir de ahora se invitará a participar a mujeres profesionales de la fotografía, como en esta edición, que se ha contado con <strong>Chus Marchador.</strong></p>
<p style="font-weight: 400; text-align: justify;">Esta campaña ha recibido una gran acogida desde su puesta en marcha y <strong>varios reconocimientos</strong> – Premio Tercer Milenio Divulgación en Aragón (7 Nov.2022) y segunda actividad de divulgación más innovadora de España dentro de las jornadas anuales de Comunicación de Ciencia en Red (Comcired), con profesionales de las 116 Unidades de Cultura Científica (UCCs), organizadas por la Fundación Española para la Ciencia y la Tecnología (FECYT) del Ministerio de Ciencia e Innovación (octb 2022). Además, en esta semana va a ser <strong>replicada en marquesinas de la ciudad de Vigo</strong>, así como por la <strong>Asociación de vecinos Manuel Viola del barrio de Delicias de Zaragoza</strong>, con una exposición en sus dependencias, y por primera vez también se participa en los <strong>Paseos con ciencia de Escaparates MadeinZgz-11F. </strong></p>
<p style="font-weight: 400; text-align: justify;">Además, las científicas participarán en la mesa redonda “Dialogando con científicas de tu barrio” <strong>este jueves 9, a las 18:30h en la Casa de la Mujer</strong>, y en el Rincón de la ciencia, del <strong>Mercado Agroalimentario de Campus San Francisco</strong> de Unizar, el <strong>viernes, 10, entre las 10:00 y las 12:15h</strong>donde conversarán con alumnado de Secundaria.</p>
<p style="font-weight: 400; text-align: justify;"><strong>También el sábado día 11F, en la plaza Santa Engracia, a las 12:00h</strong>, las científicas conversarán con todo el público que desee acercarse a la exposición en la calle.</p>
<p>[/et_pb_text][/et_pb_column][/et_pb_row][/et_pb_section]</p>

<p>[et_pb_section admin_label=»section»][et_pb_row admin_label=»row»][et_pb_column type=»1_2&#8243;][et_pb_image admin_label=»Imagen» src=»http://avvdelicias.org/wp-content/uploads/2023/02/Cartel11FAVecinal.png» show_in_lightbox=»off» url_new_window=»off» use_overlay=»off» animation=»left» sticky=»off» align=»left» force_fullwidth=»off» always_center_on_mobile=»on» use_border_color=»off» border_color=»#ffffff» border_style=»solid»] [/et_pb_image][et_pb_gallery admin_label=»Galería» gallery_ids=»5040,5041,5042,5043,5044,5045,5046,5047,5048,5049,5050,5051,5052,5053,5054,5055,5056&#8243; fullwidth=»on» show_title_and_caption=»on» show_pagination=»on» background_layout=»light» auto=»off» hover_overlay_color=»rgba(255,255,255,0.9)» use_border_color=»off» border_color=»#ffffff» border_style=»solid»] [/et_pb_gallery][et_pb_video admin_label=»Vídeo» src=»http://avvdelicias.org/wp-content/uploads/2023/02/Exposicion-11F.mov» /][/et_pb_column][et_pb_column type=»1_2&#8243;][et_pb_text admin_label=»Texto» background_layout=»light» text_orientation=»left» use_border_color=»off» border_color=»#ffffff» border_style=»solid»] Soy Científica. Vivo en tu barrio (11F)  Edición 2023 La campaña fotográfica “Soy Científica. Vivo en [&hellip;]</p>
