{"id":5961,"date":"2024-03-21T18:23:31","date_gmt":"2024-03-21T18:23:31","guid":{"rendered":"https:\/\/avvdelicias.org\/?post_type=project&#038;p=5961"},"modified":"2024-03-21T18:23:33","modified_gmt":"2024-03-21T18:23:33","slug":"mejillones-a-la-turca-o-cariocas","status":"publish","type":"project","link":"https:\/\/avvdelicias.org\/?project=mejillones-a-la-turca-o-cariocas","title":{"rendered":"Mejillones a la turca o Cariocas"},"content":{"rendered":"<p>[et_pb_section fb_built=\u00bb1&#8243; _builder_version=\u00bb4.5.3&#8243; _module_preset=\u00bbdefault\u00bb][et_pb_row _builder_version=\u00bb4.5.3&#8243; _module_preset=\u00bbdefault\u00bb column_structure=\u00bb1_2,1_2&#8243;][et_pb_column _builder_version=\u00bb4.5.3&#8243; _module_preset=\u00bbdefault\u00bb type=\u00bb1_2&#8243;][et_pb_image _builder_version=\u00bb4.5.3&#8243; _module_preset=\u00bbdefault\u00bb title_text=\u00bbCariocas\u00bb src=\u00bbhttp:\/\/avvdelicias.org\/wp-content\/uploads\/2024\/03\/Cariocas.jpg\u00bb hover_enabled=\u00bb0&#8243;][\/et_pb_image][\/et_pb_column][et_pb_column _builder_version=\u00bb4.5.3&#8243; _module_preset=\u00bbdefault\u00bb type=\u00bb1_2&#8243;][et_pb_text _builder_version=\u00bb4.5.3&#8243; _module_preset=\u00bbdefault\u00bb hover_enabled=\u00bb0&#8243;]<\/p>\n<h2 style=\"font-weight: 400;\"><strong>MEJILLONES A LA TURCA O CARIOCAS de M\u00aa Jos\u00e9 Gab\u00e1s<\/strong><\/h2>\n<p style=\"font-weight: 400;\">\n<h5 style=\"font-weight: 400;\"><strong>Ingredientes:<\/strong><\/h5>\n<ul style=\"font-weight: 400;\">\n<li>1 kg. mejillones<\/li>\n<li>150 gr. gambas<\/li>\n<li>1 cebolla peque\u00f1a<\/li>\n<li>50 gr. mantequilla<\/li>\n<li>Vino blanco<\/li>\n<li>Sal y pimienta<\/li>\n<li>Leche<\/li>\n<li>2 cucharadas de harina<\/li>\n<li>Huevo y pan rallado para rebozar<\/li>\n<li>Aceite de oliva para fre\u00edr<\/li>\n<\/ul>\n<h5 style=\"font-weight: 400;\"><strong>Preparaci\u00f3n:<\/strong><\/h5>\n<p style=\"font-weight: 400;\">En una cazuela, abrir los mejillones con un poco de vino blanco y extraer los mejillones de la c\u00e1scara.<\/p>\n<p style=\"font-weight: 400;\">Reservar los mejillones y las c\u00e1scaras por separado. Reservar tambi\u00e9n el caldo colado.<\/p>\n<p style=\"font-weight: 400;\">Pelar las gambas y reservar. Con las cabezas y c\u00e1scaras de las gambas hacer un fumet.<\/p>\n<p style=\"font-weight: 400;\">Picar los cuerpos de las gambas y los mejillones.<\/p>\n<p style=\"font-weight: 400;\">En una sart\u00e9n, poner la mantequilla y fre\u00edr la cebolla. Cuando est\u00e9 caramelizada, a\u00f1adir el marisco picado y saltear. Echar dos cucharadas soperas de harina, dar unas vueltas e incorporar la leche, el caldo reservado de los mejillones y el fumet de gambas, para hacer una bechamel espesa.<\/p>\n<p style=\"font-weight: 400;\">Rellenar con esta pasta las c\u00e1scaras de mejillones y dejar enfriar.<\/p>\n<p style=\"font-weight: 400;\">Rebozar con huevo y pan rallado. Fre\u00edr en abundante aceite de oliva.<\/p>\n<p>[\/et_pb_text][\/et_pb_column][\/et_pb_row][\/et_pb_section]<\/p>\n","protected":false},"excerpt":{"rendered":"<p>[et_pb_section fb_built=\u00bb1&#8243; _builder_version=\u00bb4.5.3&#8243; _module_preset=\u00bbdefault\u00bb][et_pb_row _builder_version=\u00bb4.5.3&#8243; _module_preset=\u00bbdefault\u00bb column_structure=\u00bb1_2,1_2&#8243;][et_pb_column _builder_version=\u00bb4.5.3&#8243; _module_preset=\u00bbdefault\u00bb type=\u00bb1_2&#8243;][et_pb_image _builder_version=\u00bb4.5.3&#8243; _module_preset=\u00bbdefault\u00bb title_text=\u00bbCariocas\u00bb src=\u00bbhttp:\/\/avvdelicias.org\/wp-content\/uploads\/2024\/03\/Cariocas.jpg\u00bb hover_enabled=\u00bb0&#8243;][\/et_pb_image][\/et_pb_column][et_pb_column _builder_version=\u00bb4.5.3&#8243; _module_preset=\u00bbdefault\u00bb type=\u00bb1_2&#8243;][et_pb_text _builder_version=\u00bb4.5.3&#8243; _module_preset=\u00bbdefault\u00bb hover_enabled=\u00bb0&#8243;] MEJILLONES A LA TURCA O CARIOCAS de M\u00aa Jos\u00e9 Gab\u00e1s Ingredientes: 1 kg. mejillones 150 gr. gambas 1 cebolla peque\u00f1a 50 gr. mantequilla Vino blanco Sal y pimienta Leche 2 cucharadas de harina Huevo [&hellip;]<\/p>\n","protected":false},"author":2,"featured_media":5959,"comment_status":"open","ping_status":"closed","template":"","meta":{"_et_pb_use_builder":"on","_et_pb_old_content":"","_et_gb_content_width":""},"project_category":[67],"project_tag":[],"_links":{"self":[{"href":"https:\/\/avvdelicias.org\/index.php?rest_route=\/wp\/v2\/project\/5961"}],"collection":[{"href":"https:\/\/avvdelicias.org\/index.php?rest_route=\/wp\/v2\/project"}],"about":[{"href":"https:\/\/avvdelicias.org\/index.php?rest_route=\/wp\/v2\/types\/project"}],"author":[{"embeddable":true,"href":"https:\/\/avvdelicias.org\/index.php?rest_route=\/wp\/v2\/users\/2"}],"replies":[{"embeddable":true,"href":"https:\/\/avvdelicias.org\/index.php?rest_route=%2Fwp%2Fv2%2Fcomments&post=5961"}],"version-history":[{"count":2,"href":"https:\/\/avvdelicias.org\/index.php?rest_route=\/wp\/v2\/project\/5961\/revisions"}],"predecessor-version":[{"id":5964,"href":"https:\/\/avvdelicias.org\/index.php?rest_route=\/wp\/v2\/project\/5961\/revisions\/5964"}],"wp:featuredmedia":[{"embeddable":true,"href":"https:\/\/avvdelicias.org\/index.php?rest_route=\/wp\/v2\/media\/5959"}],"wp:attachment":[{"href":"https:\/\/avvdelicias.org\/index.php?rest_route=%2Fwp%2Fv2%2Fmedia&parent=5961"}],"wp:term":[{"taxonomy":"project_category","embeddable":true,"href":"https:\/\/avvdelicias.org\/index.php?rest_route=%2Fwp%2Fv2%2Fproject_category&post=5961"},{"taxonomy":"project_tag","embeddable":true,"href":"https:\/\/avvdelicias.org\/index.php?rest_route=%2Fwp%2Fv2%2Fproject_tag&post=5961"}],"curies":[{"name":"wp","href":"https:\/\/api.w.org\/{rel}","templated":true}]}}

<p>[et_pb_section fb_built=»1&#8243; _builder_version=»4.5.3&#8243; _module_preset=»default»][et_pb_row _builder_version=»4.5.3&#8243; _module_preset=»default» column_structure=»1_2,1_2&#8243;][et_pb_column _builder_version=»4.5.3&#8243; _module_preset=»default» type=»1_2&#8243;][et_pb_image _builder_version=»4.5.3&#8243; _module_preset=»default» title_text=»Cariocas» src=»http://avvdelicias.org/wp-content/uploads/2024/03/Cariocas.jpg» hover_enabled=»0&#8243;][/et_pb_image][/et_pb_column][et_pb_column _builder_version=»4.5.3&#8243; _module_preset=»default» type=»1_2&#8243;][et_pb_text _builder_version=»4.5.3&#8243; _module_preset=»default» hover_enabled=»0&#8243;]</p>
<h2 style="font-weight: 400;"><strong>MEJILLONES A LA TURCA O CARIOCAS de Mª José Gabás</strong></h2>
<p style="font-weight: 400;">
<h5 style="font-weight: 400;"><strong>Ingredientes:</strong></h5>
<ul style="font-weight: 400;">
<li>1 kg. mejillones</li>
<li>150 gr. gambas</li>
<li>1 cebolla pequeña</li>
<li>50 gr. mantequilla</li>
<li>Vino blanco</li>
<li>Sal y pimienta</li>
<li>Leche</li>
<li>2 cucharadas de harina</li>
<li>Huevo y pan rallado para rebozar</li>
<li>Aceite de oliva para freír</li>
</ul>
<h5 style="font-weight: 400;"><strong>Preparación:</strong></h5>
<p style="font-weight: 400;">En una cazuela, abrir los mejillones con un poco de vino blanco y extraer los mejillones de la cáscara.</p>
<p style="font-weight: 400;">Reservar los mejillones y las cáscaras por separado. Reservar también el caldo colado.</p>
<p style="font-weight: 400;">Pelar las gambas y reservar. Con las cabezas y cáscaras de las gambas hacer un fumet.</p>
<p style="font-weight: 400;">Picar los cuerpos de las gambas y los mejillones.</p>
<p style="font-weight: 400;">En una sartén, poner la mantequilla y freír la cebolla. Cuando esté caramelizada, añadir el marisco picado y saltear. Echar dos cucharadas soperas de harina, dar unas vueltas e incorporar la leche, el caldo reservado de los mejillones y el fumet de gambas, para hacer una bechamel espesa.</p>
<p style="font-weight: 400;">Rellenar con esta pasta las cáscaras de mejillones y dejar enfriar.</p>
<p style="font-weight: 400;">Rebozar con huevo y pan rallado. Freír en abundante aceite de oliva.</p>
<p>[/et_pb_text][/et_pb_column][/et_pb_row][/et_pb_section]</p>

<p>[et_pb_section fb_built=»1&#8243; _builder_version=»4.5.3&#8243; _module_preset=»default»][et_pb_row _builder_version=»4.5.3&#8243; _module_preset=»default» column_structure=»1_2,1_2&#8243;][et_pb_column _builder_version=»4.5.3&#8243; _module_preset=»default» type=»1_2&#8243;][et_pb_image _builder_version=»4.5.3&#8243; _module_preset=»default» title_text=»Cariocas» src=»http://avvdelicias.org/wp-content/uploads/2024/03/Cariocas.jpg» hover_enabled=»0&#8243;][/et_pb_image][/et_pb_column][et_pb_column _builder_version=»4.5.3&#8243; _module_preset=»default» type=»1_2&#8243;][et_pb_text _builder_version=»4.5.3&#8243; _module_preset=»default» hover_enabled=»0&#8243;] MEJILLONES A LA TURCA O CARIOCAS de Mª José Gabás Ingredientes: 1 kg. mejillones 150 gr. gambas 1 cebolla pequeña 50 gr. mantequilla Vino blanco Sal y pimienta Leche 2 cucharadas de harina Huevo [&hellip;]</p>
