{"id":6374,"date":"2024-11-20T10:24:21","date_gmt":"2024-11-20T10:24:21","guid":{"rendered":"https:\/\/avvdelicias.org\/?post_type=project&#038;p=6374"},"modified":"2024-11-20T10:24:24","modified_gmt":"2024-11-20T10:24:24","slug":"6374","status":"publish","type":"project","link":"https:\/\/avvdelicias.org\/?project=6374","title":{"rendered":""},"content":{"rendered":"<p>[et_pb_section fb_built=\u00bb1&#8243; _builder_version=\u00bb3.22&#8243;][et_pb_row _builder_version=\u00bb3.25&#8243; background_size=\u00bbinitial\u00bb background_position=\u00bbtop_left\u00bb background_repeat=\u00bbrepeat\u00bb column_structure=\u00bb1_2,1_2&#8243;][et_pb_column type=\u00bb1_2&#8243; _builder_version=\u00bb3.25&#8243; custom_padding=\u00bb|||\u00bb custom_padding__hover=\u00bb|||\u00bb][et_pb_image _builder_version=\u00bb4.5.3&#8243; _module_preset=\u00bbdefault\u00bb title_text=\u00bbWhatsApp Image 2024-11-20 at 11.00.20&#8243; src=\u00bbhttp:\/\/avvdelicias.org\/wp-content\/uploads\/2024\/11\/WhatsApp-Image-2024-11-20-at-11.00.20.jpeg\u00bb hover_enabled=\u00bb0&#8243;][\/et_pb_image][\/et_pb_column][et_pb_column type=\u00bb1_2&#8243; _builder_version=\u00bb3.25&#8243; custom_padding=\u00bb|||\u00bb custom_padding__hover=\u00bb|||\u00bb][et_pb_text _builder_version=\u00bb4.5.3&#8243; background_size=\u00bbinitial\u00bb background_position=\u00bbtop_left\u00bb background_repeat=\u00bbrepeat\u00bb hover_enabled=\u00bb0&#8243;]<\/p>\n<p>Desde la Asociaci\u00f3n Vecinal Delicias \u00abManuel Viola\u00bb queremos invitaros a participar en las actividades organizadas con motivo del Dia Internacional para la Eliminaci\u00f3n de la Violencia contra la Mujer, que conmemoramos el pr\u00f3ximo lunes 25 de noviembre. Este a\u00f1o hemos preparado una actividad colaborativa muy especial: <em><span style=\"color: #666699;\"><strong>El Arbol de los buenos tratos, si lo cuidadamos crece. <\/strong><\/span><\/em><\/p>\n<p>Este \u00e1rbol estar\u00e1 expuesto en la entrada de la Asociaci\u00f3n como s\u00edmbolo de nuestra uni\u00f3n contra la violencia y nuestro compromiso por construir relaciones basadas en el respeto y la igualdad. Os animamos a dejar vuestra huella en \u00e9l.<\/p>\n<p><span style=\"color: #666699;\"><strong>\u00a1Cada mano cuenta para sembrar el cambio!\u00a0<\/strong><\/span><\/p>\n<p>[\/et_pb_text][\/et_pb_column][\/et_pb_row][\/et_pb_section]<\/p>\n","protected":false},"excerpt":{"rendered":"<p>[et_pb_section fb_built=\u00bb1&#8243; _builder_version=\u00bb3.22&#8243;][et_pb_row _builder_version=\u00bb3.25&#8243; background_size=\u00bbinitial\u00bb background_position=\u00bbtop_left\u00bb background_repeat=\u00bbrepeat\u00bb column_structure=\u00bb1_2,1_2&#8243;][et_pb_column type=\u00bb1_2&#8243; _builder_version=\u00bb3.25&#8243; custom_padding=\u00bb|||\u00bb custom_padding__hover=\u00bb|||\u00bb][et_pb_image _builder_version=\u00bb4.5.3&#8243; _module_preset=\u00bbdefault\u00bb title_text=\u00bbWhatsApp Image 2024-11-20 at 11.00.20&#8243; src=\u00bbhttp:\/\/avvdelicias.org\/wp-content\/uploads\/2024\/11\/WhatsApp-Image-2024-11-20-at-11.00.20.jpeg\u00bb hover_enabled=\u00bb0&#8243;][\/et_pb_image][\/et_pb_column][et_pb_column type=\u00bb1_2&#8243; _builder_version=\u00bb3.25&#8243; custom_padding=\u00bb|||\u00bb custom_padding__hover=\u00bb|||\u00bb][et_pb_text _builder_version=\u00bb4.5.3&#8243; background_size=\u00bbinitial\u00bb background_position=\u00bbtop_left\u00bb background_repeat=\u00bbrepeat\u00bb hover_enabled=\u00bb0&#8243;] Desde la Asociaci\u00f3n Vecinal Delicias \u00abManuel Viola\u00bb queremos invitaros a participar en las actividades organizadas con motivo del Dia Internacional para la Eliminaci\u00f3n de la [&hellip;]<\/p>\n","protected":false},"author":2,"featured_media":6377,"comment_status":"open","ping_status":"closed","template":"","meta":{"_et_pb_use_builder":"on","_et_pb_old_content":"<p>Desde la Asociaci\u00f3n Vecinal Delicias \"Manuel Viola\" queremos invitaros a participar en las actividades organizadas con motivo del Dia Internacional para la Eliminaci\u00f3n de la Violencia contra la Mujer, que conmemoramos el pr\u00f3ximo lunes 25 de noviembre. Este a\u00f1o hemos preparado una actividad colaborativa muy especial: El Arbol de los buenos tratos, si lo cuidad crece. Este \u00e1rbol estar\u00e1 expuesto en la entrada de la Asociaci\u00f3n como s\u00edmbolo de nuestra uni\u00f3n contra la violencia y nuestro compromiso por construir relaciones basadas en el respeto y la igualdad. Os animamos a dejar vuestra huella en \u00e9l. \u00a1Cada mano cuenta para sembrar el cambio! Adjuntamos el cartel con los actos programados.<\/p>","_et_gb_content_width":""},"project_category":[51,50],"project_tag":[],"_links":{"self":[{"href":"https:\/\/avvdelicias.org\/index.php?rest_route=\/wp\/v2\/project\/6374"}],"collection":[{"href":"https:\/\/avvdelicias.org\/index.php?rest_route=\/wp\/v2\/project"}],"about":[{"href":"https:\/\/avvdelicias.org\/index.php?rest_route=\/wp\/v2\/types\/project"}],"author":[{"embeddable":true,"href":"https:\/\/avvdelicias.org\/index.php?rest_route=\/wp\/v2\/users\/2"}],"replies":[{"embeddable":true,"href":"https:\/\/avvdelicias.org\/index.php?rest_route=%2Fwp%2Fv2%2Fcomments&post=6374"}],"version-history":[{"count":4,"href":"https:\/\/avvdelicias.org\/index.php?rest_route=\/wp\/v2\/project\/6374\/revisions"}],"predecessor-version":[{"id":6380,"href":"https:\/\/avvdelicias.org\/index.php?rest_route=\/wp\/v2\/project\/6374\/revisions\/6380"}],"wp:featuredmedia":[{"embeddable":true,"href":"https:\/\/avvdelicias.org\/index.php?rest_route=\/wp\/v2\/media\/6377"}],"wp:attachment":[{"href":"https:\/\/avvdelicias.org\/index.php?rest_route=%2Fwp%2Fv2%2Fmedia&parent=6374"}],"wp:term":[{"taxonomy":"project_category","embeddable":true,"href":"https:\/\/avvdelicias.org\/index.php?rest_route=%2Fwp%2Fv2%2Fproject_category&post=6374"},{"taxonomy":"project_tag","embeddable":true,"href":"https:\/\/avvdelicias.org\/index.php?rest_route=%2Fwp%2Fv2%2Fproject_tag&post=6374"}],"curies":[{"name":"wp","href":"https:\/\/api.w.org\/{rel}","templated":true}]}}

<p>[et_pb_section fb_built=»1&#8243; _builder_version=»3.22&#8243;][et_pb_row _builder_version=»3.25&#8243; background_size=»initial» background_position=»top_left» background_repeat=»repeat» column_structure=»1_2,1_2&#8243;][et_pb_column type=»1_2&#8243; _builder_version=»3.25&#8243; custom_padding=»|||» custom_padding__hover=»|||»][et_pb_image _builder_version=»4.5.3&#8243; _module_preset=»default» title_text=»WhatsApp Image 2024-11-20 at 11.00.20&#8243; src=»http://avvdelicias.org/wp-content/uploads/2024/11/WhatsApp-Image-2024-11-20-at-11.00.20.jpeg» hover_enabled=»0&#8243;][/et_pb_image][/et_pb_column][et_pb_column type=»1_2&#8243; _builder_version=»3.25&#8243; custom_padding=»|||» custom_padding__hover=»|||»][et_pb_text _builder_version=»4.5.3&#8243; background_size=»initial» background_position=»top_left» background_repeat=»repeat» hover_enabled=»0&#8243;]</p>
<p>Desde la Asociación Vecinal Delicias «Manuel Viola» queremos invitaros a participar en las actividades organizadas con motivo del Dia Internacional para la Eliminación de la Violencia contra la Mujer, que conmemoramos el próximo lunes 25 de noviembre. Este año hemos preparado una actividad colaborativa muy especial: <em><span style="color: #666699;"><strong>El Arbol de los buenos tratos, si lo cuidadamos crece. </strong></span></em></p>
<p>Este árbol estará expuesto en la entrada de la Asociación como símbolo de nuestra unión contra la violencia y nuestro compromiso por construir relaciones basadas en el respeto y la igualdad. Os animamos a dejar vuestra huella en él.</p>
<p><span style="color: #666699;"><strong>¡Cada mano cuenta para sembrar el cambio! </strong></span></p>
<p>[/et_pb_text][/et_pb_column][/et_pb_row][/et_pb_section]</p>

<p>[et_pb_section fb_built=»1&#8243; _builder_version=»3.22&#8243;][et_pb_row _builder_version=»3.25&#8243; background_size=»initial» background_position=»top_left» background_repeat=»repeat» column_structure=»1_2,1_2&#8243;][et_pb_column type=»1_2&#8243; _builder_version=»3.25&#8243; custom_padding=»|||» custom_padding__hover=»|||»][et_pb_image _builder_version=»4.5.3&#8243; _module_preset=»default» title_text=»WhatsApp Image 2024-11-20 at 11.00.20&#8243; src=»http://avvdelicias.org/wp-content/uploads/2024/11/WhatsApp-Image-2024-11-20-at-11.00.20.jpeg» hover_enabled=»0&#8243;][/et_pb_image][/et_pb_column][et_pb_column type=»1_2&#8243; _builder_version=»3.25&#8243; custom_padding=»|||» custom_padding__hover=»|||»][et_pb_text _builder_version=»4.5.3&#8243; background_size=»initial» background_position=»top_left» background_repeat=»repeat» hover_enabled=»0&#8243;] Desde la Asociación Vecinal Delicias «Manuel Viola» queremos invitaros a participar en las actividades organizadas con motivo del Dia Internacional para la Eliminación de la [&hellip;]</p>

<p>Desde la Asociación Vecinal Delicias "Manuel Viola" queremos invitaros a participar en las actividades organizadas con motivo del Dia Internacional para la Eliminación de la Violencia contra la Mujer, que conmemoramos el próximo lunes 25 de noviembre. Este año hemos preparado una actividad colaborativa muy especial: El Arbol de los buenos tratos, si lo cuidad crece. Este árbol estará expuesto en la entrada de la Asociación como símbolo de nuestra unión contra la violencia y nuestro compromiso por construir relaciones basadas en el respeto y la igualdad. Os animamos a dejar vuestra huella en él. ¡Cada mano cuenta para sembrar el cambio! Adjuntamos el cartel con los actos programados.</p>
