{"id":6682,"date":"2025-03-13T17:53:05","date_gmt":"2025-03-13T17:53:05","guid":{"rendered":"https:\/\/avvdelicias.org\/?post_type=project&#038;p=6682"},"modified":"2025-03-13T17:55:02","modified_gmt":"2025-03-13T17:55:02","slug":"soy-cientifica-vivo-en-tu-barrio-2","status":"publish","type":"project","link":"https:\/\/avvdelicias.org\/?project=soy-cientifica-vivo-en-tu-barrio-2","title":{"rendered":"SOY CIENT\u00cdFICA. VIVO EN TU BARRIO 2025"},"content":{"rendered":"<p>[et_pb_section fb_built=\u00bb1&#8243; _builder_version=\u00bb4.5.3&#8243; _module_preset=\u00bbdefault\u00bb][et_pb_row column_structure=\u00bb1_2,1_2&#8243; _builder_version=\u00bb4.5.3&#8243; _module_preset=\u00bbdefault\u00bb][et_pb_column type=\u00bb1_2&#8243; _builder_version=\u00bb4.5.3&#8243; _module_preset=\u00bbdefault\u00bb][et_pb_image src=\u00bbhttp:\/\/avvdelicias.org\/wp-content\/uploads\/2025\/02\/cienti.jpg\u00bb title_text=\u00bbcienti\u00bb _builder_version=\u00bb4.5.3&#8243; _module_preset=\u00bbdefault\u00bb][\/et_pb_image][et_pb_image src=\u00bbhttp:\/\/avvdelicias.org\/wp-content\/uploads\/2025\/03\/soy-cientifica-2025-ok-2_Mesa-de-trabajo-1-copia-4.png\u00bb title_text=\u00bbsoy-cientifica-2025-ok-2_Mesa de trabajo 1 copia 4&#8243; _builder_version=\u00bb4.5.3&#8243; _module_preset=\u00bbdefault\u00bb][\/et_pb_image][et_pb_image src=\u00bbhttp:\/\/avvdelicias.org\/wp-content\/uploads\/2025\/03\/soy-cientifica-2025-ok-1_Mesa-de-trabajo-1-copia-7_0.png\u00bb title_text=\u00bbsoy-cientifica-2025-ok-1_Mesa de trabajo 1 copia 7_0&#8243; _builder_version=\u00bb4.5.3&#8243; _module_preset=\u00bbdefault\u00bb][\/et_pb_image][\/et_pb_column][et_pb_column type=\u00bb1_2&#8243; _builder_version=\u00bb4.5.3&#8243; _module_preset=\u00bbdefault\u00bb][et_pb_text _builder_version=\u00bb4.5.3&#8243; _module_preset=\u00bbdefault\u00bb]<\/p>\n<h4><strong>SOY CIENT\u00cdFICA. VIVO EN TU BARRIO.<\/strong><\/h4>\n<p>Por quinto a\u00f1o consecutivo, la Universidad de Zaragoza organiza, en conmemoraci\u00f3n del\u00a0<strong>11F (D\u00eda Internacional de la Mujer y la Ni\u00f1a en la Ciencia)<\/strong>, la campa\u00f1a \u201cSoy Cient\u00edfica. Vivo en tu barrio\u201d, una exposici\u00f3n en la calle, con fotograf\u00edas de gran formato de\u00a0<strong>11 investigadoras<\/strong>, tomadas fuera del laboratorio y realizando actividades cotidianas, para ofrecer\u00a0<strong>referentes reales y cercanos<\/strong> a las ni\u00f1as y adolescentes.<\/p>\n<p>Esta iniciativa busca\u00a0por un lado\u00a0<strong>reflejar la proximidad y la cercan\u00eda con las cient\u00edficas, como referentes de carne y hueso<\/strong> y, por otro, romper con\u00a0<strong>estereotipos contraproducentes<\/strong>, que presentan a las cient\u00edficas como\u00a0<strong>hero\u00ednas, frikis o con escasa vida social<\/strong>, lo que puede desmotivar a las ni\u00f1as y adolescentes, haci\u00e9ndoles renunciar a su posible vocaci\u00f3n cient\u00edfica.<\/p>\n<p>La Asociaci\u00f3n Vecinal Delicias \u00abManuel Viola\u00bb se suma a la campa\u00f1a nuevamente organizando una EXPOSICI\u00d3N Fotogr\u00e1fica en la sede de la Asociaci\u00f3n, que se podr\u00e1 visitar hasta mayo de 2025 en el horario de apertura: De lunes a viernes de 10,00 12,00 h y de lunes a jueves de 17,00 h a 19,00 h.<\/p>\n<p>El jueves 6 de marzo a las 17,30 h se realiz\u00f3 una Mesa Redonda: Conversa con las cient\u00edficas protagonistas.<\/p>\n<p>Compartieron sus experiencias profesionales, sus logros y desaf\u00edos a los que se han tenido que enfrentar a lo largo de sus carreras, con las personas asistentes, que valoraron muy positivamente este encuentro. Se gener\u00f3 un clima de agradable, de apoyo y reconocimiento a las mujeres cient\u00edficas.<\/p>\n<p>Agradecemos a la Universidad de Zaragoza su colaboraci\u00f3n en esta actividad y esperamos seguir contando con su apoyo en futuras ediciones.<\/p>\n<p>&nbsp;<\/p>\n<p>[\/et_pb_text][et_pb_image src=\u00bbhttp:\/\/avvdelicias.org\/wp-content\/uploads\/2025\/03\/soy-cientifica-2025-ok-2_Mesa-de-trabajo-1-copia-5.png\u00bb title_text=\u00bbsoy-cientifica-2025-ok-2_Mesa de trabajo 1 copia 5&#8243; _builder_version=\u00bb4.5.3&#8243; _module_preset=\u00bbdefault\u00bb][\/et_pb_image][et_pb_image src=\u00bbhttp:\/\/avvdelicias.org\/wp-content\/uploads\/2025\/03\/soy-cientifica-2025-ok-2_Mesa-de-trabajo-1-copia-6.png\u00bb title_text=\u00bbsoy-cientifica-2025-ok-2_Mesa de trabajo 1 copia 6&#8243; _builder_version=\u00bb4.5.3&#8243; _module_preset=\u00bbdefault\u00bb][\/et_pb_image][\/et_pb_column][\/et_pb_row][et_pb_row _builder_version=\u00bb4.5.3&#8243; _module_preset=\u00bbdefault\u00bb][et_pb_column type=\u00bb4_4&#8243; _builder_version=\u00bb4.5.3&#8243; _module_preset=\u00bbdefault\u00bb][et_pb_gallery gallery_ids=\u00bb6696,6691,6692,6698,6699,6693,6694,6695,6697&#8243; fullwidth=\u00bbon\u00bb _builder_version=\u00bb4.5.3&#8243; _module_preset=\u00bbdefault\u00bb][\/et_pb_gallery][\/et_pb_column][\/et_pb_row][\/et_pb_section]<\/p>\n","protected":false},"excerpt":{"rendered":"<p>[et_pb_section fb_built=\u00bb1&#8243; _builder_version=\u00bb4.5.3&#8243; _module_preset=\u00bbdefault\u00bb][et_pb_row column_structure=\u00bb1_2,1_2&#8243; _builder_version=\u00bb4.5.3&#8243; _module_preset=\u00bbdefault\u00bb][et_pb_column type=\u00bb1_2&#8243; _builder_version=\u00bb4.5.3&#8243; _module_preset=\u00bbdefault\u00bb][et_pb_image src=\u00bbhttp:\/\/avvdelicias.org\/wp-content\/uploads\/2025\/02\/cienti.jpg\u00bb title_text=\u00bbcienti\u00bb _builder_version=\u00bb4.5.3&#8243; _module_preset=\u00bbdefault\u00bb][\/et_pb_image][et_pb_image src=\u00bbhttp:\/\/avvdelicias.org\/wp-content\/uploads\/2025\/03\/soy-cientifica-2025-ok-2_Mesa-de-trabajo-1-copia-4.png\u00bb title_text=\u00bbsoy-cientifica-2025-ok-2_Mesa de trabajo 1 copia 4&#8243; _builder_version=\u00bb4.5.3&#8243; _module_preset=\u00bbdefault\u00bb][\/et_pb_image][et_pb_image src=\u00bbhttp:\/\/avvdelicias.org\/wp-content\/uploads\/2025\/03\/soy-cientifica-2025-ok-1_Mesa-de-trabajo-1-copia-7_0.png\u00bb title_text=\u00bbsoy-cientifica-2025-ok-1_Mesa de trabajo 1 copia 7_0&#8243; _builder_version=\u00bb4.5.3&#8243; _module_preset=\u00bbdefault\u00bb][\/et_pb_image][\/et_pb_column][et_pb_column type=\u00bb1_2&#8243; _builder_version=\u00bb4.5.3&#8243; _module_preset=\u00bbdefault\u00bb][et_pb_text _builder_version=\u00bb4.5.3&#8243; _module_preset=\u00bbdefault\u00bb] SOY CIENT\u00cdFICA. VIVO EN TU BARRIO. Por quinto a\u00f1o consecutivo, la Universidad de Zaragoza organiza, en conmemoraci\u00f3n del\u00a011F [&hellip;]<\/p>\n","protected":false},"author":2,"featured_media":6653,"comment_status":"open","ping_status":"closed","template":"","meta":{"_et_pb_use_builder":"on","_et_pb_old_content":"","_et_gb_content_width":""},"project_category":[48],"project_tag":[],"_links":{"self":[{"href":"https:\/\/avvdelicias.org\/index.php?rest_route=\/wp\/v2\/project\/6682"}],"collection":[{"href":"https:\/\/avvdelicias.org\/index.php?rest_route=\/wp\/v2\/project"}],"about":[{"href":"https:\/\/avvdelicias.org\/index.php?rest_route=\/wp\/v2\/types\/project"}],"author":[{"embeddable":true,"href":"https:\/\/avvdelicias.org\/index.php?rest_route=\/wp\/v2\/users\/2"}],"replies":[{"embeddable":true,"href":"https:\/\/avvdelicias.org\/index.php?rest_route=%2Fwp%2Fv2%2Fcomments&post=6682"}],"version-history":[{"count":7,"href":"https:\/\/avvdelicias.org\/index.php?rest_route=\/wp\/v2\/project\/6682\/revisions"}],"predecessor-version":[{"id":6706,"href":"https:\/\/avvdelicias.org\/index.php?rest_route=\/wp\/v2\/project\/6682\/revisions\/6706"}],"wp:featuredmedia":[{"embeddable":true,"href":"https:\/\/avvdelicias.org\/index.php?rest_route=\/wp\/v2\/media\/6653"}],"wp:attachment":[{"href":"https:\/\/avvdelicias.org\/index.php?rest_route=%2Fwp%2Fv2%2Fmedia&parent=6682"}],"wp:term":[{"taxonomy":"project_category","embeddable":true,"href":"https:\/\/avvdelicias.org\/index.php?rest_route=%2Fwp%2Fv2%2Fproject_category&post=6682"},{"taxonomy":"project_tag","embeddable":true,"href":"https:\/\/avvdelicias.org\/index.php?rest_route=%2Fwp%2Fv2%2Fproject_tag&post=6682"}],"curies":[{"name":"wp","href":"https:\/\/api.w.org\/{rel}","templated":true}]}}

SOY CIENTÍFICA. VIVO EN TU BARRIO 2025

<p>[et_pb_section fb_built=»1&#8243; _builder_version=»4.5.3&#8243; _module_preset=»default»][et_pb_row column_structure=»1_2,1_2&#8243; _builder_version=»4.5.3&#8243; _module_preset=»default»][et_pb_column type=»1_2&#8243; _builder_version=»4.5.3&#8243; _module_preset=»default»][et_pb_image src=»http://avvdelicias.org/wp-content/uploads/2025/02/cienti.jpg» title_text=»cienti» _builder_version=»4.5.3&#8243; _module_preset=»default»][/et_pb_image][et_pb_image src=»http://avvdelicias.org/wp-content/uploads/2025/03/soy-cientifica-2025-ok-2_Mesa-de-trabajo-1-copia-4.png» title_text=»soy-cientifica-2025-ok-2_Mesa de trabajo 1 copia 4&#8243; _builder_version=»4.5.3&#8243; _module_preset=»default»][/et_pb_image][et_pb_image src=»http://avvdelicias.org/wp-content/uploads/2025/03/soy-cientifica-2025-ok-1_Mesa-de-trabajo-1-copia-7_0.png» title_text=»soy-cientifica-2025-ok-1_Mesa de trabajo 1 copia 7_0&#8243; _builder_version=»4.5.3&#8243; _module_preset=»default»][/et_pb_image][/et_pb_column][et_pb_column type=»1_2&#8243; _builder_version=»4.5.3&#8243; _module_preset=»default»][et_pb_text _builder_version=»4.5.3&#8243; _module_preset=»default»]</p>
<h4><strong>SOY CIENTÍFICA. VIVO EN TU BARRIO.</strong></h4>
<p>Por quinto año consecutivo, la Universidad de Zaragoza organiza, en conmemoración del <strong>11F (Día Internacional de la Mujer y la Niña en la Ciencia)</strong>, la campaña “Soy Científica. Vivo en tu barrio”, una exposición en la calle, con fotografías de gran formato de <strong>11 investigadoras</strong>, tomadas fuera del laboratorio y realizando actividades cotidianas, para ofrecer <strong>referentes reales y cercanos</strong> a las niñas y adolescentes.</p>
<p>Esta iniciativa busca por un lado <strong>reflejar la proximidad y la cercanía con las científicas, como referentes de carne y hueso</strong> y, por otro, romper con <strong>estereotipos contraproducentes</strong>, que presentan a las científicas como <strong>heroínas, frikis o con escasa vida social</strong>, lo que puede desmotivar a las niñas y adolescentes, haciéndoles renunciar a su posible vocación científica.</p>
<p>La Asociación Vecinal Delicias «Manuel Viola» se suma a la campaña nuevamente organizando una EXPOSICIÓN Fotográfica en la sede de la Asociación, que se podrá visitar hasta mayo de 2025 en el horario de apertura: De lunes a viernes de 10,00 12,00 h y de lunes a jueves de 17,00 h a 19,00 h.</p>
<p>El jueves 6 de marzo a las 17,30 h se realizó una Mesa Redonda: Conversa con las científicas protagonistas.</p>
<p>Compartieron sus experiencias profesionales, sus logros y desafíos a los que se han tenido que enfrentar a lo largo de sus carreras, con las personas asistentes, que valoraron muy positivamente este encuentro. Se generó un clima de agradable, de apoyo y reconocimiento a las mujeres científicas.</p>
<p>Agradecemos a la Universidad de Zaragoza su colaboración en esta actividad y esperamos seguir contando con su apoyo en futuras ediciones.</p>
<p>&nbsp;</p>
<p>[/et_pb_text][et_pb_image src=»http://avvdelicias.org/wp-content/uploads/2025/03/soy-cientifica-2025-ok-2_Mesa-de-trabajo-1-copia-5.png» title_text=»soy-cientifica-2025-ok-2_Mesa de trabajo 1 copia 5&#8243; _builder_version=»4.5.3&#8243; _module_preset=»default»][/et_pb_image][et_pb_image src=»http://avvdelicias.org/wp-content/uploads/2025/03/soy-cientifica-2025-ok-2_Mesa-de-trabajo-1-copia-6.png» title_text=»soy-cientifica-2025-ok-2_Mesa de trabajo 1 copia 6&#8243; _builder_version=»4.5.3&#8243; _module_preset=»default»][/et_pb_image][/et_pb_column][/et_pb_row][et_pb_row _builder_version=»4.5.3&#8243; _module_preset=»default»][et_pb_column type=»4_4&#8243; _builder_version=»4.5.3&#8243; _module_preset=»default»][et_pb_gallery gallery_ids=»6696,6691,6692,6698,6699,6693,6694,6695,6697&#8243; fullwidth=»on» _builder_version=»4.5.3&#8243; _module_preset=»default»][/et_pb_gallery][/et_pb_column][/et_pb_row][/et_pb_section]</p>

<p>[et_pb_section fb_built=»1&#8243; _builder_version=»4.5.3&#8243; _module_preset=»default»][et_pb_row column_structure=»1_2,1_2&#8243; _builder_version=»4.5.3&#8243; _module_preset=»default»][et_pb_column type=»1_2&#8243; _builder_version=»4.5.3&#8243; _module_preset=»default»][et_pb_image src=»http://avvdelicias.org/wp-content/uploads/2025/02/cienti.jpg» title_text=»cienti» _builder_version=»4.5.3&#8243; _module_preset=»default»][/et_pb_image][et_pb_image src=»http://avvdelicias.org/wp-content/uploads/2025/03/soy-cientifica-2025-ok-2_Mesa-de-trabajo-1-copia-4.png» title_text=»soy-cientifica-2025-ok-2_Mesa de trabajo 1 copia 4&#8243; _builder_version=»4.5.3&#8243; _module_preset=»default»][/et_pb_image][et_pb_image src=»http://avvdelicias.org/wp-content/uploads/2025/03/soy-cientifica-2025-ok-1_Mesa-de-trabajo-1-copia-7_0.png» title_text=»soy-cientifica-2025-ok-1_Mesa de trabajo 1 copia 7_0&#8243; _builder_version=»4.5.3&#8243; _module_preset=»default»][/et_pb_image][/et_pb_column][et_pb_column type=»1_2&#8243; _builder_version=»4.5.3&#8243; _module_preset=»default»][et_pb_text _builder_version=»4.5.3&#8243; _module_preset=»default»] SOY CIENTÍFICA. VIVO EN TU BARRIO. Por quinto año consecutivo, la Universidad de Zaragoza organiza, en conmemoración del 11F [&hellip;]</p>
