{"id":7183,"date":"2025-11-20T19:06:13","date_gmt":"2025-11-20T19:06:13","guid":{"rendered":"https:\/\/avvdelicias.org\/?post_type=project&#038;p=7183"},"modified":"2025-11-26T17:26:43","modified_gmt":"2025-11-26T17:26:43","slug":"25-noviembre-dia-internacional-de-la-erradicacion-de-la-violencia-contra-las-mujeres","status":"publish","type":"project","link":"https:\/\/avvdelicias.org\/?project=25-noviembre-dia-internacional-de-la-erradicacion-de-la-violencia-contra-las-mujeres","title":{"rendered":"25 Noviembre. D\u00eda Internacional de la erradicaci\u00f3n de la violencia contra las mujeres"},"content":{"rendered":"<p>[et_pb_section fb_built=\u00bb1&#8243; _builder_version=\u00bb4.5.3&#8243; _module_preset=\u00bbdefault\u00bb][et_pb_row column_structure=\u00bb1_2,1_2&#8243; _builder_version=\u00bb4.5.3&#8243; _module_preset=\u00bbdefault\u00bb][et_pb_column type=\u00bb1_2&#8243; _builder_version=\u00bb4.5.3&#8243; _module_preset=\u00bbdefault\u00bb][et_pb_image src=\u00bbhttp:\/\/avvdelicias.org\/wp-content\/uploads\/2025\/11\/cartel-25-noviembre-.png\u00bb title_text=\u00bbcartel 25 noviembre\u00bb _builder_version=\u00bb4.5.3&#8243; _module_preset=\u00bbdefault\u00bb][\/et_pb_image][\/et_pb_column][et_pb_column type=\u00bb1_2&#8243; _builder_version=\u00bb4.5.3&#8243; _module_preset=\u00bbdefault\u00bb][et_pb_text _builder_version=\u00bb4.5.3&#8243; _module_preset=\u00bbdefault\u00bb]<\/p>\n<h1 style=\"font-weight: 400;\"><span style=\"color: #993366;\"><strong>DELICIAS contra las violencias machistas<\/strong><\/span><\/h1>\n<h1 style=\"font-weight: 400;\"><strong>Nuestra voz. M\u00e1s alta. M\u00e1s clara. M\u00e1s fuerte.<\/strong><\/h1>\n<p style=\"font-weight: 400; text-align: justify;\">Desde la Asociaci\u00f3n Vecinal Delicias \u201c<strong><em>Manuel Viola<\/em><\/strong>\u201d hacemos un llamamiento a todos los colectivos, entidades, vecinas y vecinos del barrio.<\/p>\n<p style=\"font-weight: 400; text-align: justify;\">Sabemos que la violencia machista es un problema social estructural que socava los derechos fundamentales y la dignidad humana.<\/p>\n<p style=\"font-weight: 400; text-align: justify;\">Pensamos que la mejor forma de demostrar nuestro rechazo total a esta violencia es uni\u00e9ndonos como barrio comprometido contra las violencias machistas. \u00a0Por eso, el pr\u00f3ximo 25 de noviembre, D\u00eda Internacional para la Eliminaci\u00f3n de la Violencia contra la Mujer, queremos que Delicias hable con una sola voz, alta, clara y fuerte para decir BASTA a todas las formas de violencia que sufren las mujeres.<\/p>\n<p style=\"font-weight: 400; text-align: justify;\">\u00danete y acomp\u00e1\u00f1anos en el acto que estamos preparando para demostrar la fuerza de nuestra comunidad.<\/p>\n<h3><span style=\"font-weight: 400;\">\u00a1Te esperamos\u00a1<\/span><\/h3>\n<p>[\/et_pb_text][et_pb_image _builder_version=\u00bb4.5.3&#8243; _module_preset=\u00bbdefault\u00bb title_text=\u00bbMANIFIESTO\u00bb src=\u00bbhttp:\/\/avvdelicias.org\/wp-content\/uploads\/2025\/11\/MANIFIESTO.jpg\u00bb hover_enabled=\u00bb0&#8243;][\/et_pb_image][\/et_pb_column][\/et_pb_row][\/et_pb_section]<\/p>\n","protected":false},"excerpt":{"rendered":"<p>[et_pb_section fb_built=\u00bb1&#8243; _builder_version=\u00bb4.5.3&#8243; _module_preset=\u00bbdefault\u00bb][et_pb_row column_structure=\u00bb1_2,1_2&#8243; _builder_version=\u00bb4.5.3&#8243; _module_preset=\u00bbdefault\u00bb][et_pb_column type=\u00bb1_2&#8243; _builder_version=\u00bb4.5.3&#8243; _module_preset=\u00bbdefault\u00bb][et_pb_image src=\u00bbhttp:\/\/avvdelicias.org\/wp-content\/uploads\/2025\/11\/cartel-25-noviembre-.png\u00bb title_text=\u00bbcartel 25 noviembre\u00bb _builder_version=\u00bb4.5.3&#8243; _module_preset=\u00bbdefault\u00bb][\/et_pb_image][\/et_pb_column][et_pb_column type=\u00bb1_2&#8243; _builder_version=\u00bb4.5.3&#8243; _module_preset=\u00bbdefault\u00bb][et_pb_text _builder_version=\u00bb4.5.3&#8243; _module_preset=\u00bbdefault\u00bb] DELICIAS contra las violencias machistas Nuestra voz. M\u00e1s alta. M\u00e1s clara. M\u00e1s fuerte. Desde la Asociaci\u00f3n Vecinal Delicias \u201cManuel Viola\u201d hacemos un llamamiento a todos los colectivos, entidades, vecinas y vecinos del barrio. Sabemos [&hellip;]<\/p>\n","protected":false},"author":2,"featured_media":7187,"comment_status":"open","ping_status":"closed","template":"","meta":{"_et_pb_use_builder":"on","_et_pb_old_content":"","_et_gb_content_width":""},"project_category":[51],"project_tag":[],"_links":{"self":[{"href":"https:\/\/avvdelicias.org\/index.php?rest_route=\/wp\/v2\/project\/7183"}],"collection":[{"href":"https:\/\/avvdelicias.org\/index.php?rest_route=\/wp\/v2\/project"}],"about":[{"href":"https:\/\/avvdelicias.org\/index.php?rest_route=\/wp\/v2\/types\/project"}],"author":[{"embeddable":true,"href":"https:\/\/avvdelicias.org\/index.php?rest_route=\/wp\/v2\/users\/2"}],"replies":[{"embeddable":true,"href":"https:\/\/avvdelicias.org\/index.php?rest_route=%2Fwp%2Fv2%2Fcomments&post=7183"}],"version-history":[{"count":5,"href":"https:\/\/avvdelicias.org\/index.php?rest_route=\/wp\/v2\/project\/7183\/revisions"}],"predecessor-version":[{"id":7199,"href":"https:\/\/avvdelicias.org\/index.php?rest_route=\/wp\/v2\/project\/7183\/revisions\/7199"}],"wp:featuredmedia":[{"embeddable":true,"href":"https:\/\/avvdelicias.org\/index.php?rest_route=\/wp\/v2\/media\/7187"}],"wp:attachment":[{"href":"https:\/\/avvdelicias.org\/index.php?rest_route=%2Fwp%2Fv2%2Fmedia&parent=7183"}],"wp:term":[{"taxonomy":"project_category","embeddable":true,"href":"https:\/\/avvdelicias.org\/index.php?rest_route=%2Fwp%2Fv2%2Fproject_category&post=7183"},{"taxonomy":"project_tag","embeddable":true,"href":"https:\/\/avvdelicias.org\/index.php?rest_route=%2Fwp%2Fv2%2Fproject_tag&post=7183"}],"curies":[{"name":"wp","href":"https:\/\/api.w.org\/{rel}","templated":true}]}}

25 Noviembre. Día Internacional de la erradicación de la violencia contra las mujeres

<p>[et_pb_section fb_built=»1&#8243; _builder_version=»4.5.3&#8243; _module_preset=»default»][et_pb_row column_structure=»1_2,1_2&#8243; _builder_version=»4.5.3&#8243; _module_preset=»default»][et_pb_column type=»1_2&#8243; _builder_version=»4.5.3&#8243; _module_preset=»default»][et_pb_image src=»http://avvdelicias.org/wp-content/uploads/2025/11/cartel-25-noviembre-.png» title_text=»cartel 25 noviembre» _builder_version=»4.5.3&#8243; _module_preset=»default»][/et_pb_image][/et_pb_column][et_pb_column type=»1_2&#8243; _builder_version=»4.5.3&#8243; _module_preset=»default»][et_pb_text _builder_version=»4.5.3&#8243; _module_preset=»default»]</p>
<h1 style="font-weight: 400;"><span style="color: #993366;"><strong>DELICIAS contra las violencias machistas</strong></span></h1>
<h1 style="font-weight: 400;"><strong>Nuestra voz. Más alta. Más clara. Más fuerte.</strong></h1>
<p style="font-weight: 400; text-align: justify;">Desde la Asociación Vecinal Delicias “<strong><em>Manuel Viola</em></strong>” hacemos un llamamiento a todos los colectivos, entidades, vecinas y vecinos del barrio.</p>
<p style="font-weight: 400; text-align: justify;">Sabemos que la violencia machista es un problema social estructural que socava los derechos fundamentales y la dignidad humana.</p>
<p style="font-weight: 400; text-align: justify;">Pensamos que la mejor forma de demostrar nuestro rechazo total a esta violencia es uniéndonos como barrio comprometido contra las violencias machistas.  Por eso, el próximo 25 de noviembre, Día Internacional para la Eliminación de la Violencia contra la Mujer, queremos que Delicias hable con una sola voz, alta, clara y fuerte para decir BASTA a todas las formas de violencia que sufren las mujeres.</p>
<p style="font-weight: 400; text-align: justify;">Únete y acompáñanos en el acto que estamos preparando para demostrar la fuerza de nuestra comunidad.</p>
<h3><span style="font-weight: 400;">¡Te esperamos¡</span></h3>
<p>[/et_pb_text][et_pb_image _builder_version=»4.5.3&#8243; _module_preset=»default» title_text=»MANIFIESTO» src=»http://avvdelicias.org/wp-content/uploads/2025/11/MANIFIESTO.jpg» hover_enabled=»0&#8243;][/et_pb_image][/et_pb_column][/et_pb_row][/et_pb_section]</p>

<p>[et_pb_section fb_built=»1&#8243; _builder_version=»4.5.3&#8243; _module_preset=»default»][et_pb_row column_structure=»1_2,1_2&#8243; _builder_version=»4.5.3&#8243; _module_preset=»default»][et_pb_column type=»1_2&#8243; _builder_version=»4.5.3&#8243; _module_preset=»default»][et_pb_image src=»http://avvdelicias.org/wp-content/uploads/2025/11/cartel-25-noviembre-.png» title_text=»cartel 25 noviembre» _builder_version=»4.5.3&#8243; _module_preset=»default»][/et_pb_image][/et_pb_column][et_pb_column type=»1_2&#8243; _builder_version=»4.5.3&#8243; _module_preset=»default»][et_pb_text _builder_version=»4.5.3&#8243; _module_preset=»default»] DELICIAS contra las violencias machistas Nuestra voz. Más alta. Más clara. Más fuerte. Desde la Asociación Vecinal Delicias “Manuel Viola” hacemos un llamamiento a todos los colectivos, entidades, vecinas y vecinos del barrio. Sabemos [&hellip;]</p>
