{"id":849,"date":"2015-08-28T12:58:23","date_gmt":"2015-08-28T12:58:23","guid":{"rendered":"http:\/\/avvdelicias.org\/?post_type=project&#038;p=849"},"modified":"2015-10-20T11:11:13","modified_gmt":"2015-10-20T11:11:13","slug":"el-parque-de-delicias-celebra-su-cumpleanos-mas-multitudinario","status":"publish","type":"project","link":"https:\/\/avvdelicias.org\/?project=el-parque-de-delicias-celebra-su-cumpleanos-mas-multitudinario","title":{"rendered":"20 a\u00f1os del Parque Delicias"},"content":{"rendered":"","protected":false},"excerpt":{"rendered":"","protected":false},"author":1,"featured_media":338,"comment_status":"closed","ping_status":"closed","template":"","meta":{"_et_pb_use_builder":"off","_et_pb_old_content":"<p>Fue una fiesta de cumplea\u00f1os multitudinaria. Cientos de zaragozanos se lo pasaron en grande el martes 23 de junio en los actos organizados por el Grupo de Trabajo Parque Delicias para celebrar el vig\u00e9simo aniversario de este parque.<\/p><p>Desde primera hora de la tarde, muchos ciudadanos se acercaron hasta el parque a disfrutar de las numerosas actividades programadas ese d\u00eda, como la exhibici\u00f3n de barcos en miniatura que surcaron las aguas del estanque entre las caras de asombro y curiosidad de los que all\u00ed est\u00e1bamos. \u00a0Hubo tambi\u00e9n una zona para maquearse y recibir el verano a lo <i>flower power<\/i>, que encant\u00f3 a los chavales; talleres de danza en familia, zumba para mover el esqueleto, una exhibici\u00f3n de rap y una verbena animada por la PAI.<\/p><p>Adem\u00e1s, hubo visitas guiadas a los diferentes pabellones que en la actualidad albergan el Centro de Rehabilitaci\u00f3n Psicosocial Nuestra Se\u00f1ora del Pilar, la sede de ASAPME, el Centro de D\u00eda y Hogar Delicias, el Centro de Convivencia para Mayores \u00a0Terminillo y la Biblioteca Municipal <i>Manuel Alvar.<\/i> La jornada festiva\u00a0 finaliz\u00f3 con el encendido de la tradicional hoguera del solsticio de verano a cargo del presidente de la Asociaci\u00f3n de Vecinos de Delicias <i>Manuel Viola<\/i>, Jos\u00e9 Luis Z\u00fa\u00f1iga, desde un artilugio-gr\u00faa de m\u00e1s de cuatro metros de altura.<\/p><p>Fue un final espectacular para una velada divertida en la que los vecinos de Delicias celebraron el vig\u00e9simo cumplea\u00f1os de su parque y, de paso, lo conocieron un poco mejor.<\/p>","_et_gb_content_width":""},"project_category":[],"project_tag":[],"_links":{"self":[{"href":"https:\/\/avvdelicias.org\/index.php?rest_route=\/wp\/v2\/project\/849"}],"collection":[{"href":"https:\/\/avvdelicias.org\/index.php?rest_route=\/wp\/v2\/project"}],"about":[{"href":"https:\/\/avvdelicias.org\/index.php?rest_route=\/wp\/v2\/types\/project"}],"author":[{"embeddable":true,"href":"https:\/\/avvdelicias.org\/index.php?rest_route=\/wp\/v2\/users\/1"}],"replies":[{"embeddable":true,"href":"https:\/\/avvdelicias.org\/index.php?rest_route=%2Fwp%2Fv2%2Fcomments&post=849"}],"version-history":[{"count":12,"href":"https:\/\/avvdelicias.org\/index.php?rest_route=\/wp\/v2\/project\/849\/revisions"}],"predecessor-version":[{"id":1475,"href":"https:\/\/avvdelicias.org\/index.php?rest_route=\/wp\/v2\/project\/849\/revisions\/1475"}],"wp:featuredmedia":[{"embeddable":true,"href":"https:\/\/avvdelicias.org\/index.php?rest_route=\/wp\/v2\/media\/338"}],"wp:attachment":[{"href":"https:\/\/avvdelicias.org\/index.php?rest_route=%2Fwp%2Fv2%2Fmedia&parent=849"}],"wp:term":[{"taxonomy":"project_category","embeddable":true,"href":"https:\/\/avvdelicias.org\/index.php?rest_route=%2Fwp%2Fv2%2Fproject_category&post=849"},{"taxonomy":"project_tag","embeddable":true,"href":"https:\/\/avvdelicias.org\/index.php?rest_route=%2Fwp%2Fv2%2Fproject_tag&post=849"}],"curies":[{"name":"wp","href":"https:\/\/api.w.org\/{rel}","templated":true}]}}

20 años del Parque Delicias

<p>Fue una fiesta de cumpleaños multitudinaria. Cientos de zaragozanos se lo pasaron en grande el martes 23 de junio en los actos organizados por el Grupo de Trabajo Parque Delicias para celebrar el vigésimo aniversario de este parque.</p><p>Desde primera hora de la tarde, muchos ciudadanos se acercaron hasta el parque a disfrutar de las numerosas actividades programadas ese día, como la exhibición de barcos en miniatura que surcaron las aguas del estanque entre las caras de asombro y curiosidad de los que allí estábamos.  Hubo también una zona para maquearse y recibir el verano a lo <i>flower power</i>, que encantó a los chavales; talleres de danza en familia, zumba para mover el esqueleto, una exhibición de rap y una verbena animada por la PAI.</p><p>Además, hubo visitas guiadas a los diferentes pabellones que en la actualidad albergan el Centro de Rehabilitación Psicosocial Nuestra Señora del Pilar, la sede de ASAPME, el Centro de Día y Hogar Delicias, el Centro de Convivencia para Mayores  Terminillo y la Biblioteca Municipal <i>Manuel Alvar.</i> La jornada festiva  finalizó con el encendido de la tradicional hoguera del solsticio de verano a cargo del presidente de la Asociación de Vecinos de Delicias <i>Manuel Viola</i>, José Luis Zúñiga, desde un artilugio-grúa de más de cuatro metros de altura.</p><p>Fue un final espectacular para una velada divertida en la que los vecinos de Delicias celebraron el vigésimo cumpleaños de su parque y, de paso, lo conocieron un poco mejor.</p>
