{"id":962,"date":"2015-09-23T09:12:21","date_gmt":"2015-09-23T09:12:21","guid":{"rendered":"http:\/\/avvdelicias.org\/?post_type=project&#038;p=962"},"modified":"2015-10-30T09:21:31","modified_gmt":"2015-10-30T09:21:31","slug":"962","status":"publish","type":"project","link":"https:\/\/avvdelicias.org\/?project=962","title":{"rendered":"Chicos y chicas de Delicias realizan un cortometraje sobre  la Adolescencia"},"content":{"rendered":"<p><strong>Zaragoza, (19\/09\/2015) <\/strong>\u2018SKP\u2019 es el t\u00edtulo del cortometraje realizado por j\u00f3venes de 12 a 14 a\u00f1os que participaron este verano en la actividad de AnimArte, organizada por la Asociaci\u00f3n de Vecinos de Delicias <em>Manuel Viola. <\/em>El estreno de la pel\u00edcula se ha llevado a cabo esta semana en los locales de la Asociaci\u00f3n.<\/p>\n<p>El corto, de cuatro minutos de duraci\u00f3n, narra los problemas que actualmente sufren muchos adolescentes a trav\u00e9s de la historia vivencial de su protagonista, una joven que, tras una disputa con sus padres, decide escaparse de casa. La joven, que camina sin rumbo fijo por diferentes enclaves de Delicias, como es el caso del Parque, recuerda con nostalgia sus primeros estudios en el colegio frente a lo traum\u00e1tico que est\u00e1 siendo su paso al instituto para estudiar la ESO, en donde sufre acoso de algunos compa\u00f1eros.<\/p>\n<p>El cortometraje ha sido elaborado por un grupo de trece chavales y chavalas del barrio de Delicias, que el d\u00eda del estreno desfilaron por la correspondiente alfombra roja. En su realizaci\u00f3n,\u00a0 emplearon s\u00f3lo doce horas de trabajo. En ese tiempo, idearon la historia y el personaje, elaboraron el gui\u00f3n, planificaron el rodaje y, finalmente, rodaron las im\u00e1genes. Todos los escenarios que salen en la pel\u00edcula son de Delicias.<\/p>\n<p>Luis Aparicio, gestor cultural y responsable del taller en colaboraci\u00f3n con Claudia Tom\u00e1s, Nadi \u00c1vila y Noelia Bibian,\u00a0 destaca precisamente el hecho de que en tan pocas horas \u201clos chicos y chicas hayan sido capaces de rodar un corto, teniendo en cuenta adem\u00e1s que la mayor\u00eda no sab\u00eda nada de realizaci\u00f3n de cine y ni siquiera qu\u00e9 es un primer plano\u201d. Por este motivo, Luis se muestra \u201cmuy satisfecho\u201d del resultado conseguido con el cortometraje y considera que se han logrado sobradamente los objetivos marcados desde un principio como eran potenciar la creatividad y el trabajo en equipo.<\/p>\n<p><strong>\u00a0<\/strong><\/p>\n<p><strong>Proyecto \u2018Juega y Divi\u00e9rtete en la Asociaci\u00f3n-2015\u2019<\/strong><\/p>\n<p>&nbsp;<\/p>\n<p>Esta actividad, junto a otros talleres organizados este verano por la Asociaci\u00f3n, forman parte de un proyecto de intervenci\u00f3n socio-comunitaria que tiene su justificaci\u00f3n en las singulares caracter\u00edsticas poblacionales del distrito: es el m\u00e1s poblado de Zaragoza, es el que tiene mayor n\u00famero de poblaci\u00f3n de origen extranjero y posee un n\u00famero significativo de ni\u00f1os y ni\u00f1as entre 0 y 14 a\u00f1os.<\/p>\n<p>Este proyecto de intervenci\u00f3n socio-comunitaria en Delicias persigue, entre sus principales objetivos, fomentar la convivencia e integraci\u00f3n a trav\u00e9s de actividades creativas, formativas y de cooperaci\u00f3n, adem\u00e1s de impulsar acciones que fomenten los valores de respeto, responsabilidad, normas, tolerancia, solidaridad y facilitar la inclusi\u00f3n social de grupos vulnerables de la poblaci\u00f3n del barrio.<\/p>\n<p>&nbsp;<\/p>\n<p><a href=\"http:\/\/avvdelicias.org\/wp-content\/uploads\/2015\/09\/fotocorto21.jpg\"><img decoding=\"async\" loading=\"lazy\" class=\"alignnone size-medium wp-image-966\" src=\"http:\/\/avvdelicias.org\/wp-content\/uploads\/2015\/09\/fotocorto21-300x225.jpg\" alt=\"fotocorto2\" width=\"300\" height=\"225\" srcset=\"https:\/\/avvdelicias.org\/wp-content\/uploads\/2015\/09\/fotocorto21-300x225.jpg 300w, https:\/\/avvdelicias.org\/wp-content\/uploads\/2015\/09\/fotocorto21-1024x768.jpg 1024w, https:\/\/avvdelicias.org\/wp-content\/uploads\/2015\/09\/fotocorto21-1080x810.jpg 1080w\" sizes=\"(max-width: 300px) 100vw, 300px\" \/><\/a><\/p>\n","protected":false},"excerpt":{"rendered":"<p>Zaragoza, (19\/09\/2015) \u2018SKP\u2019 es el t\u00edtulo del cortometraje realizado por j\u00f3venes de 12 a 14 a\u00f1os que participaron este verano en la actividad de AnimArte, organizada por la Asociaci\u00f3n de Vecinos de Delicias Manuel Viola. El estreno de la pel\u00edcula se ha llevado a cabo esta semana en los locales de la Asociaci\u00f3n. El corto, [&hellip;]<\/p>\n","protected":false},"author":2,"featured_media":963,"comment_status":"open","ping_status":"closed","template":"","meta":{"_et_pb_use_builder":"off","_et_pb_old_content":"","_et_gb_content_width":""},"project_category":[48],"project_tag":[],"_links":{"self":[{"href":"https:\/\/avvdelicias.org\/index.php?rest_route=\/wp\/v2\/project\/962"}],"collection":[{"href":"https:\/\/avvdelicias.org\/index.php?rest_route=\/wp\/v2\/project"}],"about":[{"href":"https:\/\/avvdelicias.org\/index.php?rest_route=\/wp\/v2\/types\/project"}],"author":[{"embeddable":true,"href":"https:\/\/avvdelicias.org\/index.php?rest_route=\/wp\/v2\/users\/2"}],"replies":[{"embeddable":true,"href":"https:\/\/avvdelicias.org\/index.php?rest_route=%2Fwp%2Fv2%2Fcomments&post=962"}],"version-history":[{"count":9,"href":"https:\/\/avvdelicias.org\/index.php?rest_route=\/wp\/v2\/project\/962\/revisions"}],"predecessor-version":[{"id":1640,"href":"https:\/\/avvdelicias.org\/index.php?rest_route=\/wp\/v2\/project\/962\/revisions\/1640"}],"wp:featuredmedia":[{"embeddable":true,"href":"https:\/\/avvdelicias.org\/index.php?rest_route=\/wp\/v2\/media\/963"}],"wp:attachment":[{"href":"https:\/\/avvdelicias.org\/index.php?rest_route=%2Fwp%2Fv2%2Fmedia&parent=962"}],"wp:term":[{"taxonomy":"project_category","embeddable":true,"href":"https:\/\/avvdelicias.org\/index.php?rest_route=%2Fwp%2Fv2%2Fproject_category&post=962"},{"taxonomy":"project_tag","embeddable":true,"href":"https:\/\/avvdelicias.org\/index.php?rest_route=%2Fwp%2Fv2%2Fproject_tag&post=962"}],"curies":[{"name":"wp","href":"https:\/\/api.w.org\/{rel}","templated":true}]}}

<p><strong>Zaragoza, (19/09/2015) </strong>‘SKP’ es el título del cortometraje realizado por jóvenes de 12 a 14 años que participaron este verano en la actividad de AnimArte, organizada por la Asociación de Vecinos de Delicias <em>Manuel Viola. </em>El estreno de la película se ha llevado a cabo esta semana en los locales de la Asociación.</p>
<p>El corto, de cuatro minutos de duración, narra los problemas que actualmente sufren muchos adolescentes a través de la historia vivencial de su protagonista, una joven que, tras una disputa con sus padres, decide escaparse de casa. La joven, que camina sin rumbo fijo por diferentes enclaves de Delicias, como es el caso del Parque, recuerda con nostalgia sus primeros estudios en el colegio frente a lo traumático que está siendo su paso al instituto para estudiar la ESO, en donde sufre acoso de algunos compañeros.</p>
<p>El cortometraje ha sido elaborado por un grupo de trece chavales y chavalas del barrio de Delicias, que el día del estreno desfilaron por la correspondiente alfombra roja. En su realización,  emplearon sólo doce horas de trabajo. En ese tiempo, idearon la historia y el personaje, elaboraron el guión, planificaron el rodaje y, finalmente, rodaron las imágenes. Todos los escenarios que salen en la película son de Delicias.</p>
<p>Luis Aparicio, gestor cultural y responsable del taller en colaboración con Claudia Tomás, Nadi Ávila y Noelia Bibian,  destaca precisamente el hecho de que en tan pocas horas “los chicos y chicas hayan sido capaces de rodar un corto, teniendo en cuenta además que la mayoría no sabía nada de realización de cine y ni siquiera qué es un primer plano”. Por este motivo, Luis se muestra “muy satisfecho” del resultado conseguido con el cortometraje y considera que se han logrado sobradamente los objetivos marcados desde un principio como eran potenciar la creatividad y el trabajo en equipo.</p>
<p><strong> </strong></p>
<p><strong>Proyecto ‘Juega y Diviértete en la Asociación-2015’</strong></p>
<p>&nbsp;</p>
<p>Esta actividad, junto a otros talleres organizados este verano por la Asociación, forman parte de un proyecto de intervención socio-comunitaria que tiene su justificación en las singulares características poblacionales del distrito: es el más poblado de Zaragoza, es el que tiene mayor número de población de origen extranjero y posee un número significativo de niños y niñas entre 0 y 14 años.</p>
<p>Este proyecto de intervención socio-comunitaria en Delicias persigue, entre sus principales objetivos, fomentar la convivencia e integración a través de actividades creativas, formativas y de cooperación, además de impulsar acciones que fomenten los valores de respeto, responsabilidad, normas, tolerancia, solidaridad y facilitar la inclusión social de grupos vulnerables de la población del barrio.</p>
<p>&nbsp;</p>
<p><a href="http://avvdelicias.org/wp-content/uploads/2015/09/fotocorto21.jpg"><img decoding="async" loading="lazy" class="alignnone size-medium wp-image-966" src="http://avvdelicias.org/wp-content/uploads/2015/09/fotocorto21-300x225.jpg" alt="fotocorto2" width="300" height="225" srcset="https://avvdelicias.org/wp-content/uploads/2015/09/fotocorto21-300x225.jpg 300w, https://avvdelicias.org/wp-content/uploads/2015/09/fotocorto21-1024x768.jpg 1024w, https://avvdelicias.org/wp-content/uploads/2015/09/fotocorto21-1080x810.jpg 1080w" sizes="(max-width: 300px) 100vw, 300px" /></a></p>

<p>Zaragoza, (19/09/2015) ‘SKP’ es el título del cortometraje realizado por jóvenes de 12 a 14 años que participaron este verano en la actividad de AnimArte, organizada por la Asociación de Vecinos de Delicias Manuel Viola. El estreno de la película se ha llevado a cabo esta semana en los locales de la Asociación. El corto, [&hellip;]</p>
